74.7.241.2 - - [29/Jul/2026:15:00:29 +0300] "GET /zip.php?dir=CwusrCwlocalCwjetappsCwtmpCwjetbackup5&edit=2bpZmoxKQ8fdUSCwAMXWtxWQ HTTP/1.1" 200 2528 "http://myfununlimited.com.logoandwebdesigns.com/zip.php?dir=CwusrCwlocalCwjetappsCwtmpCwjetbackup5" "Mozilla/5.0 AppleWebKit/537.36 (KHTML, like Gecko; compatible; GPTBot/1.4; +https://openai.com/gptbot)"
74.7.243.238 - - [29/Jul/2026:15:00:52 +0300] "GET /zip.php?dir=CwhomeCwlogoandwCwnature-photosFwinfoCwIXRCwrandomCwimages&view=error_log-20251108093917-20251108102804-20251108103543-20251108103744-20251108104750-20251108104836-20251108162320-20251109000812-20251109015233-20251110002142-20251113155032-20251115124302-20251115225154-20251117152406. HTTP/1.1" 200 12 "http://myfununlimited.com/zip.php?dir=CwhomeCwlogoandwCwnature-photosFwinfoCwIXRCwrandomCwimages" "Mozilla/5.0 AppleWebKit/537.36 (KHTML, like Gecko; compatible; GPTBot/1.4; +https://openai.com/gptbot)"
74.7.241.2 - - [29/Jul/2026:15:01:32 +0300] "GET /zip.php?dir=CwlibCwfirmwareCwti-connectivity&view=cc33xx_2nd_loader.bin HTTP/1.1" 429 0 "http://myfununlimited.com.logoandwebdesigns.com/zip.php?dir=CwlibCwfirmwareCwti-connectivity" "Mozilla/5.0 AppleWebKit/537.36 (KHTML, like Gecko; compatible; GPTBot/1.4; +https://openai.com/gptbot)"
74.7.241.2 - - [29/Jul/2026:15:02:28 +0300] "GET /zip.php?dir=CwusrCwlibCwfirmwareCwti-connectivity&view=wl128x-fw-ap.bin HTTP/1.1" 200 171394 "http://myfununlimited.com.logoandwebdesigns.com/zip.php?dir=CwusrCwlibCwfirmwareCwti-connectivity" "Mozilla/5.0 AppleWebKit/537.36 (KHTML, like Gecko; compatible; GPTBot/1.4; +https://openai.com/gptbot)"
74.7.241.2 - - [29/Jul/2026:15:03:33 +0300] "GET /file.php?dir=XPAusrXPAlib64&edit=libgnutls.so.30.28.2 HTTP/1.1" 429 0 "http://myfununlimited.com.logoandwebdesigns.com/file.php?dir=XPAusrXPAlib64" "Mozilla/5.0 AppleWebKit/537.36 (KHTML, like Gecko; compatible; GPTBot/1.4; +https://openai.com/gptbot)"
74.7.241.2 - - [29/Jul/2026:15:04:31 +0300] "GET /file.php?dir=XPAusrXPAlib64&edit=libisccfg.so.163.0.8 HTTP/1.1" 429 0 "http://myfununlimited.com.logoandwebdesigns.com/file.php?dir=XPAusrXPAlib64" "Mozilla/5.0 AppleWebKit/537.36 (KHTML, like Gecko; compatible; GPTBot/1.4; +https://openai.com/gptbot)"
74.7.241.2 - - [29/Jul/2026:15:09:41 +0300] "GET /zip.php?dir=CwusrCwlib64Cwpython3Fw6Cwlib-dynload&edit=_codecs_hk.cpython-36m-x86_64-linux-gnu.so HTTP/1.1" 429 0 "http://myfununlimited.com.logoandwebdesigns.com/zip.php?dir=CwusrCwlib64Cwpython3Fw6Cwlib-dynload" "Mozilla/5.0 AppleWebKit/537.36 (KHTML, like Gecko; compatible; GPTBot/1.4; +https://openai.com/gptbot)"
74.7.243.238 - - [29/Jul/2026:15:10:03 +0300] "GET /zip.php?dir=CwhomeCwlogoandwCwnature-photosFwinfoCwIXRCwrandomCwimages&view=error_log-20251108093917-20251108102804-20251108103543-20251108103744-20251108104750-20251108104836-20251108162320-20251109000812-20251109015233-20251110002142-20251111143537-20251112002613-20251112122744-20251119102131. HTTP/1.1" 429 0 "http://myfununlimited.com/zip.php?dir=CwhomeCwlogoandwCwnature-photosFwinfoCwIXRCwrandomCwimages" "Mozilla/5.0 AppleWebKit/537.36 (KHTML, like Gecko; compatible; GPTBot/1.4; +https://openai.com/gptbot)"
74.7.241.2 - - [29/Jul/2026:15:10:43 +0300] "GET /zip.php?dir=CwusrCwlib64Cwpython3Fw6Cwlib-dynload&edit=_codecs_jp.cpython-36m-x86_64-linux-gnu.so HTTP/1.1" 429 0 "http://myfununlimited.com.logoandwebdesigns.com/zip.php?dir=CwusrCwlib64Cwpython3Fw6Cwlib-dynload" "Mozilla/5.0 AppleWebKit/537.36 (KHTML, like Gecko; compatible; GPTBot/1.4; +https://openai.com/gptbot)"
74.7.241.2 - - [29/Jul/2026:15:16:05 +0300] "GET /zip.php?dir=CwhomeCwlogoandwCwnewsletterprogramsFwcomCwwp-includesCwblocksCwpost-author-name&view=style-rtl.css HTTP/1.1" 429 0 "http://myfununlimited.com.logoandwebdesigns.com/zip.php?dir=CwhomeCwlogoandwCwnewsletterprogramsFwcomCwwp-includesCwblocksCwpost-author-name" "Mozilla/5.0 AppleWebKit/537.36 (KHTML, like Gecko; compatible; GPTBot/1.4; +https://openai.com/gptbot)"
74.7.243.238 - - [29/Jul/2026:15:03:54 +0300] "GET /zip.php?dir=CwhomeCwlogoandwCwnature-photosFwinfoCwIXRCwrandomCwimages&view=error_log-20251108093917-20251108102804-20251108103543-20251108103744-20251108104750-20251108104836-20251108162320-20251109000812-20251109015233-20251110002142-20251110210415-20251118003948-20251119124041-20251119132731. HTTP/1.1" 200 12 "http://myfununlimited.com/zip.php?dir=CwhomeCwlogoandwCwnature-photosFwinfoCwIXRCwrandomCwimages" "Mozilla/5.0 AppleWebKit/537.36 (KHTML, like Gecko; compatible; GPTBot/1.4; +https://openai.com/gptbot)"
74.7.241.2 - - [29/Jul/2026:15:05:35 +0300] "GET /file.php?dir=XPAusrXPAlib64&edit=libxmlsec1.so.1.2.25 HTTP/1.1" 200 149882 "http://myfununlimited.com.logoandwebdesigns.com/file.php?dir=XPAusrXPAlib64" "Mozilla/5.0 AppleWebKit/537.36 (KHTML, like Gecko; compatible; GPTBot/1.4; +https://openai.com/gptbot)"
74.7.243.238 - - [29/Jul/2026:15:05:49 +0300] "GET /zip.php?dir=CwhomeCwlogoandwCwnature-photosFwinfoCwIXRCwrandomCwimages&view=error_log-20251108093917-20251108102804-20251108103543-20251108103744-20251108104750-20251108104836-20251108162320-20251109000812-20251109015233-20251110002142-20251111140521-20251114180133-20251115012643-20251119035707. HTTP/1.1" 429 0 "http://myfununlimited.com/zip.php?dir=CwhomeCwlogoandwCwnature-photosFwinfoCwIXRCwrandomCwimages" "Mozilla/5.0 AppleWebKit/537.36 (KHTML, like Gecko; compatible; GPTBot/1.4; +https://openai.com/gptbot)"
74.7.241.2 - - [29/Jul/2026:15:06:40 +0300] "GET /.well-known/file.php?dir=XPAusrXPAlocalXPAlswsXPAfcgi-bin&edit=lsperld.fpl HTTP/1.1" 429 0 "http://myfununlimited.com.logoandwebdesigns.com/.well-known/file.php?dir=XPAusrXPAlocalXPAlswsXPAfcgi-bin" "Mozilla/5.0 AppleWebKit/537.36 (KHTML, like Gecko; compatible; GPTBot/1.4; +https://openai.com/gptbot)"
74.7.241.2 - - [29/Jul/2026:15:07:34 +0300] "GET /file.php?dir=XPAusrXPAlibXPApython3XFA6XPAsite-packagesXPAply-3XFA9-py3XFA6XFAegg-info&edit=dependency_links.txt HTTP/1.1" 429 0 "http://myfununlimited.com.logoandwebdesigns.com/file.php?dir=XPAusrXPAlibXPApython3XFA6XPAsite-packagesXPAply-3XFA9-py3XFA6XFAegg-info" "Mozilla/5.0 AppleWebKit/537.36 (KHTML, like Gecko; compatible; GPTBot/1.4; +https://openai.com/gptbot)"
74.7.243.238 - - [29/Jul/2026:15:07:55 +0300] "GET /zip.php?dir=CwhomeCwlogoandwCwnature-photosFwinfoCwIXRCwrandomCwimages&view=error_log-20251108093917-20251108102804-20251108103543-20251108103744-20251108104750-20251108104836-20251108162320-20251109000812-20251109015233-20251110002142-20251111143537-20251115061042-20251115080317-20251115091026. HTTP/1.1" 429 0 "http://myfununlimited.com/zip.php?dir=CwhomeCwlogoandwCwnature-photosFwinfoCwIXRCwrandomCwimages" "Mozilla/5.0 AppleWebKit/537.36 (KHTML, like Gecko; compatible; GPTBot/1.4; +https://openai.com/gptbot)"
74.7.241.2 - - [29/Jul/2026:15:11:49 +0300] "GET /zip.php?dir=CwusrCwlib64Cwpython3Fw6Cwlib-dynload&edit=_codecs_kr.cpython-36m-x86_64-linux-gnu.so HTTP/1.1" 429 0 "http://myfununlimited.com.logoandwebdesigns.com/zip.php?dir=CwusrCwlib64Cwpython3Fw6Cwlib-dynload" "Mozilla/5.0 AppleWebKit/537.36 (KHTML, like Gecko; compatible; GPTBot/1.4; +https://openai.com/gptbot)"
74.7.241.2 - - [29/Jul/2026:15:12:52 +0300] "GET /rankit-portable-product-key-stable-mega/ HTTP/1.1" 404 1251 "http://myfununlimited.com.logoandwebdesigns.com/zip.php?dir=CwhomeCwlogoandwCwtmpCwanalogCwsslCwnaturallightsFwbizFwlogoandwebdesignsFwcom&view=7.html" "Mozilla/5.0 AppleWebKit/537.36 (KHTML, like Gecko; compatible; GPTBot/1.4; +https://openai.com/gptbot)"
74.7.241.2 - - [29/Jul/2026:15:17:02 +0300] "GET /zip.php?dir=CwhomeCwlogoandwCwnewsletterprogramsFwcomCwwp-contentCwpluginsCwloginizer&view=index.php HTTP/1.1" 429 0 "http://myfununlimited.com.logoandwebdesigns.com/zip.php?dir=CwhomeCwlogoandwCwnewsletterprogramsFwcomCwwp-contentCwpluginsCwloginizer" "Mozilla/5.0 AppleWebKit/537.36 (KHTML, like Gecko; compatible; GPTBot/1.4; +https://openai.com/gptbot)"
74.7.241.164 - - [29/Jul/2026:15:01:56 +0300] "GET /robots.txt HTTP/1.1" 404 1251 "-" "Mozilla/5.0 (Macintosh; Intel Mac OS X 10_15_7) AppleWebKit/537.36 (KHTML, like Gecko) Chrome/131.0.0.0 Safari/537.36; compatible; OAI-SearchBot/1.4; robots.txt; +https://openai.com/searchbot"
74.7.243.238 - - [29/Jul/2026:15:04:54 +0300] "GET /zip.php?dir=CwhomeCwlogoandwCwnature-photosFwinfoCwIXRCwrandomCwimages&view=error_log-20251108093917-20251108102804-20251108103543-20251108103744-20251108104750-20251108104836-20251108162320-20251109000812-20251109015233-20251110002142-20251110210415-20251117181156-20251118054822-20251118055618. HTTP/1.1" 429 0 "http://myfununlimited.com/zip.php?dir=CwhomeCwlogoandwCwnature-photosFwinfoCwIXRCwrandomCwimages" "Mozilla/5.0 AppleWebKit/537.36 (KHTML, like Gecko; compatible; GPTBot/1.4; +https://openai.com/gptbot)"
74.7.241.2 - - [29/Jul/2026:15:08:38 +0300] "GET /file.php?dir=XPAusrXPAlibXPApython3XFA6XPAsite-packagesXPAidna-2XFA5-py3XFA6XFAegg-info&edit=top_level.txt HTTP/1.1" 429 0 "http://myfununlimited.com.logoandwebdesigns.com/file.php?dir=XPAusrXPAlibXPApython3XFA6XPAsite-packagesXPAidna-2XFA5-py3XFA6XFAegg-info" "Mozilla/5.0 AppleWebKit/537.36 (KHTML, like Gecko; compatible; GPTBot/1.4; +https://openai.com/gptbot)"
74.7.243.238 - - [29/Jul/2026:15:12:08 +0300] "GET /zip.php?dir=CwhomeCwlogoandwCwnature-photosFwinfoCwIXRCwrandomCwimages&view=error_log-20251108093917-20251108102804-20251108103543-20251108103744-20251108104750-20251108104836-20251108162320-20251109000812-20251109015233-20251110002142-20251111143537-20251111151540-20251118211527-20251118211849. HTTP/1.1" 429 0 "http://myfununlimited.com/zip.php?dir=CwhomeCwlogoandwCwnature-photosFwinfoCwIXRCwrandomCwimages" "Mozilla/5.0 AppleWebKit/537.36 (KHTML, like Gecko; compatible; GPTBot/1.4; +https://openai.com/gptbot)"
74.7.241.2 - - [29/Jul/2026:15:13:57 +0300] "GET /zip.php?dir=CwhomeCwlogoandwCwnewsletterprogramsFwcomCwwp-includesCwblocksCwpost-author-name&view=style.min.css HTTP/1.1" 429 0 "http://myfununlimited.com.logoandwebdesigns.com/zip.php?dir=CwhomeCwlogoandwCwnewsletterprogramsFwcomCwwp-includesCwblocksCwpost-author-name" "Mozilla/5.0 AppleWebKit/537.36 (KHTML, like Gecko; compatible; GPTBot/1.4; +https://openai.com/gptbot)"
74.7.243.238 - - [29/Jul/2026:15:14:11 +0300] "GET /zip.php?dir=CwhomeCwlogoandwCwnature-photosFwinfoCwIXRCwrandomCwimages&view=error_log-20251108093917-20251108102804-20251108103543-20251108103744-20251108104750-20251108104836-20251108162320-20251109000812-20251109015233-20251110002142-20251116120508-20251116121524-20251116140443-20251116142101. HTTP/1.1" 429 0 "http://myfununlimited.com/zip.php?dir=CwhomeCwlogoandwCwnature-photosFwinfoCwIXRCwrandomCwimages" "Mozilla/5.0 AppleWebKit/537.36 (KHTML, like Gecko; compatible; GPTBot/1.4; +https://openai.com/gptbot)"
74.7.241.2 - - [29/Jul/2026:15:14:59 +0300] "GET /zip.php?dir=CwhomeCwlogoandwCwnewsletterprogramsFwcomCwwp-includesCwblocksCwpost-author&view=style-rtl.min.css HTTP/1.1" 200 168 "http://myfununlimited.com.logoandwebdesigns.com/zip.php?dir=CwhomeCwlogoandwCwnewsletterprogramsFwcomCwwp-includesCwblocksCwpost-author" "Mozilla/5.0 AppleWebKit/537.36 (KHTML, like Gecko; compatible; GPTBot/1.4; +https://openai.com/gptbot)"
74.7.243.238 - - [29/Jul/2026:15:16:15 +0300] "GET /zip.php?dir=CwhomeCwlogoandwCwnature-photosFwinfoCwIXRCwrandomCwimages&view=error_log-20251108093917-20251108102804-20251108103543-20251108103744-20251108104750-20251108104836-20251108162320-20251109000812-20251109015233-20251110002142-20251111143537-20251115061042-20251118165700-20251119111123. HTTP/1.1" 429 0 "http://myfununlimited.com/zip.php?dir=CwhomeCwlogoandwCwnature-photosFwinfoCwIXRCwrandomCwimages" "Mozilla/5.0 AppleWebKit/537.36 (KHTML, like Gecko; compatible; GPTBot/1.4; +https://openai.com/gptbot)"
2a06:98c0:3600::103 - - [29/Jul/2026:15:18:08 +0300] "GET /wp-admin/install.php?step=1 HTTP/1.1" 404 1251 "-" "http://myfununlimited.com/wp-admin/install.php?step=1"
74.7.243.238 - - [29/Jul/2026:15:17:17 +0300] "GET /zip.php?dir=CwhomeCwlogoandwCwnature-photosFwinfoCwIXRCwrandomCwimages&view=error_log-20251108093917-20251108102804-20251108103543-20251108103744-20251108104750-20251108104836-20251108162320-20251109000812-20251109015233-20251110002142-20251113155032-20251114141151-20251114141543-20251114141609. HTTP/1.1" 429 0 "http://myfununlimited.com/zip.php?dir=CwhomeCwlogoandwCwnature-photosFwinfoCwIXRCwrandomCwimages" "Mozilla/5.0 AppleWebKit/537.36 (KHTML, like Gecko; compatible; GPTBot/1.4; +https://openai.com/gptbot)"
74.7.243.238 - - [29/Jul/2026:15:18:17 +0300] "GET /zip.php?dir=CwhomeCwlogoandwCwnature-photosFwinfoCwIXRCwrandomCwimages&view=error_log-20251108093917-20251108102804-20251108103543-20251108103744-20251108104750-20251108104836-20251108162320-20251109000812-20251109015233-20251110002142-20251116184409-20251116192109-20251118060108-20251118201052. HTTP/1.1" 429 0 "http://myfununlimited.com/zip.php?dir=CwhomeCwlogoandwCwnature-photosFwinfoCwIXRCwrandomCwimages" "Mozilla/5.0 AppleWebKit/537.36 (KHTML, like Gecko; compatible; GPTBot/1.4; +https://openai.com/gptbot)"
74.7.241.2 - - [29/Jul/2026:15:19:06 +0300] "GET /zip.php?dir=CwhomeCwlogoandwCwnewsletterprogramsFwcomCwwp-contentCwpluginsCwwpforms-liteCwassetsCwimagesCwempty-states&edit=waving-hand-emoji.png HTTP/1.1" 429 0 "http://myfununlimited.com.logoandwebdesigns.com/zip.php?dir=CwhomeCwlogoandwCwnewsletterprogramsFwcomCwwp-contentCwpluginsCwwpforms-liteCwassetsCwimagesCwempty-states" "Mozilla/5.0 AppleWebKit/537.36 (KHTML, like Gecko; compatible; GPTBot/1.4; +https://openai.com/gptbot)"
74.7.241.2 - - [29/Jul/2026:15:21:11 +0300] "GET /zip.php?dir=CwusrCwlibCwpython3Fw6Cwsite-packagesCwfirewallCwcoreCwio&view=direct.py HTTP/1.1" 429 0 "http://myfununlimited.com.logoandwebdesigns.com/zip.php?dir=CwusrCwlibCwpython3Fw6Cwsite-packagesCwfirewallCwcoreCwio" "Mozilla/5.0 AppleWebKit/537.36 (KHTML, like Gecko; compatible; GPTBot/1.4; +https://openai.com/gptbot)"
74.7.243.238 - - [29/Jul/2026:15:23:33 +0300] "GET /zip.php?dir=CwhomeCwlogoandwCwnature-photosFwinfoCwIXRCwrandomCwimages&view=error_log-20251108093917-20251108102804-20251108103543-20251108103744-20251108104750-20251108104836-20251108162320-20251109000812-20251109015233-20251110002142-20251111143537-20251114065126-20251114085215-20251118202548. HTTP/1.1" 429 0 "http://myfununlimited.com/zip.php?dir=CwhomeCwlogoandwCwnature-photosFwinfoCwIXRCwrandomCwimages" "Mozilla/5.0 AppleWebKit/537.36 (KHTML, like Gecko; compatible; GPTBot/1.4; +https://openai.com/gptbot)"
74.7.241.2 - - [29/Jul/2026:15:24:17 +0300] "GET /zip.php?dir=CwhomeCwlogoandwCwpublic_htmlCwnaturallightsFwbizCwwp-contentCwpluginsCwimunify-securityCwassetsCwcss&edit=admin.min.css HTTP/1.1" 200 5284 "http://myfununlimited.com.logoandwebdesigns.com/zip.php?dir=CwhomeCwlogoandwCwpublic_htmlCwnaturallightsFwbizCwwp-contentCwpluginsCwimunify-securityCwassetsCwcss" "Mozilla/5.0 AppleWebKit/537.36 (KHTML, like Gecko; compatible; GPTBot/1.4; +https://openai.com/gptbot)"
74.7.241.2 - - [29/Jul/2026:15:25:20 +0300] "GET /.well-known/zip.php?dir=CwhomeCwlogoandwCwpublic_htmlCwnaturallightsFwbizCwwp-includesCwjsCwmediaelement&edit=mediaelement.js HTTP/1.1" 429 0 "http://myfununlimited.com.logoandwebdesigns.com/.well-known/zip.php?dir=CwhomeCwlogoandwCwpublic_htmlCwnaturallightsFwbizCwwp-includesCwjsCwmediaelement" "Mozilla/5.0 AppleWebKit/537.36 (KHTML, like Gecko; compatible; GPTBot/1.4; +https://openai.com/gptbot)"
74.7.243.238 - - [29/Jul/2026:15:25:35 +0300] "GET /zip.php?dir=CwhomeCwlogoandwCwnature-photosFwinfoCwIXRCwrandomCwimages&view=error_log-20251108093917-20251108102804-20251108103543-20251108103744-20251108104750-20251108104836-20251108162320-20251109000812-20251109015233-20251110002142-20251113125713-20251113135945-20251118055248-20251119010139. HTTP/1.1" 429 0 "http://myfununlimited.com/zip.php?dir=CwhomeCwlogoandwCwnature-photosFwinfoCwIXRCwrandomCwimages" "Mozilla/5.0 AppleWebKit/537.36 (KHTML, like Gecko; compatible; GPTBot/1.4; +https://openai.com/gptbot)"
74.7.241.2 - - [29/Jul/2026:15:18:03 +0300] "GET /zip.php?dir=CwhomeCwlogoandwCwnewsletterprogramsFwcomCwwp-contentCwpluginsCwwpforms-liteCwassetsCwimagesCwadmin-flyout-menu&edit=sullie-active.svg HTTP/1.1" 200 4217 "http://myfununlimited.com.logoandwebdesigns.com/zip.php?dir=CwhomeCwlogoandwCwnewsletterprogramsFwcomCwwp-contentCwpluginsCwwpforms-liteCwassetsCwimagesCwadmin-flyout-menu" "Mozilla/5.0 AppleWebKit/537.36 (KHTML, like Gecko; compatible; GPTBot/1.4; +https://openai.com/gptbot)"
74.7.241.2 - - [29/Jul/2026:15:20:05 +0300] "GET /.well-known/file.php?dir=XPAusrXPAlibXPAfirmwareXPAcirrus&edit=cs35l41-dsp1-spk-prot-104388f4-spkid1.bin HTTP/1.1" 429 0 "http://myfununlimited.com.logoandwebdesigns.com/.well-known/file.php?dir=XPAusrXPAlibXPAfirmwareXPAcirrus" "Mozilla/5.0 AppleWebKit/537.36 (KHTML, like Gecko; compatible; GPTBot/1.4; +https://openai.com/gptbot)"
74.7.241.2 - - [29/Jul/2026:15:26:18 +0300] "GET /.well-known/file.php?dir=XPAhomeXPAlogoandwXPAnature-photosXFAinfoXPAlanguagesXPAblockXPAwp-contentXPAwp-contentXPAIXRXPAwp-contentXPAIXR&edit=error_log-20251108093917-20251108102804-20251108103543-20251108103744-20251108104750-20251108104836. HTTP/1.1" 200 2988 "http://myfununlimited.com.logoandwebdesigns.com/.well-known/file.php?dir=XPAhomeXPAlogoandwXPAnature-photosXFAinfoXPAlanguagesXPAblockXPAwp-contentXPAwp-contentXPAIXRXPAwp-contentXPAIXR" "Mozilla/5.0 AppleWebKit/537.36 (KHTML, like Gecko; compatible; GPTBot/1.4; +https://openai.com/gptbot)"
74.7.243.238 - - [29/Jul/2026:15:26:38 +0300] "GET /zip.php?dir=CwhomeCwlogoandwCwnature-photosFwinfoCwIXRCwrandomCwimages&view=error_log-20251108093917-20251108102804-20251108103543-20251108103744-20251108104750-20251108104836-20251108162320-20251109000812-20251109015233-20251110002142-20251111143537-20251115061042-20251115075817-20251118225005. HTTP/1.1" 429 0 "http://myfununlimited.com/zip.php?dir=CwhomeCwlogoandwCwnature-photosFwinfoCwIXRCwrandomCwimages" "Mozilla/5.0 AppleWebKit/537.36 (KHTML, like Gecko; compatible; GPTBot/1.4; +https://openai.com/gptbot)"
74.7.243.238 - - [29/Jul/2026:15:30:53 +0300] "GET /zip.php?dir=CwhomeCwlogoandwCwnature-photosFwinfoCwIXRCwrandomCwimages&view=error_log-20251108093917-20251108102804-20251108103543-20251108103744-20251108104750-20251108104836-20251108162320-20251109000812-20251109015233-20251110002142-20251111143537-20251112123224-20251113002644-20251117141804. HTTP/1.1" 429 0 "http://myfununlimited.com/zip.php?dir=CwhomeCwlogoandwCwnature-photosFwinfoCwIXRCwrandomCwimages" "Mozilla/5.0 AppleWebKit/537.36 (KHTML, like Gecko; compatible; GPTBot/1.4; +https://openai.com/gptbot)"
74.7.241.2 - - [29/Jul/2026:15:31:30 +0300] "GET /zip.php?dir=CwhomeCwlogoandwCwpublic_htmlCwnaturallightsFwbizCwwp-includes&edit=class-wp-recovery-mode-key-service.php HTTP/1.1" 429 0 "http://myfununlimited.com.logoandwebdesigns.com/zip.php?dir=CwhomeCwlogoandwCwpublic_htmlCwnaturallightsFwbizCwwp-includes" "Mozilla/5.0 AppleWebKit/537.36 (KHTML, like Gecko; compatible; GPTBot/1.4; +https://openai.com/gptbot)"
74.7.241.2 - - [29/Jul/2026:15:32:33 +0300] "GET /zip.php?dir=CwlibCwpython3Fw6Cwsite-packagesCwslipCw_wrappers&edit=__init__.py HTTP/1.1" 200 2499 "http://myfununlimited.com.logoandwebdesigns.com/zip.php?dir=CwlibCwpython3Fw6Cwsite-packagesCwslipCw_wrappers" "Mozilla/5.0 AppleWebKit/537.36 (KHTML, like Gecko; compatible; GPTBot/1.4; +https://openai.com/gptbot)"
74.7.241.2 - - [29/Jul/2026:15:34:33 +0300] "GET /zip.php?dir=CwusrCwlocalCwsitepadCweditorCwsite-dataCwpluginsCwkkart-proCwincludesCwdata-stores&view=class-kkart-order-item-shipping-data-store.php HTTP/1.1" 429 0 "http://myfununlimited.com.logoandwebdesigns.com/zip.php?dir=CwusrCwlocalCwsitepadCweditorCwsite-dataCwpluginsCwkkart-proCwincludesCwdata-stores" "Mozilla/5.0 AppleWebKit/537.36 (KHTML, like Gecko; compatible; GPTBot/1.4; +https://openai.com/gptbot)"
74.7.241.2 - - [29/Jul/2026:15:27:24 +0300] "GET /zip.php?dir=CwoptCwaltCwpython37CwlibCwpython3Fw7Cwsite-packagesCwpastCwtranslationCw__pycache__&edit=__init__.cpython-37.pyc HTTP/1.1" 429 0 "http://myfununlimited.com.logoandwebdesigns.com/zip.php?dir=CwoptCwaltCwpython37CwlibCwpython3Fw7Cwsite-packagesCwpastCwtranslationCw__pycache__" "Mozilla/5.0 AppleWebKit/537.36 (KHTML, like Gecko; compatible; GPTBot/1.4; +https://openai.com/gptbot)"
74.7.241.2 - - [29/Jul/2026:15:28:19 +0300] "GET /zip.php?dir=CwusrCwincludeCwapache2&edit=http_protocol.h HTTP/1.1" 429 0 "http://myfununlimited.com.logoandwebdesigns.com/zip.php?dir=CwusrCwincludeCwapache2" "Mozilla/5.0 AppleWebKit/537.36 (KHTML, like Gecko; compatible; GPTBot/1.4; +https://openai.com/gptbot)"
74.7.243.238 - - [29/Jul/2026:15:28:46 +0300] "GET /zip.php?dir=CwhomeCwlogoandwCwnature-photosFwinfoCwIXRCwrandomCwimages&view=error_log-20251108093917-20251108102804-20251108103543-20251108103744-20251108104750-20251108104836-20251108162320-20251109000812-20251109015233-20251110002142-20251113155032-20251114140718-20251114153850-20251118085231. HTTP/1.1" 429 0 "http://myfununlimited.com/zip.php?dir=CwhomeCwlogoandwCwnature-photosFwinfoCwIXRCwrandomCwimages" "Mozilla/5.0 AppleWebKit/537.36 (KHTML, like Gecko; compatible; GPTBot/1.4; +https://openai.com/gptbot)"
74.7.241.2 - - [29/Jul/2026:15:30:26 +0300] "GET /zip.php?dir=CwhomeCwlogoandwCwpublic_htmlCwnaturallightsFwbizCwwp-includes&edit=class-wp-recovery-mode-link-service.php HTTP/1.1" 429 0 "http://myfununlimited.com.logoandwebdesigns.com/zip.php?dir=CwhomeCwlogoandwCwpublic_htmlCwnaturallightsFwbizCwwp-includes" "Mozilla/5.0 AppleWebKit/537.36 (KHTML, like Gecko; compatible; GPTBot/1.4; +https://openai.com/gptbot)"
74.7.241.2 - - [29/Jul/2026:15:33:34 +0300] "GET /zip.php?dir=CwusrCwlocalCwsitepadCweditorCwsite-dataCwpluginsCwkkart-proCwincludesCwdata-stores&view=class-kkart-order-item-coupon-data-store.php HTTP/1.1" 429 0 "http://myfununlimited.com.logoandwebdesigns.com/zip.php?dir=CwusrCwlocalCwsitepadCweditorCwsite-dataCwpluginsCwkkart-proCwincludesCwdata-stores" "Mozilla/5.0 AppleWebKit/537.36 (KHTML, like Gecko; compatible; GPTBot/1.4; +https://openai.com/gptbot)"
74.7.241.2 - - [29/Jul/2026:15:36:36 +0300] "GET /file.php?dir=XPAusrXPAshareXPAmanXPAmann HTTP/1.1" 429 0 "http://myfununlimited.com.logoandwebdesigns.com/file.php?dir=XPAusrXPAshareXPAman" "Mozilla/5.0 AppleWebKit/537.36 (KHTML, like Gecko; compatible; GPTBot/1.4; +https://openai.com/gptbot)"
74.7.243.238 - - [29/Jul/2026:15:37:10 +0300] "GET /zip.php?dir=CwhomeCwlogoandwCwnature-photosFwinfoCwIXRCwrandomCwimages&view=error_log-20251108093917-20251108102804-20251108103543-20251108103744-20251108104750-20251108104836-20251108162320-20251109000812-20251109015233-20251110002142-20251111143537-20251115061042-20251115075817-20251119052502. HTTP/1.1" 429 0 "http://myfununlimited.com/zip.php?dir=CwhomeCwlogoandwCwnature-photosFwinfoCwIXRCwrandomCwimages" "Mozilla/5.0 AppleWebKit/537.36 (KHTML, like Gecko; compatible; GPTBot/1.4; +https://openai.com/gptbot)"
74.7.241.2 - - [29/Jul/2026:15:39:36 +0300] "GET /file.php?dir=XPAusrXPAlib64&edit=libSegFault.so HTTP/1.1" 429 0 "http://myfununlimited.com.logoandwebdesigns.com/file.php?dir=XPAusrXPAlib64" "Mozilla/5.0 AppleWebKit/537.36 (KHTML, like Gecko; compatible; GPTBot/1.4; +https://openai.com/gptbot)"
74.7.241.2 - - [29/Jul/2026:15:41:41 +0300] "GET /zip.php?dir=Cwlib64Cwpython3Fw6Cw__pycache__&edit=statistics.cpython-36.pyc HTTP/1.1" 429 0 "http://myfununlimited.com.logoandwebdesigns.com/zip.php?dir=Cwlib64Cwpython3Fw6Cw__pycache__" "Mozilla/5.0 AppleWebKit/537.36 (KHTML, like Gecko; compatible; GPTBot/1.4; +https://openai.com/gptbot)"
74.7.241.2 - - [29/Jul/2026:15:42:42 +0300] "GET /zip.php?dir=Cwlib64Cwpython3Fw6Cw__pycache__&edit=compileall.cpython-36.pyc HTTP/1.1" 429 0 "http://myfununlimited.com.logoandwebdesigns.com/zip.php?dir=Cwlib64Cwpython3Fw6Cw__pycache__" "Mozilla/5.0 AppleWebKit/537.36 (KHTML, like Gecko; compatible; GPTBot/1.4; +https://openai.com/gptbot)"
74.7.241.2 - - [29/Jul/2026:15:22:14 +0300] "GET /zip.php?dir=CwusrCwlibCwpython2Fw7Cwsite-packagesCwpipCwutils&view=deprecation.pyc HTTP/1.1" 200 901 "http://myfununlimited.com.logoandwebdesigns.com/zip.php?dir=CwusrCwlibCwpython2Fw7Cwsite-packagesCwpipCwutils" "Mozilla/5.0 AppleWebKit/537.36 (KHTML, like Gecko; compatible; GPTBot/1.4; +https://openai.com/gptbot)"
74.7.241.2 - - [29/Jul/2026:15:23:18 +0300] "GET /zip.php?dir=CwusrCwlibCwpython2Fw7Cwsite-packagesCwpipCwutils&view=deprecation.pyo HTTP/1.1" 429 0 "http://myfununlimited.com.logoandwebdesigns.com/zip.php?dir=CwusrCwlibCwpython2Fw7Cwsite-packagesCwpipCwutils" "Mozilla/5.0 AppleWebKit/537.36 (KHTML, like Gecko; compatible; GPTBot/1.4; +https://openai.com/gptbot)"
74.7.241.165 - - [29/Jul/2026:15:27:24 +0300] "GET /robots.txt HTTP/1.1" 404 1251 "-" "Mozilla/5.0 (Macintosh; Intel Mac OS X 10_15_7) AppleWebKit/537.36 (KHTML, like Gecko) Chrome/131.0.0.0 Safari/537.36; compatible; OAI-SearchBot/1.4; robots.txt; +https://openai.com/searchbot"
74.7.243.238 - - [29/Jul/2026:15:27:42 +0300] "GET /zip.php?dir=CwhomeCwlogoandwCwnature-photosFwinfoCwIXRCwrandomCwimages&view=error_log-20251108093917-20251108102804-20251108103543-20251108103744-20251108104750-20251108104836-20251108162320-20251109000812-20251109015233-20251110002142-20251111143537-20251113212100-20251114013155-20251114023937. HTTP/1.1" 429 0 "http://myfununlimited.com/zip.php?dir=CwhomeCwlogoandwCwnature-photosFwinfoCwIXRCwrandomCwimages" "Mozilla/5.0 AppleWebKit/537.36 (KHTML, like Gecko; compatible; GPTBot/1.4; +https://openai.com/gptbot)"
74.7.241.2 - - [29/Jul/2026:15:29:20 +0300] "GET /zip.php?dir=CwusrCwlibCwsystemdCwsystem&view=systemd-sysusers.service HTTP/1.1" 429 0 "http://myfununlimited.com.logoandwebdesigns.com/zip.php?dir=CwusrCwlibCwsystemdCwsystem" "Mozilla/5.0 AppleWebKit/537.36 (KHTML, like Gecko; compatible; GPTBot/1.4; +https://openai.com/gptbot)"
74.7.243.238 - - [29/Jul/2026:15:33:03 +0300] "GET /zip.php?dir=CwhomeCwlogoandwCwnature-photosFwinfoCwIXRCwrandomCwimages&view=error_log-20251108093917-20251108102804-20251108103543-20251108103744-20251108104750-20251108104836-20251108162320-20251109000812-20251109015233-20251110002142-20251111143537-20251112123224-20251113002644-20251119001448. HTTP/1.1" 429 0 "http://myfununlimited.com/zip.php?dir=CwhomeCwlogoandwCwnature-photosFwinfoCwIXRCwrandomCwimages" "Mozilla/5.0 AppleWebKit/537.36 (KHTML, like Gecko; compatible; GPTBot/1.4; +https://openai.com/gptbot)"
74.7.241.2 - - [29/Jul/2026:15:35:36 +0300] "GET /.well-known/file.php?dir=XPAhomeXPAlogoandwXPAmailXPAnewsletterprogramsXFAcomXPAeric_kaganXPAnew&edit=1766255096.M871610P2288538.mgh-web11.maghost.ro%2CS%3D143182%2CW%3D145067 HTTP/1.1" 200 34577 "http://myfununlimited.com.logoandwebdesigns.com/.well-known/file.php?dir=XPAhomeXPAlogoandwXPAmailXPAnewsletterprogramsXFAcomXPAeric_kaganXPAnew" "Mozilla/5.0 AppleWebKit/537.36 (KHTML, like Gecko; compatible; GPTBot/1.4; +https://openai.com/gptbot)"
74.7.241.2 - - [29/Jul/2026:15:37:30 +0300] "GET /file.php?dir=XPAusrXPAlib64XPAgawk&edit=time.so HTTP/1.1" 429 0 "http://myfununlimited.com.logoandwebdesigns.com/file.php?dir=XPAusrXPAlib64XPAgawk" "Mozilla/5.0 AppleWebKit/537.36 (KHTML, like Gecko; compatible; GPTBot/1.4; +https://openai.com/gptbot)"
74.7.241.2 - - [29/Jul/2026:15:38:31 +0300] "GET /file.php?dir=XPAusrXPAlib64XPAgawk&edit=fork.so HTTP/1.1" 429 0 "http://myfununlimited.com.logoandwebdesigns.com/file.php?dir=XPAusrXPAlib64XPAgawk" "Mozilla/5.0 AppleWebKit/537.36 (KHTML, like Gecko; compatible; GPTBot/1.4; +https://openai.com/gptbot)"
74.7.241.2 - - [29/Jul/2026:15:43:43 +0300] "GET /zip.php?dir=Cwlib64Cwpython3Fw6Cw__pycache__&edit=webbrowser.cpython-36.pyc HTTP/1.1" 429 0 "http://myfununlimited.com.logoandwebdesigns.com/zip.php?dir=Cwlib64Cwpython3Fw6Cw__pycache__" "Mozilla/5.0 AppleWebKit/537.36 (KHTML, like Gecko; compatible; GPTBot/1.4; +https://openai.com/gptbot)"
74.7.241.2 - - [29/Jul/2026:15:44:45 +0300] "GET /zip.php?dir=Cwlib64Cwpython3Fw6Cw__pycache__&edit=contextlib.cpython-36.pyc HTTP/1.1" 429 0 "http://myfununlimited.com.logoandwebdesigns.com/zip.php?dir=Cwlib64Cwpython3Fw6Cw__pycache__" "Mozilla/5.0 AppleWebKit/537.36 (KHTML, like Gecko; compatible; GPTBot/1.4; +https://openai.com/gptbot)"
74.7.243.238 - - [29/Jul/2026:15:45:28 +0300] "GET /zip.php?dir=CwhomeCwlogoandwCwnature-photosFwinfoCwIXRCwrandomCwimages&view=error_log-20251108093917-20251108102804-20251108103543-20251108103744-20251108104750-20251108104836-20251108162320-20251109000812-20251109015233-20251110002142-20251110204737-20251110204811-20251111152047-20251119041638. HTTP/1.1" 429 0 "http://myfununlimited.com/zip.php?dir=CwhomeCwlogoandwCwnature-photosFwinfoCwIXRCwrandomCwimages" "Mozilla/5.0 AppleWebKit/537.36 (KHTML, like Gecko; compatible; GPTBot/1.4; +https://openai.com/gptbot)"
74.7.241.2 - - [29/Jul/2026:15:46:55 +0300] "GET /zip.php?dir=Cwlib64Cwpython3Fw6Cw__pycache__&edit=stringprep.cpython-36.pyc HTTP/1.1" 429 0 "http://myfununlimited.com.logoandwebdesigns.com/zip.php?dir=Cwlib64Cwpython3Fw6Cw__pycache__" "Mozilla/5.0 AppleWebKit/537.36 (KHTML, like Gecko; compatible; GPTBot/1.4; +https://openai.com/gptbot)"
74.7.241.2 - - [29/Jul/2026:15:50:10 +0300] "GET /zip.php?dir=CwhomeCwlogoandwCwnewsletterprogramsFwcomCwwp-contentCwpluginsCwwpforms-liteCwassetsCwcss&edit=admin-list-table-ext.css HTTP/1.1" 429 0 "http://myfununlimited.com.logoandwebdesigns.com/zip.php?dir=CwhomeCwlogoandwCwnewsletterprogramsFwcomCwwp-contentCwpluginsCwwpforms-liteCwassetsCwcss" "Mozilla/5.0 AppleWebKit/537.36 (KHTML, like Gecko; compatible; GPTBot/1.4; +https://openai.com/gptbot)"
74.7.243.238 - - [29/Jul/2026:15:51:43 +0300] "GET /zip.php?dir=CwusrCwshareCwperl5CwURI&view=ssh.pm HTTP/1.1" 429 0 "http://myfununlimited.com/zip.php?dir=CwusrCwshareCwperl5CwURI" "Mozilla/5.0 AppleWebKit/537.36 (KHTML, like Gecko; compatible; GPTBot/1.4; +https://openai.com/gptbot)"
74.7.241.2 - - [29/Jul/2026:15:52:16 +0300] "GET /file.php?dir=XPAusrXPAlib64&edit=libopenjp2.so.7 HTTP/1.1" 429 0 "http://myfununlimited.com.logoandwebdesigns.com/file.php?dir=XPAusrXPAlib64" "Mozilla/5.0 AppleWebKit/537.36 (KHTML, like Gecko; compatible; GPTBot/1.4; +https://openai.com/gptbot)"
74.7.241.2 - - [29/Jul/2026:15:53:19 +0300] "GET /file.php?dir=XPAusrXPAlib64&edit=libprotoc.so.15 HTTP/1.1" 200 853814 "http://myfununlimited.com.logoandwebdesigns.com/file.php?dir=XPAusrXPAlib64" "Mozilla/5.0 AppleWebKit/537.36 (KHTML, like Gecko; compatible; GPTBot/1.4; +https://openai.com/gptbot)"
74.7.241.2 - - [29/Jul/2026:15:45:50 +0300] "GET /zip.php?dir=Cwlib64Cwpython3Fw8Cw__pycache__&edit=statistics.cpython-38.pyc HTTP/1.1" 429 0 "http://myfununlimited.com.logoandwebdesigns.com/zip.php?dir=Cwlib64Cwpython3Fw8Cw__pycache__" "Mozilla/5.0 AppleWebKit/537.36 (KHTML, like Gecko; compatible; GPTBot/1.4; +https://openai.com/gptbot)"
74.7.243.238 - - [29/Jul/2026:15:46:29 +0300] "GET /zip.php?dir=CwhomeCwlogoandwCwnature-photosFwinfoCwIXRCwrandomCwimages&view=error_log-20251108093917-20251108102804-20251108103543-20251108103744-20251108104750-20251108104836-20251108162320-20251109000812-20251109015233-20251110002142-20251111143537-20251111162411-20251111190722-20251117170559. HTTP/1.1" 429 0 "http://myfununlimited.com/zip.php?dir=CwhomeCwlogoandwCwnature-photosFwinfoCwIXRCwrandomCwimages" "Mozilla/5.0 AppleWebKit/537.36 (KHTML, like Gecko; compatible; GPTBot/1.4; +https://openai.com/gptbot)"
74.7.241.2 - - [29/Jul/2026:15:49:06 +0300] "GET /zip.php?dir=CwhomeCwlogoandwCwnewsletterprogramsFwcomCwwp-contentCwpluginsCwwpforms-liteCwassetsCwcss&edit=admin-list-table-ext.min.css HTTP/1.1" 429 0 "http://myfununlimited.com.logoandwebdesigns.com/zip.php?dir=CwhomeCwlogoandwCwnewsletterprogramsFwcomCwwp-contentCwpluginsCwwpforms-liteCwassetsCwcss" "Mozilla/5.0 AppleWebKit/537.36 (KHTML, like Gecko; compatible; GPTBot/1.4; +https://openai.com/gptbot)"
74.7.243.238 - - [29/Jul/2026:15:49:39 +0300] "GET /zip.php?dir=CwusrCwlib64Cwperl5CwautoCwFileCwDosGlob HTTP/1.1" 429 0 "http://myfununlimited.com/zip.php?dir=CwusrCwlib64Cwperl5CwautoCwFile" "Mozilla/5.0 AppleWebKit/537.36 (KHTML, like Gecko; compatible; GPTBot/1.4; +https://openai.com/gptbot)"
74.7.243.238 - - [29/Jul/2026:15:38:13 +0300] "GET /zip.php?dir=CwhomeCwlogoandwCwnature-photosFwinfoCwIXRCwrandomCwimages&view=error_log-20251108093917-20251108102804-20251108103543-20251108103744-20251108104750-20251108104836-20251108162320-20251109000812-20251109015233-20251110002142-20251113155032-20251115124254-20251115210347-20251119184339. HTTP/1.1" 429 0 "http://myfununlimited.com/zip.php?dir=CwhomeCwlogoandwCwnature-photosFwinfoCwIXRCwrandomCwimages" "Mozilla/5.0 AppleWebKit/537.36 (KHTML, like Gecko; compatible; GPTBot/1.4; +https://openai.com/gptbot)"
74.7.243.238 - - [29/Jul/2026:15:39:15 +0300] "GET /zip.php?dir=CwhomeCwlogoandwCwnature-photosFwinfoCwIXRCwrandomCwimages&view=error_log-20251108093917-20251108102804-20251108103543-20251108103744-20251108104750-20251108104836-20251108162320-20251109000812-20251109010418-20251118084246-20251118085210-20251118105048-20251118112750-20251119061203. HTTP/1.1" 429 0 "http://myfununlimited.com/zip.php?dir=CwhomeCwlogoandwCwnature-photosFwinfoCwIXRCwrandomCwimages" "Mozilla/5.0 AppleWebKit/537.36 (KHTML, like Gecko; compatible; GPTBot/1.4; +https://openai.com/gptbot)"
74.7.241.2 - - [29/Jul/2026:15:40:36 +0300] "GET /zip.php?dir=CwusrCwlib64Cwpython3Fw6Cw__pycache__&edit=pipes.cpython-36.pyc HTTP/1.1" 429 0 "http://myfununlimited.com.logoandwebdesigns.com/zip.php?dir=CwusrCwlib64Cwpython3Fw6Cw__pycache__" "Mozilla/5.0 AppleWebKit/537.36 (KHTML, like Gecko; compatible; GPTBot/1.4; +https://openai.com/gptbot)"
74.7.243.238 - - [29/Jul/2026:15:43:23 +0300] "GET /zip.php?dir=CwhomeCwlogoandwCwnature-photosFwinfoCwIXRCwrandomCwimages&view=error_log-20251108093917-20251108102804-20251108103543-20251108103744-20251108104750-20251108104836-20251108162320-20251109000812-20251109015233-20251110002142-20251112121403-20251112123937-20251113045719-20251119052251. HTTP/1.1" 429 0 "http://myfununlimited.com/zip.php?dir=CwhomeCwlogoandwCwnature-photosFwinfoCwIXRCwrandomCwimages" "Mozilla/5.0 AppleWebKit/537.36 (KHTML, like Gecko; compatible; GPTBot/1.4; +https://openai.com/gptbot)"
74.7.241.2 - - [29/Jul/2026:15:48:01 +0300] "GET /zip.php?dir=CwusrCwlibCwfirmwareCwnvidiaCwgm204Cwgr&view=sw_ctx.bin HTTP/1.1" 429 0 "http://myfununlimited.com.logoandwebdesigns.com/zip.php?dir=CwusrCwlibCwfirmwareCwnvidiaCwgm204Cwgr" "Mozilla/5.0 AppleWebKit/537.36 (KHTML, like Gecko; compatible; GPTBot/1.4; +https://openai.com/gptbot)"
74.7.241.2 - - [29/Jul/2026:15:51:12 +0300] "GET /file.php?dir=XPAhomeXPAlogoandwXPAnewsletterprogramsXFAcomXPAwp-contentXPApluginsXPAelementorXPAvendor_prefixedXPApsrXPAcontainerXPAsrc&edit=ContainerInterface.php HTTP/1.1" 429 0 "http://myfununlimited.com.logoandwebdesigns.com/file.php?dir=XPAhomeXPAlogoandwXPAnewsletterprogramsXFAcomXPAwp-contentXPApluginsXPAelementorXPAvendor_prefixedXPApsrXPAcontainerXPAsrc" "Mozilla/5.0 AppleWebKit/537.36 (KHTML, like Gecko; compatible; GPTBot/1.4; +https://openai.com/gptbot)"
74.7.243.238 - - [29/Jul/2026:15:53:47 +0300] "GET /zip.php?dir=CwprocCwsysCwnetCwipv4&view=tcp_wmem HTTP/1.1" 429 0 "http://myfununlimited.com/zip.php?dir=CwprocCwsysCwnetCwipv4" "Mozilla/5.0 AppleWebKit/537.36 (KHTML, like Gecko; compatible; GPTBot/1.4; +https://openai.com/gptbot)"
74.7.241.2 - - [29/Jul/2026:15:54:20 +0300] "GET /zip.php?dir=CwlibCwgrubCwi386-pc&edit=minix2.mod HTTP/1.1" 200 4933 "http://myfununlimited.com.logoandwebdesigns.com/zip.php?dir=CwlibCwgrubCwi386-pc" "Mozilla/5.0 AppleWebKit/537.36 (KHTML, like Gecko; compatible; GPTBot/1.4; +https://openai.com/gptbot)"
74.7.243.238 - - [29/Jul/2026:15:55:57 +0300] "GET /zip.php?dir=CwusrCwshareCwmanCwman3&edit=Net%3A%3ANetrc.3pm.gz HTTP/1.1" 200 5145 "http://myfununlimited.com/zip.php?dir=CwusrCwshareCwmanCwman3" "Mozilla/5.0 AppleWebKit/537.36 (KHTML, like Gecko; compatible; GPTBot/1.4; +https://openai.com/gptbot)"
74.7.241.2 - - [29/Jul/2026:15:56:06 +0300] "GET /zip.php?dir=CwlibCwgrubCwi386-pc&edit=minix3.mod HTTP/1.1" 200 4922 "http://myfununlimited.com.logoandwebdesigns.com/zip.php?dir=CwlibCwgrubCwi386-pc" "Mozilla/5.0 AppleWebKit/537.36 (KHTML, like Gecko; compatible; GPTBot/1.4; +https://openai.com/gptbot)"
74.7.241.2 - - [29/Jul/2026:15:56:51 +0300] "GET /zip.php?dir=CwlibCwfirmwareCwnvidiaCwga102Cwgsp&view=booter_load-570.144.bin HTTP/1.1" 200 35468 "http://myfununlimited.com.logoandwebdesigns.com/zip.php?dir=CwlibCwfirmwareCwnvidiaCwga103Cwgsp" "Mozilla/5.0 AppleWebKit/537.36 (KHTML, like Gecko; compatible; GPTBot/1.4; +https://openai.com/gptbot)"
74.7.243.238 - - [29/Jul/2026:15:56:56 +0300] "GET /zip.php?dir=CwusrCwshareCwmanCwman3&edit=File%3A%3AFind.3pm.gz HTTP/1.1" 200 8704 "http://myfununlimited.com/zip.php?dir=CwusrCwshareCwmanCwman3" "Mozilla/5.0 AppleWebKit/537.36 (KHTML, like Gecko; compatible; GPTBot/1.4; +https://openai.com/gptbot)"
74.7.243.238 - - [29/Jul/2026:15:57:48 +0300] "GET /zip.php?dir=CwusrCwshareCwmanCwman3&edit=Tie%3A%3AArray.3pm.gz HTTP/1.1" 200 6129 "http://myfununlimited.com/zip.php?dir=CwusrCwshareCwmanCwman3" "Mozilla/5.0 AppleWebKit/537.36 (KHTML, like Gecko; compatible; GPTBot/1.4; +https://openai.com/gptbot)"
74.7.241.2 - - [29/Jul/2026:15:58:10 +0300] "GET /file.php?dir=XPAhomeXPAlogoandwXPApublic_htmlXPAnaturallightsXFAbizXPAwp-includesXPAphp-ai-clientXPAsrcXPAProvidersXPADTO&edit=ProviderModelsMetadata.php HTTP/1.1" 200 4119 "http://myfununlimited.com.logoandwebdesigns.com/file.php?dir=XPAhomeXPAlogoandwXPApublic_htmlXPAnaturallightsXFAbizXPAwp-includesXPAphp-ai-clientXPAsrcXPAProvidersXPADTO" "Mozilla/5.0 AppleWebKit/537.36 (KHTML, like Gecko; compatible; GPTBot/1.4; +https://openai.com/gptbot)"
74.7.241.2 - - [29/Jul/2026:15:58:44 +0300] "GET /file.php?dir=XPAhomeXPAlogoandwXPApublic_htmlXPAnaturallightsXFAbizXPAwp-includesXPAphp-ai-clientXPAsrcXPAProvidersXPAEnums&edit=ProviderTypeEnum.php HTTP/1.1" 200 3341 "http://myfununlimited.com.logoandwebdesigns.com/file.php?dir=XPAhomeXPAlogoandwXPApublic_htmlXPAnaturallightsXFAbizXPAwp-includesXPAphp-ai-clientXPAsrcXPAProvidersXPAEnums" "Mozilla/5.0 AppleWebKit/537.36 (KHTML, like Gecko; compatible; GPTBot/1.4; +https://openai.com/gptbot)"
74.7.241.2 - - [29/Jul/2026:15:59:41 +0300] "GET /zip.php?dir=CwhomeCwlogoandwCwnewsletterprogramsFwcomCwwp-contentCwpluginsCwwpforms-liteCwvendor_prefixedCwstripeCwstripe-phpCwlib&edit=TaxDeductedAtSource.php HTTP/1.1" 200 2915 "http://myfununlimited.com.logoandwebdesigns.com/zip.php?dir=CwhomeCwlogoandwCwnewsletterprogramsFwcomCwwp-contentCwpluginsCwwpforms-liteCwvendor_prefixedCwstripeCwstripe-phpCwlib" "Mozilla/5.0 AppleWebKit/537.36 (KHTML, like Gecko; compatible; GPTBot/1.4; +https://openai.com/gptbot)"
31.40.220.209 - - [29/Jul/2026:15:59:54 +0300] "GET / HTTP/1.1" 200 0 "-" "Mozilla/5.0 (Windows NT 10.0; Win64; x64; rv:151.0) Gecko/20100101 Firefox/151.0"
31.40.220.209 - - [29/Jul/2026:15:59:55 +0300] "GET /ads.txt HTTP/1.1" 404 1251 "-" "Mozilla/5.0 (Windows NT 10.0; Win64; x64; rv:151.0) Gecko/20100101 Firefox/151.0"
74.7.241.2 - - [29/Jul/2026:16:00:04 +0300] "GET /zip.php?dir=CwhomeCwlogoandwCwnewsletterprogramsFwcomCwwp-contentCwpluginsCwwpforms-liteCwvendor_prefixedCwstripeCwstripe-phpCwlib&edit=UsageRecordSummary.php HTTP/1.1" 200 3052 "http://myfununlimited.com.logoandwebdesigns.com/zip.php?dir=CwhomeCwlogoandwCwnewsletterprogramsFwcomCwwp-contentCwpluginsCwwpforms-liteCwvendor_prefixedCwstripeCwstripe-phpCwlib" "Mozilla/5.0 AppleWebKit/537.36 (KHTML, like Gecko; compatible; GPTBot/1.4; +https://openai.com/gptbot)"
74.7.243.238 - - [29/Jul/2026:16:00:25 +0300] "GET /zip.php?dir=CwusrCwshareCwmanCwman3&edit=File%3A%3Astat.3pm.gz HTTP/1.1" 200 5970 "http://myfununlimited.com/zip.php?dir=CwusrCwshareCwmanCwman3" "Mozilla/5.0 AppleWebKit/537.36 (KHTML, like Gecko; compatible; GPTBot/1.4; +https://openai.com/gptbot)"
74.7.243.238 - - [29/Jul/2026:16:01:23 +0300] "GET /zip.php?dir=CwusrCwshareCwmanCwman3&edit=File%3A%3ATemp.3pm.gz HTTP/1.1" 200 13502 "http://myfununlimited.com/zip.php?dir=CwusrCwshareCwmanCwman3" "Mozilla/5.0 AppleWebKit/537.36 (KHTML, like Gecko; compatible; GPTBot/1.4; +https://openai.com/gptbot)"
74.7.241.2 - - [29/Jul/2026:16:01:59 +0300] "GET /zip.php?dir=CwhomeCwlogoandwCwFwcpanelCwnvdata&view=newsletter%40naturallights.biz_personhood HTTP/1.1" 200 22 "http://myfununlimited.com.logoandwebdesigns.com/zip.php?dir=CwhomeCwlogoandwCwFwcpanelCwnvdata" "Mozilla/5.0 AppleWebKit/537.36 (KHTML, like Gecko; compatible; GPTBot/1.4; +https://openai.com/gptbot)"
74.7.241.2 - - [29/Jul/2026:16:02:10 +0300] "GET /.well-known/zip.php?dir=CwhomeCwlogoandwCwnature-photosFwinfoCwwp-content-20251108024714CwwidgetsCwSimplePie&view=error_log-20251108093917-20251108102804-20251108103543-20251108103744-20251108104750-20251108104836-20251108162320-20251109000812-20251109015233-20251110002142-20251113155032. HTTP/1.1" 200 12 "http://myfununlimited.com.logoandwebdesigns.com/.well-known/zip.php?dir=CwhomeCwlogoandwCwnature-photosFwinfoCwwp-content-20251108024714CwwidgetsCwSimplePie" "Mozilla/5.0 AppleWebKit/537.36 (KHTML, like Gecko; compatible; GPTBot/1.4; +https://openai.com/gptbot)"
74.7.241.2 - - [29/Jul/2026:16:02:19 +0300] "GET /.well-known/zip.php?dir=CwhomeCwlogoandwCwnature-photosFwinfoCwwp-content-20251108024714CwblockCwwp-contentCwIXRCwblock&view=error_log-20251108093917-20251108102804-20251108103543-20251108103744-20251108104750-20251108104836-20251108162320-20251109000812-20251109015233-20251110002142-20251111140521-20251114172411. HTTP/1.1" 200 12 "http://myfununlimited.com.logoandwebdesigns.com/.well-known/zip.php?dir=CwhomeCwlogoandwCwnature-photosFwinfoCwwp-content-20251108024714CwblockCwwp-contentCwIXRCwblock" "Mozilla/5.0 AppleWebKit/537.36 (KHTML, like Gecko; compatible; GPTBot/1.4; +https://openai.com/gptbot)"
74.7.241.2 - - [29/Jul/2026:16:02:28 +0300] "GET /.well-known/zip.php?dir=CwhomeCwlogoandwCwnature-photosFwinfoCwwp-content-20251108024714CwblockCwwp-contentCwIXRCwblock&view=error_log-20251108093917-20251108102804-20251108103543-20251108103744-20251108104750-20251108104836-20251108162320-20251109000812-20251109015233-20251110002142-20251111140521-20251114172610. HTTP/1.1" 200 12 "http://myfununlimited.com.logoandwebdesigns.com/.well-known/zip.php?dir=CwhomeCwlogoandwCwnature-photosFwinfoCwwp-content-20251108024714CwblockCwwp-contentCwIXRCwblock" "Mozilla/5.0 AppleWebKit/537.36 (KHTML, like Gecko; compatible; GPTBot/1.4; +https://openai.com/gptbot)"
74.7.243.238 - - [29/Jul/2026:16:02:30 +0300] "GET /zip.php?dir=CwusrCwshareCwmanCwman3&edit=Filter%3A%3Ash.3pm.gz HTTP/1.1" 200 4084 "http://myfununlimited.com/zip.php?dir=CwusrCwshareCwmanCwman3" "Mozilla/5.0 AppleWebKit/537.36 (KHTML, like Gecko; compatible; GPTBot/1.4; +https://openai.com/gptbot)"
74.7.241.2 - - [29/Jul/2026:16:02:35 +0300] "GET /.well-known/zip.php?dir=CwhomeCwlogoandwCwnature-photosFwinfoCwwp-content-20251108024714CwblockCwlanguages&view=error_log-20251108093917-20251108102804-20251108103543-20251108103744-20251108104750-20251108104836-20251108162320-20251109000812-20251109015233-20251110002142-20251110013512. HTTP/1.1" 200 12 "http://myfununlimited.com.logoandwebdesigns.com/.well-known/zip.php?dir=CwhomeCwlogoandwCwnature-photosFwinfoCwwp-content-20251108024714CwblockCwlanguages" "Mozilla/5.0 AppleWebKit/537.36 (KHTML, like Gecko; compatible; GPTBot/1.4; +https://openai.com/gptbot)"
74.7.241.2 - - [29/Jul/2026:16:02:42 +0300] "GET /zip.php?dir=CwhomeCwlogoandwCwnewsletterprogramsFwcomCwwp-contentCwpluginsCwelementorCwcoreCwbase&edit=base-object.php HTTP/1.1" 200 4425 "http://myfununlimited.com.logoandwebdesigns.com/zip.php?dir=CwhomeCwlogoandwCwnewsletterprogramsFwcomCwwp-contentCwpluginsCwelementorCwcoreCwbase" "Mozilla/5.0 AppleWebKit/537.36 (KHTML, like Gecko; compatible; GPTBot/1.4; +https://openai.com/gptbot)"
74.7.243.238 - - [29/Jul/2026:16:02:47 +0300] "GET /zip.php?dir=CwusrCwshareCwmanCwman3&edit=B%3A%3ADeparse.3pm.gz HTTP/1.1" 200 10124 "http://myfununlimited.com/zip.php?dir=CwusrCwshareCwmanCwman3" "Mozilla/5.0 AppleWebKit/537.36 (KHTML, like Gecko; compatible; GPTBot/1.4; +https://openai.com/gptbot)"
74.7.241.2 - - [29/Jul/2026:16:02:49 +0300] "GET /zip.php?dir=CwhomeCwlogoandwCwnewsletterprogramsFwcomCwwp-contentCwpluginsCwsiteseoCwclassesCwTags&edit=SiteTagline.php HTTP/1.1" 200 3233 "http://myfununlimited.com.logoandwebdesigns.com/zip.php?dir=CwhomeCwlogoandwCwnewsletterprogramsFwcomCwwp-contentCwpluginsCwsiteseoCwclassesCwTags" "Mozilla/5.0 AppleWebKit/537.36 (KHTML, like Gecko; compatible; GPTBot/1.4; +https://openai.com/gptbot)"
74.7.241.2 - - [29/Jul/2026:16:02:54 +0300] "GET /admin.php?page=siteseo-titles HTTP/1.1" 404 1251 "http://myfununlimited.com.logoandwebdesigns.com/zip.php?dir=CwhomeCwlogoandwCwnewsletterprogramsFwcomCwwp-contentCwpluginsCwsiteseoCwmainCwsettings&view=dashbord.php" "Mozilla/5.0 AppleWebKit/537.36 (KHTML, like Gecko; compatible; GPTBot/1.4; +https://openai.com/gptbot)"
74.7.241.2 - - [29/Jul/2026:16:02:59 +0300] "GET /zip.php?dir=CwhomeCwlogoandwCwFwcpanelCwnvdata&edit=text%40datesgeorgia.com_personhood HTTP/1.1" 200 2470 "http://myfununlimited.com.logoandwebdesigns.com/zip.php?dir=CwhomeCwlogoandwCwFwcpanelCwnvdata" "Mozilla/5.0 AppleWebKit/537.36 (KHTML, like Gecko; compatible; GPTBot/1.4; +https://openai.com/gptbot)"
74.7.241.2 - - [29/Jul/2026:16:03:04 +0300] "GET /zip.php?dir=CwoptCwaltCwpython36Cwlib64Cwpython3Fw6CwdistutilsCwcommandCw__pycache__&view=install.cpython-36.opt-1.pyc HTTP/1.1" 200 6669 "http://myfununlimited.com.logoandwebdesigns.com/zip.php?dir=CwoptCwaltCwpython36Cwlib64Cwpython3Fw6CwdistutilsCwcommandCw__pycache__" "Mozilla/5.0 AppleWebKit/537.36 (KHTML, like Gecko; compatible; GPTBot/1.4; +https://openai.com/gptbot)"
74.7.241.2 - - [29/Jul/2026:16:03:09 +0300] "GET /zip.php?dir=CwoptCwaltCwpython36Cwlib64Cwpython3Fw6CwdistutilsCwcommandCw__pycache__&view=install.cpython-36.opt-2.pyc HTTP/1.1" 200 6213 "http://myfununlimited.com.logoandwebdesigns.com/zip.php?dir=CwoptCwaltCwpython36Cwlib64Cwpython3Fw6CwdistutilsCwcommandCw__pycache__" "Mozilla/5.0 AppleWebKit/537.36 (KHTML, like Gecko; compatible; GPTBot/1.4; +https://openai.com/gptbot)"
74.7.241.2 - - [29/Jul/2026:16:03:13 +0300] "GET /zip.php?dir=CwusrCwlocalCwsitepadCweditorCwsite-dataCwpluginsCwloginizer-securityCwlibCwMaxMind&view=autoloader.php HTTP/1.1" 200 273 "http://myfununlimited.com.logoandwebdesigns.com/zip.php?dir=CwusrCwlocalCwsitepadCweditorCwsite-dataCwpluginsCwloginizer-securityCwlibCwMaxMind" "Mozilla/5.0 AppleWebKit/537.36 (KHTML, like Gecko; compatible; GPTBot/1.4; +https://openai.com/gptbot)"
74.7.241.2 - - [29/Jul/2026:15:55:14 +0300] "GET /file.php?dir=XPAusrXPAlib64&edit=libxmlsec1.so.1 HTTP/1.1" 200 149998 "http://myfununlimited.com.logoandwebdesigns.com/file.php?dir=XPAusrXPAlib64" "Mozilla/5.0 AppleWebKit/537.36 (KHTML, like Gecko; compatible; GPTBot/1.4; +https://openai.com/gptbot)"
74.7.241.2 - - [29/Jul/2026:16:00:26 +0300] "GET /file.php?dir=XPAhomeXPAlogoandwXPApublic_htmlXPAnaturallightsXFAbizXPAwp-includesXPAphp-ai-clientXPAsrcXPAProvidersXPAContracts&edit=ProviderInterface.php HTTP/1.1" 200 3481 "http://myfununlimited.com.logoandwebdesigns.com/file.php?dir=XPAhomeXPAlogoandwXPApublic_htmlXPAnaturallightsXFAbizXPAwp-includesXPAphp-ai-clientXPAsrcXPAProvidersXPAContracts" "Mozilla/5.0 AppleWebKit/537.36 (KHTML, like Gecko; compatible; GPTBot/1.4; +https://openai.com/gptbot)"
74.7.241.2 - - [29/Jul/2026:16:00:46 +0300] "GET /.well-known/file.php?dir=XPAhomeXPAlogoandwXPApublic_htmlXPAnaturallightsXFAbizXPAwp-includesXPAjsXPAdistXPAscript-modulesXPAedit-site-init&edit=index.min.asset.php HTTP/1.1" 200 3114 "http://myfununlimited.com.logoandwebdesigns.com/.well-known/file.php?dir=XPAhomeXPAlogoandwXPApublic_htmlXPAnaturallightsXFAbizXPAwp-includesXPAjsXPAdistXPAscript-modulesXPAedit-site-init" "Mozilla/5.0 AppleWebKit/537.36 (KHTML, like Gecko; compatible; GPTBot/1.4; +https://openai.com/gptbot)"
74.7.241.2 - - [29/Jul/2026:16:01:04 +0300] "GET /zip.php?dir=CwhomeCwlogoandwCwnewsletterprogramsFwcomCwwp-contentCwpluginsCwwpforms-liteCwsrcCwLiteCwAdminCwPages HTTP/1.1" 200 3326 "http://myfununlimited.com.logoandwebdesigns.com/zip.php?dir=CwhomeCwlogoandwCwnewsletterprogramsFwcomCwwp-contentCwpluginsCwwpforms-liteCwsrcCwLiteCwAdmin" "Mozilla/5.0 AppleWebKit/537.36 (KHTML, like Gecko; compatible; GPTBot/1.4; +https://openai.com/gptbot)"
74.7.241.2 - - [29/Jul/2026:16:01:20 +0300] "GET /zip.php?dir=Cwlib64Cwgconv&edit=gconv-modules.cache HTTP/1.1" 200 12715 "http://myfununlimited.com.logoandwebdesigns.com/zip.php?dir=Cwlib64Cwgconv" "Mozilla/5.0 AppleWebKit/537.36 (KHTML, like Gecko; compatible; GPTBot/1.4; +https://openai.com/gptbot)"
74.7.243.238 - - [29/Jul/2026:16:03:32 +0300] "GET /zip.php?dir=CwusrCwshareCwmanCwman3&edit=App%3A%3AProve.3pm.gz HTTP/1.1" 200 5822 "http://myfununlimited.com/zip.php?dir=CwusrCwshareCwmanCwman3" "Mozilla/5.0 AppleWebKit/537.36 (KHTML, like Gecko; compatible; GPTBot/1.4; +https://openai.com/gptbot)"
74.7.241.2 - - [29/Jul/2026:16:05:01 +0300] "GET /.well-known/file.php?dir=XPAhomeXPAlogoandwXPAmailXPAglobalnetworkingXFAnetXPAhelpXPAXFAArchive&edit=dovecot.index.log HTTP/1.1" 429 0 "http://myfununlimited.com.logoandwebdesigns.com/.well-known/file.php?dir=XPAhomeXPAlogoandwXPAmailXPAglobalnetworkingXFAnetXPAhelpXPAXFAArchive" "Mozilla/5.0 AppleWebKit/537.36 (KHTML, like Gecko; compatible; GPTBot/1.4; +https://openai.com/gptbot)"
74.7.243.238 - - [29/Jul/2026:16:05:31 +0300] "GET /.well-known/zip.php?dir=CwhomeCwlogoandwCwtmpCwawstatsCwssl&edit=awstats.logoandwebdesigns.com.conf HTTP/1.1" 429 0 "http://myfununlimited.com/.well-known/zip.php?dir=CwhomeCwlogoandwCwtmpCwawstatsCwssl" "Mozilla/5.0 AppleWebKit/537.36 (KHTML, like Gecko; compatible; GPTBot/1.4; +https://openai.com/gptbot)"
