74.7.241.2 - - [29/Jul/2026:16:06:07 +0300] "GET /.well-known/file.php?dir=XPAhomeXPAlogoandwXPAmailXPAnaturallightsXFAbizXPApromotionsXPAXFAspam&edit=dovecot.index.log HTTP/1.1" 429 0 "http://myfununlimited.com.logoandwebdesigns.com/.well-known/file.php?dir=XPAhomeXPAlogoandwXPAmailXPAnaturallightsXFAbizXPApromotionsXPAXFAspam" "Mozilla/5.0 AppleWebKit/537.36 (KHTML, like Gecko; compatible; GPTBot/1.4; +https://openai.com/gptbot)"
74.7.243.238 - - [29/Jul/2026:16:08:34 +0300] "GET /zip.php?dir=CwusrCwlocalCwsitepadCweditorCwsite-incCwjsCwplupload&edit=plupload.js HTTP/1.1" 429 0 "http://myfununlimited.com/zip.php?dir=CwusrCwlocalCwsitepadCweditorCwsite-incCwjsCwplupload" "Mozilla/5.0 AppleWebKit/537.36 (KHTML, like Gecko; compatible; GPTBot/1.4; +https://openai.com/gptbot)"
74.7.241.2 - - [29/Jul/2026:16:03:17 +0300] "GET /.well-known/file.php?dir=XPAhomeXPAlogoandwXPAmailXPAdatesgeorgiaXFAcomXPAabuseXPAXFAArchive&edit=dovecot.index.cache HTTP/1.1" 200 3243 "http://myfununlimited.com.logoandwebdesigns.com/.well-known/file.php?dir=XPAhomeXPAlogoandwXPAmailXPAdatesgeorgiaXFAcomXPAabuseXPAXFAArchive" "Mozilla/5.0 AppleWebKit/537.36 (KHTML, like Gecko; compatible; GPTBot/1.4; +https://openai.com/gptbot)"
74.7.241.2 - - [29/Jul/2026:16:03:20 +0300] "GET /.well-known/file.php?dir=XPAhomeXPAlogoandwXPAmailXPAglobalnetworkingXFAnetXPAhelpXPAXFAJunk&edit=dovecot.index.log HTTP/1.1" 200 2940 "http://myfununlimited.com.logoandwebdesigns.com/.well-known/file.php?dir=XPAhomeXPAlogoandwXPAmailXPAglobalnetworkingXFAnetXPAhelpXPAXFAJunk" "Mozilla/5.0 AppleWebKit/537.36 (KHTML, like Gecko; compatible; GPTBot/1.4; +https://openai.com/gptbot)"
74.7.241.2 - - [29/Jul/2026:16:03:23 +0300] "GET /.well-known/file.php?dir=XPAhomeXPAlogoandwXPAmailXPAnaturallightsXFAbizXPAinfoXPAXFAArchive&edit=dovecot.index.cache HTTP/1.1" 200 3120 "http://myfununlimited.com.logoandwebdesigns.com/.well-known/file.php?dir=XPAhomeXPAlogoandwXPAmailXPAnaturallightsXFAbizXPAinfoXPAXFAArchive" "Mozilla/5.0 AppleWebKit/537.36 (KHTML, like Gecko; compatible; GPTBot/1.4; +https://openai.com/gptbot)"
74.7.241.2 - - [29/Jul/2026:16:03:25 +0300] "GET /.well-known/file.php?dir=XPAhomeXPAlogoandwXPAmailXPAglobalnetworkingXFAnetXPAhelpXPAXFAspam&edit=dovecot.index.log HTTP/1.1" 429 0 "http://myfununlimited.com.logoandwebdesigns.com/.well-known/file.php?dir=XPAhomeXPAlogoandwXPAmailXPAglobalnetworkingXFAnetXPAhelpXPAXFAspam" "Mozilla/5.0 AppleWebKit/537.36 (KHTML, like Gecko; compatible; GPTBot/1.4; +https://openai.com/gptbot)"
74.7.241.2 - - [29/Jul/2026:16:03:28 +0300] "GET /.well-known/file.php?dir=XPAhomeXPAlogoandwXPAmailXPAglobalnetworkingXFAnetXPAhelpXPAXFATrash&edit=dovecot.index.log HTTP/1.1" 429 0 "http://myfununlimited.com.logoandwebdesigns.com/.well-known/file.php?dir=XPAhomeXPAlogoandwXPAmailXPAglobalnetworkingXFAnetXPAhelpXPAXFATrash" "Mozilla/5.0 AppleWebKit/537.36 (KHTML, like Gecko; compatible; GPTBot/1.4; +https://openai.com/gptbot)"
74.7.241.2 - - [29/Jul/2026:16:03:35 +0300] "GET /.well-known/file.php?dir=XPAhomeXPAlogoandwXPAmailXPAglobalnetworkingXFAnetXPAhelpXPAXFADrafts&edit=dovecot.index.log HTTP/1.1" 429 0 "http://myfununlimited.com.logoandwebdesigns.com/.well-known/file.php?dir=XPAhomeXPAlogoandwXPAmailXPAglobalnetworkingXFAnetXPAhelpXPAXFADrafts" "Mozilla/5.0 AppleWebKit/537.36 (KHTML, like Gecko; compatible; GPTBot/1.4; +https://openai.com/gptbot)"
74.7.241.2 - - [29/Jul/2026:16:03:56 +0300] "GET /.well-known/file.php?dir=XPAhomeXPAlogoandwXPAmailXPAnaturallightsXFAbizXPArewardsXPAXFAArchive&edit=dovecot.index.log HTTP/1.1" 429 0 "http://myfununlimited.com.logoandwebdesigns.com/.well-known/file.php?dir=XPAhomeXPAlogoandwXPAmailXPAnaturallightsXFAbizXPArewardsXPAXFAArchive" "Mozilla/5.0 AppleWebKit/537.36 (KHTML, like Gecko; compatible; GPTBot/1.4; +https://openai.com/gptbot)"
74.7.243.238 - - [29/Jul/2026:16:04:03 +0300] "GET /zip.php?dir=CwusrCwshareCwperl5CwURI&view=sip.pm HTTP/1.1" 429 0 "http://myfununlimited.com/zip.php?dir=CwusrCwshareCwperl5CwURI" "Mozilla/5.0 AppleWebKit/537.36 (KHTML, like Gecko; compatible; GPTBot/1.4; +https://openai.com/gptbot)"
74.7.241.2 - - [29/Jul/2026:16:08:14 +0300] "GET /zip.php?dir=CwhomeCwlogoandwCwFwcpanelCwicals&edit=.cpanel_ics_import_updates%40newsletterprograms.com HTTP/1.1" 429 0 "http://myfununlimited.com.logoandwebdesigns.com/zip.php?dir=CwhomeCwlogoandwCwFwcpanelCwicals" "Mozilla/5.0 AppleWebKit/537.36 (KHTML, like Gecko; compatible; GPTBot/1.4; +https://openai.com/gptbot)"
74.7.241.2 - - [29/Jul/2026:16:11:22 +0300] "GET /zip.php?dir=CwoptCwaltCwalt-nodejs18CwrootCwusrCwlib64Cwpkgconfig&edit=icu-i18n.pc HTTP/1.1" 429 0 "http://myfununlimited.com.logoandwebdesigns.com/zip.php?dir=CwoptCwaltCwalt-nodejs18CwrootCwusrCwlib64Cwpkgconfig" "Mozilla/5.0 AppleWebKit/537.36 (KHTML, like Gecko; compatible; GPTBot/1.4; +https://openai.com/gptbot)"
74.7.241.2 - - [29/Jul/2026:15:57:31 +0300] "GET /file.php?dir=XPAhomeXPAlogoandwXPApublic_htmlXPAnaturallightsXFAbizXPAwp-includesXPAphp-ai-clientXPAsrcXPAProvidersXPADTO&edit=ProviderMetadata.php HTTP/1.1" 200 4808 "http://myfununlimited.com.logoandwebdesigns.com/file.php?dir=XPAhomeXPAlogoandwXPApublic_htmlXPAnaturallightsXFAbizXPAwp-includesXPAphp-ai-clientXPAsrcXPAProvidersXPADTO" "Mozilla/5.0 AppleWebKit/537.36 (KHTML, like Gecko; compatible; GPTBot/1.4; +https://openai.com/gptbot)"
74.7.241.2 - - [29/Jul/2026:15:59:13 +0300] "GET /zip.php?dir=CwhomeCwlogoandwCwnewsletterprogramsFwcomCwwp-contentCwpluginsCwwpforms-liteCwvendor_prefixedCwstripeCwstripe-phpCwlib&edit=OAuthErrorObject.php HTTP/1.1" 200 3022 "http://myfununlimited.com.logoandwebdesigns.com/zip.php?dir=CwhomeCwlogoandwCwnewsletterprogramsFwcomCwwp-contentCwpluginsCwwpforms-liteCwvendor_prefixedCwstripeCwstripe-phpCwlib" "Mozilla/5.0 AppleWebKit/537.36 (KHTML, like Gecko; compatible; GPTBot/1.4; +https://openai.com/gptbot)"
74.7.241.2 - - [29/Jul/2026:16:01:34 +0300] "GET /zip.php?dir=CwprocCwsysCwnetCwipv4CwneighCwbr-2d8b817f2490&view=retrans_time_ms HTTP/1.1" 200 17 "http://myfununlimited.com.logoandwebdesigns.com/zip.php?dir=CwprocCwsysCwnetCwipv4CwneighCwbr-2d8b817f2490" "Mozilla/5.0 AppleWebKit/537.36 (KHTML, like Gecko; compatible; GPTBot/1.4; +https://openai.com/gptbot)"
74.7.241.2 - - [29/Jul/2026:16:01:48 +0300] "GET /file.php?dir=XPAhomeXPAlogoandwXPAnature-photosXFAinfoXPAincludesXPAIXRXPAblockXPAlanguagesXPAwp-contentXPAIXRXPAwp-contentXPAwp-adminXPAwp-content HTTP/1.1" 200 3442 "http://myfununlimited.com.logoandwebdesigns.com/file.php?dir=XPAhomeXPAlogoandwXPAnature-photosXFAinfoXPAincludesXPAIXRXPAblockXPAlanguagesXPAwp-contentXPAIXRXPAwp-contentXPAwp-admin" "Mozilla/5.0 AppleWebKit/537.36 (KHTML, like Gecko; compatible; GPTBot/1.4; +https://openai.com/gptbot)"
74.7.241.164 - - [29/Jul/2026:16:02:10 +0300] "GET /robots.txt HTTP/1.1" 404 1251 "-" "Mozilla/5.0 (Macintosh; Intel Mac OS X 10_15_7) AppleWebKit/537.36 (KHTML, like Gecko) Chrome/131.0.0.0 Safari/537.36; compatible; OAI-SearchBot/1.4; robots.txt; +https://openai.com/searchbot"
74.7.243.238 - - [29/Jul/2026:16:04:30 +0300] "GET /zip.php?dir=CwusrCwshareCwperl5&view=overload.pm HTTP/1.1" 429 0 "http://myfununlimited.com/zip.php?dir=CwusrCwshareCwperl5" "Mozilla/5.0 AppleWebKit/537.36 (KHTML, like Gecko; compatible; GPTBot/1.4; +https://openai.com/gptbot)"
74.7.241.2 - - [29/Jul/2026:16:07:10 +0300] "GET /.well-known/file.php?dir=XPAhomeXPAlogoandwXPAmailXPAnaturallightsXFAbizXPAnewsletterXPAXFAspam&edit=dovecot.index.log HTTP/1.1" 200 3035 "http://myfununlimited.com.logoandwebdesigns.com/.well-known/file.php?dir=XPAhomeXPAlogoandwXPAmailXPAnaturallightsXFAbizXPAnewsletterXPAXFAspam" "Mozilla/5.0 AppleWebKit/537.36 (KHTML, like Gecko; compatible; GPTBot/1.4; +https://openai.com/gptbot)"
74.7.241.2 - - [29/Jul/2026:16:14:26 +0300] "GET /zip.php?dir=CwoptCwcpanelCwea-php81CwrootCwusrCwvarCwrunCwphp-fpm&edit=6a1cc038ff4e34cc53e5d08ee5a714b6f3337759.sock HTTP/1.1" 429 0 "http://myfununlimited.com.logoandwebdesigns.com/zip.php?dir=CwoptCwcpanelCwea-php81CwrootCwvarCwrunCwphp-fpm" "Mozilla/5.0 AppleWebKit/537.36 (KHTML, like Gecko; compatible; GPTBot/1.4; +https://openai.com/gptbot)"
74.7.243.238 - - [29/Jul/2026:16:17:02 +0300] "GET /.well-known/file.php?dir=XPAhomeXPAlogoandwXPAnature-photosXFAinfoXPAwp-contentXPAwp-contentXPAIXRXPAblock&edit=error_log-20251108093917-20251108102804-20251108103543-20251108103744-20251108104750-20251108104836-20251108162320-20251109000812-20251109015233-20251110002142-20251117111713. HTTP/1.1" 429 0 "http://myfununlimited.com/.well-known/file.php?dir=XPAhomeXPAlogoandwXPAnature-photosXFAinfoXPAwp-contentXPAwp-contentXPAIXRXPAblock" "Mozilla/5.0 AppleWebKit/537.36 (KHTML, like Gecko; compatible; GPTBot/1.4; +https://openai.com/gptbot)"
74.7.241.2 - - [29/Jul/2026:16:09:11 +0300] "GET /zip.php?dir=CwhomeCwlogoandwCwFwcpanelCwicals&edit=.cpanel_ics_import_rewards%40newsletterprograms.com HTTP/1.1" 429 0 "http://myfununlimited.com.logoandwebdesigns.com/zip.php?dir=CwhomeCwlogoandwCwFwcpanelCwicals" "Mozilla/5.0 AppleWebKit/537.36 (KHTML, like Gecko; compatible; GPTBot/1.4; +https://openai.com/gptbot)"
74.7.241.2 - - [29/Jul/2026:16:10:17 +0300] "GET /zip.php?dir=CwoptCwaltCwalt-nodejs20CwrootCwusrCwlib64Cwpkgconfig&edit=icu-i18n.pc HTTP/1.1" 200 3164 "http://myfununlimited.com.logoandwebdesigns.com/zip.php?dir=CwoptCwaltCwalt-nodejs20CwrootCwusrCwlib64Cwpkgconfig" "Mozilla/5.0 AppleWebKit/537.36 (KHTML, like Gecko; compatible; GPTBot/1.4; +https://openai.com/gptbot)"
74.7.241.2 - - [29/Jul/2026:16:12:18 +0300] "GET /zip.php?dir=CwoptCwaltCwalt-nodejs19CwrootCwusrCwlib64Cwpkgconfig&edit=icu-i18n.pc HTTP/1.1" 429 0 "http://myfununlimited.com.logoandwebdesigns.com/zip.php?dir=CwoptCwaltCwalt-nodejs19CwrootCwusrCwlib64Cwpkgconfig" "Mozilla/5.0 AppleWebKit/537.36 (KHTML, like Gecko; compatible; GPTBot/1.4; +https://openai.com/gptbot)"
74.7.241.2 - - [29/Jul/2026:16:13:23 +0300] "GET /zip.php?dir=CwoptCwcpanelCwea-php81CwrootCwusrCwvarCwrunCwphp-fpm&edit=b1f2f91bb855bc0f75d130279586adb000054dce.sock HTTP/1.1" 429 0 "http://myfununlimited.com.logoandwebdesigns.com/zip.php?dir=CwoptCwcpanelCwea-php81CwrootCwvarCwrunCwphp-fpm" "Mozilla/5.0 AppleWebKit/537.36 (KHTML, like Gecko; compatible; GPTBot/1.4; +https://openai.com/gptbot)"
74.7.243.238 - - [29/Jul/2026:16:13:48 +0300] "GET /.well-known/file.php?dir=XPAhomeXPAlogoandwXPAnature-photosXFAinfoXPAwp-contentXPAincludesXPAwp-contentXPAcss&edit=error_log-20251108093917-20251108102804-20251108103543-20251108103744-20251108104750-20251108104836-20251108162320-20251109000812-20251109015233-20251110002142-20251111033251. HTTP/1.1" 429 0 "http://myfununlimited.com/.well-known/file.php?dir=XPAhomeXPAlogoandwXPAnature-photosXFAinfoXPAwp-contentXPAincludesXPAwp-contentXPAcss" "Mozilla/5.0 AppleWebKit/537.36 (KHTML, like Gecko; compatible; GPTBot/1.4; +https://openai.com/gptbot)"
74.7.243.238 - - [29/Jul/2026:16:14:53 +0300] "GET /.well-known/file.php?dir=XPAhomeXPAlogoandwXPAnature-photosXFAinfoXPAwp-contentXPAincludesXPAwp-contentXPAcss&edit=error_log-20251108093917-20251108102804-20251108103543-20251108103744-20251108104750-20251108104836-20251108162320-20251109000812-20251109010418-20251118084246-20251118085210. HTTP/1.1" 429 0 "http://myfununlimited.com/.well-known/file.php?dir=XPAhomeXPAlogoandwXPAnature-photosXFAinfoXPAwp-contentXPAincludesXPAwp-contentXPAcss" "Mozilla/5.0 AppleWebKit/537.36 (KHTML, like Gecko; compatible; GPTBot/1.4; +https://openai.com/gptbot)"
74.7.241.2 - - [29/Jul/2026:16:16:30 +0300] "GET /file.php?dir=XPAhomeXPAlogoandwXPAnewsletterprogramsXFAcomXPAwp-contentXPApluginsXPAelementorXPAassetsXPAjsXPApackagesXPAhttp&edit=http.asset.php HTTP/1.1" 429 0 "http://myfununlimited.com.logoandwebdesigns.com/file.php?dir=XPAhomeXPAlogoandwXPAnewsletterprogramsXFAcomXPAwp-contentXPApluginsXPAelementorXPAassetsXPAjsXPApackagesXPAhttp" "Mozilla/5.0 AppleWebKit/537.36 (KHTML, like Gecko; compatible; GPTBot/1.4; +https://openai.com/gptbot)"
74.7.241.2 - - [29/Jul/2026:16:17:26 +0300] "GET /file.php?dir=XPAhomeXPAlogoandwXPAnewsletterprogramsXFAcomXPAwp-contentXPApluginsXPAelementorXPAassetsXPAjsXPApackagesXPAmenus&edit=menus.asset.php HTTP/1.1" 429 0 "http://myfununlimited.com.logoandwebdesigns.com/file.php?dir=XPAhomeXPAlogoandwXPAnewsletterprogramsXFAcomXPAwp-contentXPApluginsXPAelementorXPAassetsXPAjsXPApackagesXPAmenus" "Mozilla/5.0 AppleWebKit/537.36 (KHTML, like Gecko; compatible; GPTBot/1.4; +https://openai.com/gptbot)"
74.7.243.238 - - [29/Jul/2026:16:11:43 +0300] "GET /file.php?dir=XPAusrXPAlocalXPAsitepadXPAeditorXPAsite-incXPAjsXPAdist&edit=editor.js HTTP/1.1" 429 0 "http://myfununlimited.com/file.php?dir=XPAusrXPAlocalXPAsitepadXPAeditorXPAsite-incXPAjsXPAdist" "Mozilla/5.0 AppleWebKit/537.36 (KHTML, like Gecko; compatible; GPTBot/1.4; +https://openai.com/gptbot)"
74.7.243.238 - - [29/Jul/2026:16:12:44 +0300] "GET /file.php?dir=XPAusrXPAlocalXPAsitepadXPAeditorXPAsite-incXPAjsXPAdist&edit=date.js HTTP/1.1" 429 0 "http://myfununlimited.com/file.php?dir=XPAusrXPAlocalXPAsitepadXPAeditorXPAsite-incXPAjsXPAdist" "Mozilla/5.0 AppleWebKit/537.36 (KHTML, like Gecko; compatible; GPTBot/1.4; +https://openai.com/gptbot)"
74.7.241.2 - - [29/Jul/2026:16:15:28 +0300] "GET /zip.php?dir=CwoptCwcpanelCwea-php81CwrootCwusrCwvarCwrunCwphp-fpm&edit=e345919c9d7a9dd52cf4440d51b505d43e83bbc9.sock HTTP/1.1" 200 2561 "http://myfununlimited.com.logoandwebdesigns.com/zip.php?dir=CwoptCwcpanelCwea-php81CwrootCwvarCwrunCwphp-fpm" "Mozilla/5.0 AppleWebKit/537.36 (KHTML, like Gecko; compatible; GPTBot/1.4; +https://openai.com/gptbot)"
74.7.241.2 - - [29/Jul/2026:16:18:27 +0300] "GET /file.php?dir=XPAhomeXPAlogoandwXPAnewsletterprogramsXFAcomXPAwp-contentXPApluginsXPAelementor-proXPAmodulesXPAtheme-builderXPAdocuments&edit=single.php HTTP/1.1" 429 0 "http://myfununlimited.com.logoandwebdesigns.com/file.php?dir=XPAhomeXPAlogoandwXPAnewsletterprogramsXFAcomXPAwp-contentXPApluginsXPAelementor-proXPAmodulesXPAtheme-builderXPAdocuments" "Mozilla/5.0 AppleWebKit/537.36 (KHTML, like Gecko; compatible; GPTBot/1.4; +https://openai.com/gptbot)"
74.7.241.2 - - [29/Jul/2026:16:20:35 +0300] "GET /file.php?dir=XPAhomeXPAlogoandwXPAnewsletterprogramsXFAcomXPAwp-contentXPApluginsXPAwpforms-liteXPAtemplatesXPAadminXPAsettings&edit=email-heading.php HTTP/1.1" 429 0 "http://myfununlimited.com.logoandwebdesigns.com/file.php?dir=XPAhomeXPAlogoandwXPAnewsletterprogramsXFAcomXPAwp-contentXPApluginsXPAwpforms-liteXPAtemplatesXPAadminXPAsettings" "Mozilla/5.0 AppleWebKit/537.36 (KHTML, like Gecko; compatible; GPTBot/1.4; +https://openai.com/gptbot)"
74.7.241.2 - - [29/Jul/2026:16:21:36 +0300] "GET /file.php?dir=XPAhomeXPAlogoandwXPAnewsletterprogramsXFAcomXPAwp-contentXPApluginsXPAelementor-proXPAmodulesXPAformsXPAactions&edit=getresponse.php HTTP/1.1" 429 0 "http://myfununlimited.com.logoandwebdesigns.com/file.php?dir=XPAhomeXPAlogoandwXPAnewsletterprogramsXFAcomXPAwp-contentXPApluginsXPAelementor-proXPAmodulesXPAformsXPAactions" "Mozilla/5.0 AppleWebKit/537.36 (KHTML, like Gecko; compatible; GPTBot/1.4; +https://openai.com/gptbot)"
74.7.243.238 - - [29/Jul/2026:16:23:15 +0300] "GET /.well-known/file.php?dir=XPAhomeXPAlogoandwXPAnature-photosXFAinfoXPAwp-contentXPAwp-contentXPAIXRXPAblock&edit=error_log-20251108093917-20251108102804-20251108103543-20251108103744-20251108104750-20251108104836-20251108162320-20251109000812-20251109015233-20251110002142-20251110013512. HTTP/1.1" 429 0 "http://myfununlimited.com/.well-known/file.php?dir=XPAhomeXPAlogoandwXPAnature-photosXFAinfoXPAwp-contentXPAwp-contentXPAIXRXPAblock" "Mozilla/5.0 AppleWebKit/537.36 (KHTML, like Gecko; compatible; GPTBot/1.4; +https://openai.com/gptbot)"
74.7.241.2 - - [29/Jul/2026:16:23:42 +0300] "GET /file.php?dir=XPAhomeXPAlogoandwXPAnewsletterprogramsXFAcomXPAwp-contentXPApluginsXPAwpforms-liteXPAtemplatesXPAadminXPAsettings&edit=turnstile-description.php HTTP/1.1" 200 3527 "http://myfununlimited.com.logoandwebdesigns.com/file.php?dir=XPAhomeXPAlogoandwXPAnewsletterprogramsXFAcomXPAwp-contentXPApluginsXPAwpforms-liteXPAtemplatesXPAadminXPAsettings" "Mozilla/5.0 AppleWebKit/537.36 (KHTML, like Gecko; compatible; GPTBot/1.4; +https://openai.com/gptbot)"
74.7.243.238 - - [29/Jul/2026:16:18:08 +0300] "GET /.well-known/file.php?dir=XPAhomeXPAlogoandwXPAnature-photosXFAinfoXPAwp-contentXPAwp-contentXPAIXRXPAblock&edit=error_log-20251108093917-20251108102804-20251108103543-20251108103744-20251108104750-20251108104836-20251108162320-20251109000812-20251109010418-20251118084246-20251118085210. HTTP/1.1" 429 0 "http://myfununlimited.com/.well-known/file.php?dir=XPAhomeXPAlogoandwXPAnature-photosXFAinfoXPAwp-contentXPAwp-contentXPAIXRXPAblock" "Mozilla/5.0 AppleWebKit/537.36 (KHTML, like Gecko; compatible; GPTBot/1.4; +https://openai.com/gptbot)"
74.7.243.238 - - [29/Jul/2026:16:20:10 +0300] "GET /.well-known/file.php?dir=XPAhomeXPAlogoandwXPAnature-photosXFAinfoXPAwp-contentXPAincludesXPAwp-contentXPAcss&edit=error_log-20251108093917-20251108102804-20251108103543-20251108103744-20251108104750-20251108104836-20251108162320-20251109000812-20251109015233-20251110002142-20251113155032. HTTP/1.1" 200 2986 "http://myfununlimited.com/.well-known/file.php?dir=XPAhomeXPAlogoandwXPAnature-photosXFAinfoXPAwp-contentXPAincludesXPAwp-contentXPAcss" "Mozilla/5.0 AppleWebKit/537.36 (KHTML, like Gecko; compatible; GPTBot/1.4; +https://openai.com/gptbot)"
74.7.243.238 - - [29/Jul/2026:16:21:15 +0300] "GET /.well-known/file.php?dir=XPAhomeXPAlogoandwXPAnature-photosXFAinfoXPAwp-contentXPAwp-contentXPAIXRXPAblock&edit=error_log-20251108093917-20251108102804-20251108103543-20251108103744-20251108104750-20251108104836-20251108162320-20251109000812-20251109015233-20251110002142-20251113155032. HTTP/1.1" 429 0 "http://myfununlimited.com/.well-known/file.php?dir=XPAhomeXPAlogoandwXPAnature-photosXFAinfoXPAwp-contentXPAwp-contentXPAIXRXPAblock" "Mozilla/5.0 AppleWebKit/537.36 (KHTML, like Gecko; compatible; GPTBot/1.4; +https://openai.com/gptbot)"
74.7.243.238 - - [29/Jul/2026:16:22:10 +0300] "GET /.well-known/file.php?dir=XPAhomeXPAlogoandwXPAnature-photosXFAinfoXPAwp-contentXPAwp-contentXPAIXRXPAblock&edit=error_log-20251108093917-20251108102804-20251108103543-20251108103744-20251108104750-20251108104836-20251108162320-20251109000812-20251109015233-20251110002142-20251116120508. HTTP/1.1" 429 0 "http://myfununlimited.com/.well-known/file.php?dir=XPAhomeXPAlogoandwXPAnature-photosXFAinfoXPAwp-contentXPAwp-contentXPAIXRXPAblock" "Mozilla/5.0 AppleWebKit/537.36 (KHTML, like Gecko; compatible; GPTBot/1.4; +https://openai.com/gptbot)"
74.7.241.2 - - [29/Jul/2026:16:22:39 +0300] "GET /file.php?dir=XPAhomeXPAlogoandwXPAnewsletterprogramsXFAcomXPAwp-contentXPApluginsXPAelementorXPAassetsXPAjsXPApackagesXPAicons&edit=icons.asset.php HTTP/1.1" 429 0 "http://myfununlimited.com.logoandwebdesigns.com/file.php?dir=XPAhomeXPAlogoandwXPAnewsletterprogramsXFAcomXPAwp-contentXPApluginsXPAelementorXPAassetsXPAjsXPApackagesXPAicons" "Mozilla/5.0 AppleWebKit/537.36 (KHTML, like Gecko; compatible; GPTBot/1.4; +https://openai.com/gptbot)"
74.7.241.2 - - [29/Jul/2026:16:28:41 +0300] "GET /file.php?dir=XPAhomeXPAlogoandwXPAnewsletterprogramsXFAcomXPAwp-contentXPApluginsXPAwpforms-liteXPAtemplatesXPAadminXPAsettings&edit=recaptcha-description.php HTTP/1.1" 429 0 "http://myfununlimited.com.logoandwebdesigns.com/file.php?dir=XPAhomeXPAlogoandwXPAnewsletterprogramsXFAcomXPAwp-contentXPApluginsXPAwpforms-liteXPAtemplatesXPAadminXPAsettings" "Mozilla/5.0 AppleWebKit/537.36 (KHTML, like Gecko; compatible; GPTBot/1.4; +https://openai.com/gptbot)"
74.7.243.238 - - [29/Jul/2026:16:31:40 +0300] "GET /.well-known/file.php?dir=XPAhomeXPAlogoandwXPAnature-photosXFAinfoXPAwp-contentXPAincludesXPAwp-contentXPAcss&edit=error_log-20251108093917-20251108102804-20251108103543-20251108103744-20251108104750-20251108104836-20251108162320-20251109000812-20251109015233-20251110002142-20251111143537. HTTP/1.1" 429 0 "http://myfununlimited.com/.well-known/file.php?dir=XPAhomeXPAlogoandwXPAnature-photosXFAinfoXPAwp-contentXPAincludesXPAwp-contentXPAcss" "Mozilla/5.0 AppleWebKit/537.36 (KHTML, like Gecko; compatible; GPTBot/1.4; +https://openai.com/gptbot)"
74.7.241.2 - - [29/Jul/2026:16:19:30 +0300] "GET /file.php?dir=XPAhomeXPAlogoandwXPAnewsletterprogramsXFAcomXPAwp-contentXPApluginsXPAwpforms-liteXPAtemplatesXPAadminXPAsettings&edit=hcaptcha-description.php HTTP/1.1" 429 0 "http://myfununlimited.com.logoandwebdesigns.com/file.php?dir=XPAhomeXPAlogoandwXPAnewsletterprogramsXFAcomXPAwp-contentXPApluginsXPAwpforms-liteXPAtemplatesXPAadminXPAsettings" "Mozilla/5.0 AppleWebKit/537.36 (KHTML, like Gecko; compatible; GPTBot/1.4; +https://openai.com/gptbot)"
74.7.241.2 - - [29/Jul/2026:16:24:43 +0300] "GET /file.php?dir=XPAhomeXPAlogoandwXPAnewsletterprogramsXFAcomXPAwp-contentXPApluginsXPAelementorXPAassetsXPAjsXPApackagesXPAutils&edit=utils.asset.php HTTP/1.1" 429 0 "http://myfununlimited.com.logoandwebdesigns.com/file.php?dir=XPAhomeXPAlogoandwXPAnewsletterprogramsXFAcomXPAwp-contentXPApluginsXPAelementorXPAassetsXPAjsXPApackagesXPAutils" "Mozilla/5.0 AppleWebKit/537.36 (KHTML, like Gecko; compatible; GPTBot/1.4; +https://openai.com/gptbot)"
74.7.241.2 - - [29/Jul/2026:16:25:42 +0300] "GET /file.php?dir=XPAhomeXPAlogoandwXPAnewsletterprogramsXFAcomXPAwp-contentXPApluginsXPAwpforms-liteXPAtemplatesXPAadminXPApaymentsXPAsingle&edit=entry-details.php HTTP/1.1" 429 0 "http://myfununlimited.com.logoandwebdesigns.com/file.php?dir=XPAhomeXPAlogoandwXPAnewsletterprogramsXFAcomXPAwp-contentXPApluginsXPAwpforms-liteXPAtemplatesXPAadminXPApaymentsXPAsingle" "Mozilla/5.0 AppleWebKit/537.36 (KHTML, like Gecko; compatible; GPTBot/1.4; +https://openai.com/gptbot)"
74.7.243.238 - - [29/Jul/2026:16:26:23 +0300] "GET /.well-known/file.php?dir=XPAhomeXPAlogoandwXPAnature-photosXFAinfoXPAwp-contentXPAwp-contentXPAIXRXPAblock&edit=error_log-20251108093917-20251108102804-20251108103543-20251108103744-20251108104750-20251108104836-20251108162320-20251109000812-20251109015233-20251110002142-20251111140521. HTTP/1.1" 429 0 "http://myfununlimited.com/.well-known/file.php?dir=XPAhomeXPAlogoandwXPAnature-photosXFAinfoXPAwp-contentXPAwp-contentXPAIXRXPAblock" "Mozilla/5.0 AppleWebKit/537.36 (KHTML, like Gecko; compatible; GPTBot/1.4; +https://openai.com/gptbot)"
74.7.241.2 - - [29/Jul/2026:16:27:45 +0300] "GET /file.php?dir=XPAhomeXPAlogoandwXPAnewsletterprogramsXFAcomXPAwp-contentXPApluginsXPAelementor-proXPAmodulesXPApostsXPAtraits&edit=pagination-trait.php HTTP/1.1" 429 0 "http://myfununlimited.com.logoandwebdesigns.com/file.php?dir=XPAhomeXPAlogoandwXPAnewsletterprogramsXFAcomXPAwp-contentXPApluginsXPAelementor-proXPAmodulesXPApostsXPAtraits" "Mozilla/5.0 AppleWebKit/537.36 (KHTML, like Gecko; compatible; GPTBot/1.4; +https://openai.com/gptbot)"
74.7.241.2 - - [29/Jul/2026:16:31:50 +0300] "GET /file.php?dir=XPAhomeXPAlogoandwXPAnewsletterprogramsXFAcomXPAwp-contentXPApluginsXPAelementor-proXPAmodulesXPAformsXPAactions&edit=mailerlite.php HTTP/1.1" 429 0 "http://myfununlimited.com.logoandwebdesigns.com/file.php?dir=XPAhomeXPAlogoandwXPAnewsletterprogramsXFAcomXPAwp-contentXPApluginsXPAelementor-proXPAmodulesXPAformsXPAactions" "Mozilla/5.0 AppleWebKit/537.36 (KHTML, like Gecko; compatible; GPTBot/1.4; +https://openai.com/gptbot)"
74.7.241.2 - - [29/Jul/2026:16:34:59 +0300] "GET /file.php?dir=XPAhomeXPAlogoandwXPAnewsletterprogramsXFAcomXPAwp-contentXPApluginsXPAelementor-proXPAmodulesXPAnotesXPAdatabaseXPAmodels&edit=note-summary.php HTTP/1.1" 429 0 "http://myfununlimited.com.logoandwebdesigns.com/file.php?dir=XPAhomeXPAlogoandwXPAnewsletterprogramsXFAcomXPAwp-contentXPApluginsXPAelementor-proXPAmodulesXPAnotesXPAdatabaseXPAmodels" "Mozilla/5.0 AppleWebKit/537.36 (KHTML, like Gecko; compatible; GPTBot/1.4; +https://openai.com/gptbot)"
74.7.243.238 - - [29/Jul/2026:16:24:19 +0300] "GET /.well-known/file.php?dir=XPAhomeXPAlogoandwXPAnature-photosXFAinfoXPAwp-contentXPAcssXPAwp-contentXPAIXRXPAblock&edit=error_log-20251108093917-20251108102804-20251108103543-20251108103744-20251108104750-20251108104836-20251108162320-20251109000812-20251109015233-20251110002142-20251111033251. HTTP/1.1" 429 0 "http://myfununlimited.com/.well-known/file.php?dir=XPAhomeXPAlogoandwXPAnature-photosXFAinfoXPAwp-contentXPAcssXPAwp-contentXPAIXRXPAblock" "Mozilla/5.0 AppleWebKit/537.36 (KHTML, like Gecko; compatible; GPTBot/1.4; +https://openai.com/gptbot)"
74.7.243.238 - - [29/Jul/2026:16:25:22 +0300] "GET /.well-known/file.php?dir=XPAhomeXPAlogoandwXPAnature-photosXFAinfoXPAwp-contentXPAwp-contentXPAIXRXPAblock&edit=error_log-20251108093917-20251108102804-20251108103543-20251108103744-20251108104750-20251108104836-20251108162320-20251109000812-20251109015233-20251110002142-20251111143537. HTTP/1.1" 429 0 "http://myfununlimited.com/.well-known/file.php?dir=XPAhomeXPAlogoandwXPAnature-photosXFAinfoXPAwp-contentXPAwp-contentXPAIXRXPAblock" "Mozilla/5.0 AppleWebKit/537.36 (KHTML, like Gecko; compatible; GPTBot/1.4; +https://openai.com/gptbot)"
74.7.241.2 - - [29/Jul/2026:16:26:43 +0300] "GET /file.php?dir=XPAhomeXPAlogoandwXPAnewsletterprogramsXFAcomXPAwp-contentXPApluginsXPAelementorXPAassetsXPAjsXPApackagesXPAstore&edit=store.asset.php HTTP/1.1" 200 3113 "http://myfununlimited.com.logoandwebdesigns.com/file.php?dir=XPAhomeXPAlogoandwXPAnewsletterprogramsXFAcomXPAwp-contentXPApluginsXPAelementorXPAassetsXPAjsXPApackagesXPAstore" "Mozilla/5.0 AppleWebKit/537.36 (KHTML, like Gecko; compatible; GPTBot/1.4; +https://openai.com/gptbot)"
74.7.241.2 - - [29/Jul/2026:16:29:44 +0300] "GET /zip.php?dir=CwhomeCwlogoandwCwnewsletterprogramsFwcomCwwp-contentCwpluginsCwsiteseoCwvendorCwgoogleCwcommon-protosCwsrcCwApi&edit=MetricDescriptor_MetricKind.php HTTP/1.1" 429 0 "http://myfununlimited.com.logoandwebdesigns.com/zip.php?dir=CwhomeCwlogoandwCwnewsletterprogramsFwcomCwwp-contentCwpluginsCwsiteseoCwvendorCwgoogleCwcommon-protosCwsrcCwApi" "Mozilla/5.0 AppleWebKit/537.36 (KHTML, like Gecko; compatible; GPTBot/1.4; +https://openai.com/gptbot)"
74.7.241.2 - - [29/Jul/2026:16:30:45 +0300] "GET /file.php?dir=XPAhomeXPAlogoandwXPAnewsletterprogramsXFAcomXPAwp-contentXPApluginsXPAwpforms-liteXPAtemplatesXPAadminXPAsettings&edit=specific-note.php HTTP/1.1" 429 0 "http://myfununlimited.com.logoandwebdesigns.com/file.php?dir=XPAhomeXPAlogoandwXPAnewsletterprogramsXFAcomXPAwp-contentXPApluginsXPAwpforms-liteXPAtemplatesXPAadminXPAsettings" "Mozilla/5.0 AppleWebKit/537.36 (KHTML, like Gecko; compatible; GPTBot/1.4; +https://openai.com/gptbot)"
74.7.241.165 - - [29/Jul/2026:16:30:45 +0300] "GET /robots.txt HTTP/1.1" 404 1251 "-" "Mozilla/5.0 (Macintosh; Intel Mac OS X 10_15_7) AppleWebKit/537.36 (KHTML, like Gecko) Chrome/131.0.0.0 Safari/537.36; compatible; OAI-SearchBot/1.4; robots.txt; +https://openai.com/searchbot"
74.7.241.2 - - [29/Jul/2026:16:32:55 +0300] "GET /file.php?dir=XPAhomeXPAlogoandwXPAnewsletterprogramsXFAcomXPAwp-contentXPApluginsXPAwpforms-liteXPAtemplatesXPAadminXPAchallenge&edit=welcome.php HTTP/1.1" 429 0 "http://myfununlimited.com.logoandwebdesigns.com/file.php?dir=XPAhomeXPAlogoandwXPAnewsletterprogramsXFAcomXPAwp-contentXPApluginsXPAwpforms-liteXPAtemplatesXPAadminXPAchallenge" "Mozilla/5.0 AppleWebKit/537.36 (KHTML, like Gecko; compatible; GPTBot/1.4; +https://openai.com/gptbot)"
74.7.241.2 - - [29/Jul/2026:16:37:02 +0300] "GET /file.php?dir=XPAhomeXPAlogoandwXPAtmpXPAanalogXPAbestXFAbabypartyboxXFAcom HTTP/1.1" 200 4922 "http://myfununlimited.com.logoandwebdesigns.com/file.php?dir=XPAhomeXPAlogoandwXPAtmpXPAanalog" "Mozilla/5.0 AppleWebKit/537.36 (KHTML, like Gecko; compatible; GPTBot/1.4; +https://openai.com/gptbot)"
74.7.243.238 - - [29/Jul/2026:16:35:56 +0300] "GET /.well-known/file.php?dir=XPAhomeXPAlogoandwXPAnature-photosXFAinfoXPAwp-contentXPAcssXPAwp-contentXPAIXRXPAblock&edit=error_log-20251108093917-20251108102804-20251108103543-20251108103744-20251108104750-20251108104836-20251108162320-20251117083333-20251118031427-20251123014736-20251123014833. HTTP/1.1" 429 0 "http://myfununlimited.com/.well-known/file.php?dir=XPAhomeXPAlogoandwXPAnature-photosXFAinfoXPAwp-contentXPAcssXPAwp-contentXPAIXRXPAblock" "Mozilla/5.0 AppleWebKit/537.36 (KHTML, like Gecko; compatible; GPTBot/1.4; +https://openai.com/gptbot)"
74.7.241.2 - - [29/Jul/2026:16:36:01 +0300] "GET /file.php?dir=XPAhomeXPAlogoandwXPAnewsletterprogramsXFAcomXPAwp-contentXPApluginsXPAelementor-proXPAmodulesXPAwoocommerceXPAwidgets&edit=base-widget.php HTTP/1.1" 429 0 "http://myfununlimited.com.logoandwebdesigns.com/file.php?dir=XPAhomeXPAlogoandwXPAnewsletterprogramsXFAcomXPAwp-contentXPApluginsXPAelementor-proXPAmodulesXPAwoocommerceXPAwidgets" "Mozilla/5.0 AppleWebKit/537.36 (KHTML, like Gecko; compatible; GPTBot/1.4; +https://openai.com/gptbot)"
74.7.243.238 - - [29/Jul/2026:16:36:58 +0300] "GET /.well-known/file.php?dir=XPAhomeXPAlogoandwXPAnature-photosXFAinfoXPAwp-contentXPAincludesXPAwp-contentXPAcss&edit=error_log-20251108093917-20251108102804-20251108103543-20251108103744-20251108104750-20251108104836-20251108162320-20251109000812-20251109015233-20251110002142-20251111073016. HTTP/1.1" 200 2986 "http://myfununlimited.com/.well-known/file.php?dir=XPAhomeXPAlogoandwXPAnature-photosXFAinfoXPAwp-contentXPAincludesXPAwp-contentXPAcss" "Mozilla/5.0 AppleWebKit/537.36 (KHTML, like Gecko; compatible; GPTBot/1.4; +https://openai.com/gptbot)"
74.7.243.238 - - [29/Jul/2026:16:40:00 +0300] "GET /.well-known/file.php?dir=XPAhomeXPAlogoandwXPAnature-photosXFAinfoXPAwp-contentXPAwp-contentXPAIXRXPAblock&edit=error_log-20251108093917-20251108102804-20251108103543-20251108103744-20251108104750-20251108104836-20251108162320-20251109000812-20251109015233-20251110002142-20251110210415. HTTP/1.1" 429 0 "http://myfununlimited.com/.well-known/file.php?dir=XPAhomeXPAlogoandwXPAnature-photosXFAinfoXPAwp-contentXPAwp-contentXPAIXRXPAblock" "Mozilla/5.0 AppleWebKit/537.36 (KHTML, like Gecko; compatible; GPTBot/1.4; +https://openai.com/gptbot)"
74.7.241.2 - - [29/Jul/2026:16:39:59 +0300] "GET /zip.php?dir=CwusrCwbin&edit=ps2epsi HTTP/1.1" 200 3753 "http://myfununlimited.com.logoandwebdesigns.com/zip.php?dir=CwCwbin" "Mozilla/5.0 AppleWebKit/537.36 (KHTML, like Gecko; compatible; GPTBot/1.4; +https://openai.com/gptbot)"
74.7.241.2 - - [29/Jul/2026:16:41:59 +0300] "GET /zip.php?dir=CwhomeCwlogoandwCwpublic_htmlCwagricultureforuFwinfo&edit=search.php HTTP/1.1" 429 0 "http://myfununlimited.com.logoandwebdesigns.com/zip.php?dir=CwhomeCwlogoandwCwpublic_htmlCwagricultureforuFwinfo" "Mozilla/5.0 AppleWebKit/537.36 (KHTML, like Gecko; compatible; GPTBot/1.4; +https://openai.com/gptbot)"
74.7.241.2 - - [29/Jul/2026:16:44:00 +0300] "GET /step_form_entries.php HTTP/1.1" 404 1251 "http://myfununlimited.com.logoandwebdesigns.com/file.php?dir=XPAhomeXPAlogoandwXPAnewsletterprogramsXFAcomXPAwp-contentXPApluginsXPAfluentformproXPAsrcXPAviews" "Mozilla/5.0 AppleWebKit/537.36 (KHTML, like Gecko; compatible; GPTBot/1.4; +https://openai.com/gptbot)"
74.7.241.2 - - [29/Jul/2026:16:45:05 +0300] "GET /render-mode-base.php HTTP/1.1" 404 1251 "http://myfununlimited.com.logoandwebdesigns.com/file.php?dir=XPAhomeXPAlogoandwXPAnewsletterprogramsXFAcomXPAwp-contentXPApluginsXPAelementorXPAcoreXPAfrontendXPArender-modes" "Mozilla/5.0 AppleWebKit/537.36 (KHTML, like Gecko; compatible; GPTBot/1.4; +https://openai.com/gptbot)"
74.7.241.2 - - [29/Jul/2026:16:46:07 +0300] "GET /current-date-time.php HTTP/1.1" 404 1251 "http://myfununlimited.com.logoandwebdesigns.com/file.php?dir=XPAhomeXPAlogoandwXPAnewsletterprogramsXFAcomXPAwp-contentXPApluginsXPAelementor-proXPAmodulesXPAdynamic-tagsXPAtags" "Mozilla/5.0 AppleWebKit/537.36 (KHTML, like Gecko; compatible; GPTBot/1.4; +https://openai.com/gptbot)"
74.7.241.2 - - [29/Jul/2026:16:33:56 +0300] "GET /file.php?dir=XPAhomeXPAlogoandwXPAnewsletterprogramsXFAcomXPAwp-contentXPApluginsXPAelementor-proXPAmodulesXPAtheme-builderXPAconditions&edit=date.php HTTP/1.1" 429 0 "http://myfununlimited.com.logoandwebdesigns.com/file.php?dir=XPAhomeXPAlogoandwXPAnewsletterprogramsXFAcomXPAwp-contentXPApluginsXPAelementor-proXPAmodulesXPAtheme-builderXPAconditions" "Mozilla/5.0 AppleWebKit/537.36 (KHTML, like Gecko; compatible; GPTBot/1.4; +https://openai.com/gptbot)"
74.7.241.2 - - [29/Jul/2026:16:38:59 +0300] "GET /.well-known/zip.php?dir=CwusrCwlocalCwapacheCwdomlogsCwlogoandw&view=nature-photos.info.logoandwebdesigns.com-ssl_log HTTP/1.1" 429 0 "http://myfununlimited.com.logoandwebdesigns.com/.well-known/zip.php?dir=CwhomeCwlogoandwCwaccess-logs" "Mozilla/5.0 AppleWebKit/537.36 (KHTML, like Gecko; compatible; GPTBot/1.4; +https://openai.com/gptbot)"
74.7.241.2 - - [29/Jul/2026:16:41:02 +0300] "GET /zip.php?dir=CwusrCwbin&edit=pdf2dsc HTTP/1.1" 429 0 "http://myfununlimited.com.logoandwebdesigns.com/zip.php?dir=CwCwbin" "Mozilla/5.0 AppleWebKit/537.36 (KHTML, like Gecko; compatible; GPTBot/1.4; +https://openai.com/gptbot)"
74.7.243.238 - - [29/Jul/2026:16:42:08 +0300] "GET /.well-known/file.php?dir=XPAhomeXPAlogoandwXPAnature-photosXFAinfoXPAwp-contentXPAincludesXPAwp-contentXPAcss&edit=error_log-20251108093917-20251108102804-20251108103543-20251108103744-20251108104750-20251108104836-20251108162320-20251109000812-20251109015233-20251110002142-20251110013512. HTTP/1.1" 429 0 "http://myfununlimited.com/.well-known/file.php?dir=XPAhomeXPAlogoandwXPAnature-photosXFAinfoXPAwp-contentXPAincludesXPAwp-contentXPAcss" "Mozilla/5.0 AppleWebKit/537.36 (KHTML, like Gecko; compatible; GPTBot/1.4; +https://openai.com/gptbot)"
74.7.241.2 - - [29/Jul/2026:16:48:13 +0300] "GET /landing_page_view.php HTTP/1.1" 404 1251 "http://myfununlimited.com.logoandwebdesigns.com/file.php?dir=XPAhomeXPAlogoandwXPAnewsletterprogramsXFAcomXPAwp-contentXPApluginsXPAfluentformproXPAsrcXPAviews" "Mozilla/5.0 AppleWebKit/537.36 (KHTML, like Gecko; compatible; GPTBot/1.4; +https://openai.com/gptbot)"
74.7.241.2 - - [29/Jul/2026:16:49:17 +0300] "GET /class-ftp-sockets.php HTTP/1.1" 404 1251 "http://myfununlimited.com.logoandwebdesigns.com/file.php?dir=XPAhomeXPAlogoandwXPAnewsletterprogramsXFAcomXPAwp-adminXPAincludes" "Mozilla/5.0 AppleWebKit/537.36 (KHTML, like Gecko; compatible; GPTBot/1.4; +https://openai.com/gptbot)"
74.7.241.2 - - [29/Jul/2026:16:50:21 +0300] "GET /class-astra-icons.php HTTP/1.1" 404 1251 "http://myfununlimited.com.logoandwebdesigns.com/file.php?dir=XPAhomeXPAlogoandwXPAnewsletterprogramsXFAcomXPAwp-contentXPAthemesXPAastraXPAincXPAcore" "Mozilla/5.0 AppleWebKit/537.36 (KHTML, like Gecko; compatible; GPTBot/1.4; +https://openai.com/gptbot)"
74.7.241.2 - - [29/Jul/2026:16:52:27 +0300] "GET /premium-seo-pack.php HTTP/1.1" 404 1251 "http://myfununlimited.com.logoandwebdesigns.com/file.php?dir=XPAhomeXPAlogoandwXPAnewsletterprogramsXFAcomXPAwp-contentXPApluginsXPAsiteseoXPAmainXPAadminXPAajax-migrate" "Mozilla/5.0 AppleWebKit/537.36 (KHTML, like Gecko; compatible; GPTBot/1.4; +https://openai.com/gptbot)"
74.7.243.238 - - [29/Jul/2026:16:53:44 +0300] "GET /zip.php?dir=CwlibCwfirmware&edit=8E87-1-A.bin HTTP/1.1" 429 0 "http://myfununlimited.com/zip.php?dir=CwlibCwfirmware" "Mozilla/5.0 AppleWebKit/537.36 (KHTML, like Gecko; compatible; GPTBot/1.4; +https://openai.com/gptbot)"
74.7.241.2 - - [29/Jul/2026:16:56:40 +0300] "GET /nav-menu-template.php HTTP/1.1" 404 1251 "http://myfununlimited.com.logoandwebdesigns.com/file.php?dir=XPAhomeXPAlogoandwXPAnewsletterprogramsXFAcomXPAwp-includes" "Mozilla/5.0 AppleWebKit/537.36 (KHTML, like Gecko; compatible; GPTBot/1.4; +https://openai.com/gptbot)"
74.7.241.2 - - [29/Jul/2026:16:57:43 +0300] "GET /copy_editor_theme.php HTTP/1.1" 404 1251 "http://myfununlimited.com.logoandwebdesigns.com/file.php?dir=XPAusrXPAlocalXPAsitepadXPAwwwXPAthemesXPAdefault" "Mozilla/5.0 AppleWebKit/537.36 (KHTML, like Gecko; compatible; GPTBot/1.4; +https://openai.com/gptbot)"
74.7.243.238 - - [29/Jul/2026:16:49:32 +0300] "GET /zip.php?dir=CwlibCwfirmware&edit=8E86-1-D.bin HTTP/1.1" 429 0 "http://myfununlimited.com/zip.php?dir=CwlibCwfirmware" "Mozilla/5.0 AppleWebKit/537.36 (KHTML, like Gecko; compatible; GPTBot/1.4; +https://openai.com/gptbot)"
74.7.243.238 - - [29/Jul/2026:16:50:37 +0300] "GET /zip.php?dir=CwlibCwfirmware&edit=8E87-1-D.bin HTTP/1.1" 429 0 "http://myfununlimited.com/zip.php?dir=CwlibCwfirmware" "Mozilla/5.0 AppleWebKit/537.36 (KHTML, like Gecko; compatible; GPTBot/1.4; +https://openai.com/gptbot)"
74.7.241.2 - - [29/Jul/2026:16:51:23 +0300] "GET /object-cache-lib.php HTTP/1.1" 404 1251 "http://myfununlimited.com.logoandwebdesigns.com/file.php?dir=XPAhomeXPAlogoandwXPAnewsletterprogramsXFAcomXPAwp-contentXPApluginsXPAspeedycache-proXPAmain" "Mozilla/5.0 AppleWebKit/537.36 (KHTML, like Gecko; compatible; GPTBot/1.4; +https://openai.com/gptbot)"
74.7.243.238 - - [29/Jul/2026:16:58:54 +0300] "GET /zip.php?dir=CwlibCwfirmware&edit=8E87-2-A.bin HTTP/1.1" 200 9546 "http://myfununlimited.com/zip.php?dir=CwlibCwfirmware" "Mozilla/5.0 AppleWebKit/537.36 (KHTML, like Gecko; compatible; GPTBot/1.4; +https://openai.com/gptbot)"
74.7.241.2 - - [29/Jul/2026:16:59:48 +0300] "GET /font-awesome-pro.php HTTP/1.1" 404 1251 "http://myfununlimited.com.logoandwebdesigns.com/file.php?dir=XPAhomeXPAlogoandwXPAnewsletterprogramsXFAcomXPAwp-contentXPApluginsXPAelementor-proXPAmodulesXPAassets-managerXPAasset-typesXPAicons" "Mozilla/5.0 AppleWebKit/537.36 (KHTML, like Gecko; compatible; GPTBot/1.4; +https://openai.com/gptbot)"
74.7.243.238 - - [29/Jul/2026:17:00:50 +0300] "GET /zip.php?dir=CwlibCwfirmware&edit=8E86-2-9.bin HTTP/1.1" 429 0 "http://myfununlimited.com/zip.php?dir=CwlibCwfirmware" "Mozilla/5.0 AppleWebKit/537.36 (KHTML, like Gecko; compatible; GPTBot/1.4; +https://openai.com/gptbot)"
74.7.241.2 - - [29/Jul/2026:17:04:01 +0300] "GET /.well-known/zip.php?dir=CwhomeCwlogoandwCwnature-photosFwinfoCwwp-contentCwSimplePieCwwp&edit=error_log-20251108093917-20251108102804-20251108103543-20251108103744-20251108104750-20251108104836-20251108162320-20251109000812-20251109015233-20251110002142-20251110210415-20251117211304. HTTP/1.1" 429 0 "http://myfununlimited.com.logoandwebdesigns.com/.well-known/zip.php?dir=CwhomeCwlogoandwCwnature-photosFwinfoCwwp-contentCwSimplePieCwwp" "Mozilla/5.0 AppleWebKit/537.36 (KHTML, like Gecko; compatible; GPTBot/1.4; +https://openai.com/gptbot)"
74.7.241.2 - - [29/Jul/2026:17:05:07 +0300] "GET /.well-known/zip.php?dir=CwhomeCwlogoandwCwnature-photosFwinfoCwwp-contentCwSimplePieCwwp&edit=error_log-20251108093917-20251108102804-20251108103543-20251108103744-20251108104750-20251108104836-20251108162320-20251109000812-20251109015233-20251110002142-20251111140521-20251112153824. HTTP/1.1" 429 0 "http://myfununlimited.com.logoandwebdesigns.com/.well-known/zip.php?dir=CwhomeCwlogoandwCwnature-photosFwinfoCwwp-contentCwSimplePieCwwp" "Mozilla/5.0 AppleWebKit/537.36 (KHTML, like Gecko; compatible; GPTBot/1.4; +https://openai.com/gptbot)"
74.7.241.2 - - [29/Jul/2026:17:06:12 +0300] "GET /.well-known/zip.php?dir=CwhomeCwlogoandwCwnature-photosFwinfoCwwp-contentCwSimplePieCwwp&edit=error_log-20251108093917-20251108102804-20251108103543-20251108103744-20251108104750-20251108104836-20251108162320-20251109000812-20251109015233-20251110002142-20251110013512-20251110150325. HTTP/1.1" 429 0 "http://myfununlimited.com.logoandwebdesigns.com/.well-known/zip.php?dir=CwhomeCwlogoandwCwnature-photosFwinfoCwwp-contentCwSimplePieCwwp" "Mozilla/5.0 AppleWebKit/537.36 (KHTML, like Gecko; compatible; GPTBot/1.4; +https://openai.com/gptbot)"
74.7.241.2 - - [29/Jul/2026:16:38:03 +0300] "GET /zip.php?dir=CwusrCwlib64Cwpython3Fw6Cwsite-packages&edit=_dbus_bindings.so HTTP/1.1" 429 0 "http://myfununlimited.com.logoandwebdesigns.com/zip.php?dir=CwusrCwlib64Cwpython3Fw6Cwsite-packages" "Mozilla/5.0 AppleWebKit/537.36 (KHTML, like Gecko; compatible; GPTBot/1.4; +https://openai.com/gptbot)"
74.7.243.238 - - [29/Jul/2026:16:41:03 +0300] "GET /.well-known/file.php?dir=XPAhomeXPAlogoandwXPAnature-photosXFAinfoXPAwp-contentXPAwp-contentXPAIXRXPAblock&edit=error_log-20251108093917-20251108102804-20251108103543-20251108103744-20251108104750-20251108104836-20251108162320-20251109000812-20251109015233-20251110002142-20251111033251. HTTP/1.1" 429 0 "http://myfununlimited.com/.well-known/file.php?dir=XPAhomeXPAlogoandwXPAnature-photosXFAinfoXPAwp-contentXPAwp-contentXPAIXRXPAblock" "Mozilla/5.0 AppleWebKit/537.36 (KHTML, like Gecko; compatible; GPTBot/1.4; +https://openai.com/gptbot)"
74.7.241.2 - - [29/Jul/2026:16:42:59 +0300] "GET /class-astra-fonts.php HTTP/1.1" 404 1251 "http://myfununlimited.com.logoandwebdesigns.com/file.php?dir=XPAhomeXPAlogoandwXPAnewsletterprogramsXFAcomXPAwp-contentXPAthemesXPAastraXPAincXPAcustomizer" "Mozilla/5.0 AppleWebKit/537.36 (KHTML, like Gecko; compatible; GPTBot/1.4; +https://openai.com/gptbot)"
74.7.241.2 - - [29/Jul/2026:16:47:10 +0300] "GET /module.audio.flac.php HTTP/1.1" 404 1251 "http://myfununlimited.com.logoandwebdesigns.com/file.php?dir=XPAhomeXPAlogoandwXPAnewsletterprogramsXFAcomXPAwp-includesXPAID3" "Mozilla/5.0 AppleWebKit/537.36 (KHTML, like Gecko; compatible; GPTBot/1.4; +https://openai.com/gptbot)"
74.7.243.238 - - [29/Jul/2026:16:51:41 +0300] "GET /zip.php?dir=CwlibCwfirmware&edit=8E86-1-9.bin HTTP/1.1" 200 9624 "http://myfununlimited.com/zip.php?dir=CwlibCwfirmware" "Mozilla/5.0 AppleWebKit/537.36 (KHTML, like Gecko; compatible; GPTBot/1.4; +https://openai.com/gptbot)"
74.7.241.2 - - [29/Jul/2026:16:53:29 +0300] "GET /class.akismet-cli.php HTTP/1.1" 404 1251 "http://myfununlimited.com.logoandwebdesigns.com/file.php?dir=XPAhomeXPAlogoandwXPAnewsletterprogramsXFAcomXPAwp-contentXPApluginsXPAakismet" "Mozilla/5.0 AppleWebKit/537.36 (KHTML, like Gecko; compatible; GPTBot/1.4; +https://openai.com/gptbot)"
74.7.241.2 - - [29/Jul/2026:16:54:35 +0300] "GET /clone_site_theme.php HTTP/1.1" 404 1251 "http://myfununlimited.com.logoandwebdesigns.com/file.php?dir=XPAusrXPAlocalXPAsitepadXPAwwwXPAthemesXPAdefault" "Mozilla/5.0 AppleWebKit/537.36 (KHTML, like Gecko; compatible; GPTBot/1.4; +https://openai.com/gptbot)"
74.7.241.2 - - [29/Jul/2026:16:55:38 +0300] "GET /module.audio.ogg.php HTTP/1.1" 404 1251 "http://myfununlimited.com.logoandwebdesigns.com/file.php?dir=XPAhomeXPAlogoandwXPAnewsletterprogramsXFAcomXPAwp-includesXPAID3" "Mozilla/5.0 AppleWebKit/537.36 (KHTML, like Gecko; compatible; GPTBot/1.4; +https://openai.com/gptbot)"
74.7.243.238 - - [29/Jul/2026:16:59:55 +0300] "GET /zip.php?dir=CwlibCwfirmware&edit=8E87-2-D.bin HTTP/1.1" 429 0 "http://myfununlimited.com/zip.php?dir=CwlibCwfirmware" "Mozilla/5.0 AppleWebKit/537.36 (KHTML, like Gecko; compatible; GPTBot/1.4; +https://openai.com/gptbot)"
74.7.243.238 - - [29/Jul/2026:17:03:53 +0300] "GET /zip.php?dir=CwlibCwfirmware&edit=8E86-2-A.bin HTTP/1.1" 200 9562 "http://myfununlimited.com/zip.php?dir=CwlibCwfirmware" "Mozilla/5.0 AppleWebKit/537.36 (KHTML, like Gecko; compatible; GPTBot/1.4; +https://openai.com/gptbot)"
74.7.243.238 - - [29/Jul/2026:17:05:51 +0300] "GET /zip.php?dir=CwlibCwfirmware&edit=8E87-2-9.bin HTTP/1.1" 429 0 "http://myfununlimited.com/zip.php?dir=CwlibCwfirmware" "Mozilla/5.0 AppleWebKit/537.36 (KHTML, like Gecko; compatible; GPTBot/1.4; +https://openai.com/gptbot)"
74.7.241.164 - - [29/Jul/2026:17:08:01 +0300] "GET /robots.txt HTTP/1.1" 404 1251 "-" "Mozilla/5.0 (Macintosh; Intel Mac OS X 10_15_7) AppleWebKit/537.36 (KHTML, like Gecko) Chrome/131.0.0.0 Safari/537.36; compatible; OAI-SearchBot/1.4; robots.txt; +https://openai.com/searchbot"
74.7.241.2 - - [29/Jul/2026:16:58:44 +0300] "GET /module.audio.dts.php HTTP/1.1" 404 1251 "http://myfununlimited.com.logoandwebdesigns.com/file.php?dir=XPAhomeXPAlogoandwXPAnewsletterprogramsXFAcomXPAwp-includesXPAID3" "Mozilla/5.0 AppleWebKit/537.36 (KHTML, like Gecko; compatible; GPTBot/1.4; +https://openai.com/gptbot)"
74.7.241.2 - - [29/Jul/2026:17:00:54 +0300] "GET /title-widget-base.php HTTP/1.1" 404 1251 "http://myfununlimited.com.logoandwebdesigns.com/file.php?dir=XPAhomeXPAlogoandwXPAnewsletterprogramsXFAcomXPAwp-contentXPApluginsXPAelementor-proXPAmodulesXPAtheme-builderXPAwidgets" "Mozilla/5.0 AppleWebKit/537.36 (KHTML, like Gecko; compatible; GPTBot/1.4; +https://openai.com/gptbot)"
74.7.241.2 - - [29/Jul/2026:17:01:58 +0300] "GET /backup_site_theme.php HTTP/1.1" 404 1251 "http://myfununlimited.com.logoandwebdesigns.com/file.php?dir=XPAusrXPAlocalXPAsitepadXPAwwwXPAthemesXPAdefault" "Mozilla/5.0 AppleWebKit/537.36 (KHTML, like Gecko; compatible; GPTBot/1.4; +https://openai.com/gptbot)"
74.7.241.2 - - [29/Jul/2026:17:02:59 +0300] "GET /.well-known/zip.php?dir=CwhomeCwlogoandwCwnature-photosFwinfoCwwp-contentCwSimplePieCwwp&edit=error_log-20251108093917-20251108102804-20251108103543-20251108103744-20251108104750-20251108104836-20251108162320-20251109000812-20251109015233-20251110002142-20251111143537-20251111154242. HTTP/1.1" 429 0 "http://myfununlimited.com.logoandwebdesigns.com/.well-known/zip.php?dir=CwhomeCwlogoandwCwnature-photosFwinfoCwwp-contentCwSimplePieCwwp" "Mozilla/5.0 AppleWebKit/537.36 (KHTML, like Gecko; compatible; GPTBot/1.4; +https://openai.com/gptbot)"
74.7.243.238 - - [29/Jul/2026:17:04:54 +0300] "GET /zip.php?dir=CwlibCwfirmware&edit=8E86-2-D.bin HTTP/1.1" 429 0 "http://myfununlimited.com/zip.php?dir=CwlibCwfirmware" "Mozilla/5.0 AppleWebKit/537.36 (KHTML, like Gecko; compatible; GPTBot/1.4; +https://openai.com/gptbot)"
74.7.241.2 - - [29/Jul/2026:17:08:14 +0300] "GET /.well-known/zip.php?dir=CwhomeCwlogoandwCwnature-photosFwinfoCwwp-contentCwSimplePieCwwp&edit=error_log-20251108093917-20251108102804-20251108103543-20251108103744-20251108104750-20251108104836-20251108162320-20251109000812-20251109015233-20251110002142-20251111140521-20251115030359. HTTP/1.1" 200 2610 "http://myfununlimited.com.logoandwebdesigns.com/.well-known/zip.php?dir=CwhomeCwlogoandwCwnature-photosFwinfoCwwp-contentCwSimplePieCwwp" "Mozilla/5.0 AppleWebKit/537.36 (KHTML, like Gecko; compatible; GPTBot/1.4; +https://openai.com/gptbot)"
2a06:98c0:3600::103 - - [29/Jul/2026:17:08:26 +0300] "GET /wp-admin/install.php?step=1 HTTP/1.1" 404 1251 "-" "http://myfununlimited.com/wp-admin/install.php?step=1"
74.7.241.2 - - [29/Jul/2026:17:12:21 +0300] "GET /.well-known/zip.php?dir=CwhomeCwlogoandwCwnature-photosFwinfoCwwp-contentCwSimplePieCwwp&edit=error_log-20251108093917-20251108102804-20251108103543-20251108103744-20251108104750-20251108104836-20251108162320-20251109000812-20251109015233-20251110002142-20251111140521-20251114221228. HTTP/1.1" 429 0 "http://myfununlimited.com.logoandwebdesigns.com/.well-known/zip.php?dir=CwhomeCwlogoandwCwnature-photosFwinfoCwwp-contentCwSimplePieCwwp" "Mozilla/5.0 AppleWebKit/537.36 (KHTML, like Gecko; compatible; GPTBot/1.4; +https://openai.com/gptbot)"
74.7.243.238 - - [29/Jul/2026:17:13:10 +0300] "GET /zip.php?dir=CwlibCwfirmware&edit=8E87-1-9.bin HTTP/1.1" 429 0 "http://myfununlimited.com/zip.php?dir=CwlibCwfirmware" "Mozilla/5.0 AppleWebKit/537.36 (KHTML, like Gecko; compatible; GPTBot/1.4; +https://openai.com/gptbot)"
74.7.241.2 - - [29/Jul/2026:17:07:13 +0300] "GET /.well-known/zip.php?dir=CwhomeCwlogoandwCwnature-photosFwinfoCwwp-contentCwSimplePieCwwp&edit=error_log-20251108093917-20251108102804-20251108103543-20251108103744-20251108104750-20251108104836-20251108162320-20251109000812-20251109015233-20251110002142-20251113155032-20251115124254. HTTP/1.1" 429 0 "http://myfununlimited.com.logoandwebdesigns.com/.well-known/zip.php?dir=CwhomeCwlogoandwCwnature-photosFwinfoCwwp-contentCwSimplePieCwwp" "Mozilla/5.0 AppleWebKit/537.36 (KHTML, like Gecko; compatible; GPTBot/1.4; +https://openai.com/gptbot)"
74.7.241.2 - - [29/Jul/2026:17:09:16 +0300] "GET /.well-known/zip.php?dir=CwhomeCwlogoandwCwnature-photosFwinfoCwwp-contentCwSimplePieCwwp&edit=error_log-20251108093917-20251108102804-20251108103543-20251108103744-20251108104750-20251108104836-20251108162320-20251109000812-20251109015233-20251110002142-20251111143537-20251111205456. HTTP/1.1" 429 0 "http://myfununlimited.com.logoandwebdesigns.com/.well-known/zip.php?dir=CwhomeCwlogoandwCwnature-photosFwinfoCwwp-contentCwSimplePieCwwp" "Mozilla/5.0 AppleWebKit/537.36 (KHTML, like Gecko; compatible; GPTBot/1.4; +https://openai.com/gptbot)"
74.7.241.2 - - [29/Jul/2026:17:10:16 +0300] "GET /.well-known/zip.php?dir=CwhomeCwlogoandwCwnature-photosFwinfoCwwp-contentCwSimplePieCwwp&edit=error_log-20251108093917-20251108102804-20251108103543-20251108103744-20251108104750-20251108104836-20251108162320-20251109000812-20251109015233-20251110002142-20251111143537-20251111210544. HTTP/1.1" 429 0 "http://myfununlimited.com.logoandwebdesigns.com/.well-known/zip.php?dir=CwhomeCwlogoandwCwnature-photosFwinfoCwwp-contentCwSimplePieCwwp" "Mozilla/5.0 AppleWebKit/537.36 (KHTML, like Gecko; compatible; GPTBot/1.4; +https://openai.com/gptbot)"
74.7.243.238 - - [29/Jul/2026:17:16:22 +0300] "GET /zip.php?dir=CwhomeCwlogoandwCwnature-photosFwinfoCwwp-contentCwwp-contentCwwp-contentCwwp-contentCwwp-contentCwwp-contentCwwp-contentCwwp-contentCwwp-contentCwwp-contentCwwp-contentCwwp-contentCwwp-contentCwwp-content&view=error_log-20251108093917-20251108102804-20251108103543-20251108103744-20251108104750-20251108104836-20251108162320-20251109000812-20251109015233-20251110002142-20251116184409-20251116192109-20251116192523-20251116210230. HTTP/1.1" 200 12 "http://myfununlimited.com/zip.php?dir=CwhomeCwlogoandwCwnature-photosFwinfoCwwp-contentCwwp-contentCwwp-contentCwwp-contentCwwp-contentCwwp-contentCwwp-contentCwwp-contentCwwp-contentCwwp-contentCwwp-contentCwwp-contentCwwp-contentCwwp-content" "Mozilla/5.0 AppleWebKit/537.36 (KHTML, like Gecko; compatible; GPTBot/1.4; +https://openai.com/gptbot)"
