66.249.76.37 - - [30/Jul/2026:23:20:05 +0300] "GET /?items/G177279903// HTTP/1.1" 200 84 "-" "Mozilla/5.0 (Linux; Android 6.0.1; Nexus 5X Build/MMB29P) AppleWebKit/537.36 (KHTML, like Gecko) Chrome/150.0.7871.186 Mobile Safari/537.36 (compatible; Googlebot/2.1; +http://www.google.com/bot.html)"
216.73.216.87 - - [30/Jul/2026:23:20:14 +0300] "GET /file.php?dir=XPAhomeXPAlogoandwXPArabactechXFAcom&edit=moon.php.php.tar.gz HTTP/2" 200 3459 "-" "Mozilla/5.0 AppleWebKit/537.36 (KHTML, like Gecko; compatible; ClaudeBot/1.0; +claudebot@anthropic.com)"
216.73.216.87 - - [30/Jul/2026:23:20:18 +0300] "GET /file.php?dir=XPAusrXPAlocalXPAsitepadXPAeditorXPAsite-inc&edit=class-wp-http-ixr-client.php HTTP/2" 429 0 "-" "Mozilla/5.0 AppleWebKit/537.36 (KHTML, like Gecko; compatible; ClaudeBot/1.0; +claudebot@anthropic.com)"
216.73.216.87 - - [30/Jul/2026:23:20:23 +0300] "GET /file.php?dir=XPAusrXPAlocalXPAsitepadXPAeditorXPAsite-inc&edit=post-template.php HTTP/2" 429 0 "-" "Mozilla/5.0 AppleWebKit/537.36 (KHTML, like Gecko; compatible; ClaudeBot/1.0; +claudebot@anthropic.com)"
74.7.242.45 - - [30/Jul/2026:23:21:58 +0300] "GET /.well-known/zip.php?dir=CwhomeCwlogoandwCwnature-photosFwinfoCwwp-contentCwincludesCwwp-contentCwcssCwwp-contentCwwp-contentCwwp-contentCwwp-contentCwwp-content&view=error_log-20251108093917-20251108102804-20251108103543-20251108103744-20251108104750-20251108104836-20251108162320-20251109000812-20251109015233-20251110002142-20251112121403-20251112122254-20251112202000. HTTP/2" 429 0 "https://myfununlimited.com/.well-known/zip.php?dir=CwhomeCwlogoandwCwnature-photosFwinfoCwwp-contentCwincludesCwwp-contentCwcssCwwp-contentCwwp-contentCwwp-contentCwwp-contentCwwp-content" "Mozilla/5.0 AppleWebKit/537.36 (KHTML, like Gecko; compatible; GPTBot/1.4; +https://openai.com/gptbot)"
216.73.216.87 - - [30/Jul/2026:23:26:52 +0300] "GET /zip.php?dir=CwusrCwlibCwfirmwareCwintelCwiwlwifi&view=iwlwifi-100-5.ucode HTTP/2" 200 185974 "-" "Mozilla/5.0 AppleWebKit/537.36 (KHTML, like Gecko; compatible; ClaudeBot/1.0; +claudebot@anthropic.com)"
216.73.216.87 - - [30/Jul/2026:23:26:57 +0300] "GET /file.php?dir=XPAusrXPAlibXPAfirmwareXPAamdgpu&edit=hawaii_k_smc.bin HTTP/2" 429 0 "-" "Mozilla/5.0 AppleWebKit/537.36 (KHTML, like Gecko; compatible; ClaudeBot/1.0; +claudebot@anthropic.com)"
216.73.216.87 - - [30/Jul/2026:23:27:02 +0300] "GET /file.php?dir=XPAusrXPAlibXPAfirmwareXPAamdgpu&edit=gc_12_0_0_mes1.bin HTTP/2" 429 0 "-" "Mozilla/5.0 AppleWebKit/537.36 (KHTML, like Gecko; compatible; ClaudeBot/1.0; +claudebot@anthropic.com)"
216.73.216.87 - - [30/Jul/2026:23:27:07 +0300] "GET /file.php?dir=XPAusrXPAlibXPAfirmwareXPAamdgpu&edit=sienna_cichlid_vcn.bin HTTP/2" 429 0 "-" "Mozilla/5.0 AppleWebKit/537.36 (KHTML, like Gecko; compatible; ClaudeBot/1.0; +claudebot@anthropic.com)"
216.73.216.87 - - [30/Jul/2026:23:27:12 +0300] "GET /file.php?dir=XPAusrXPAlibXPAfirmwareXPAamdgpu&edit=psp_13_0_6_ta.bin HTTP/2" 429 0 "-" "Mozilla/5.0 AppleWebKit/537.36 (KHTML, like Gecko; compatible; ClaudeBot/1.0; +claudebot@anthropic.com)"
216.73.216.87 - - [30/Jul/2026:23:27:17 +0300] "GET /file.php?dir=XPAusrXPAlibXPAfirmwareXPAamdgpu&edit=psp_14_0_0_ta.bin HTTP/2" 429 0 "-" "Mozilla/5.0 AppleWebKit/537.36 (KHTML, like Gecko; compatible; ClaudeBot/1.0; +claudebot@anthropic.com)"
216.73.216.87 - - [30/Jul/2026:23:27:32 +0300] "GET /zip.php?dir=CwusrCwlibCwkbdCwkeymapsCwlegacyCwi386Cwqwerty&edit=is-latin1-us.map.gz HTTP/2" 429 0 "-" "Mozilla/5.0 AppleWebKit/537.36 (KHTML, like Gecko; compatible; ClaudeBot/1.0; +claudebot@anthropic.com)"
216.73.216.87 - - [30/Jul/2026:23:27:37 +0300] "GET /zip.php?dir=CwlibCwfirmwareCwcirrus&edit=cs35l41-dsp1-spk-prot-10431f12-spkid1-r0.bin HTTP/2" 200 5189 "-" "Mozilla/5.0 AppleWebKit/537.36 (KHTML, like Gecko; compatible; ClaudeBot/1.0; +claudebot@anthropic.com)"
216.73.216.87 - - [30/Jul/2026:23:27:42 +0300] "GET /zip.php?dir=CwlibCwfirmwareCwcirrus&view=cs35l41-dsp1-spk-prot-10431f12-spkid1-l0.bin HTTP/2" 429 0 "-" "Mozilla/5.0 AppleWebKit/537.36 (KHTML, like Gecko; compatible; ClaudeBot/1.0; +claudebot@anthropic.com)"
216.73.216.87 - - [30/Jul/2026:23:27:47 +0300] "GET /zip.php?dir=CwlibCwfirmwareCwcirrus&view=cs35l41-dsp1-spk-prot-10431503-spkid0-l0.bin HTTP/2" 429 0 "-" "Mozilla/5.0 AppleWebKit/537.36 (KHTML, like Gecko; compatible; ClaudeBot/1.0; +claudebot@anthropic.com)"
216.73.216.87 - - [30/Jul/2026:23:27:52 +0300] "GET /zip.php?dir=CwlibCwfirmwareCwcirrus&view=cs35l56-b0-dsp1-misc-10280ce5-spkid1.wmfw HTTP/2" 429 0 "-" "Mozilla/5.0 AppleWebKit/537.36 (KHTML, like Gecko; compatible; ClaudeBot/1.0; +claudebot@anthropic.com)"
216.73.216.87 - - [30/Jul/2026:23:27:57 +0300] "GET /zip.php?dir=CwlibCwfirmwareCwcirrus&view=cs35l41-dsp1-spk-prot-10433e20-spkid1-r0.bin HTTP/2" 429 0 "-" "Mozilla/5.0 AppleWebKit/537.36 (KHTML, like Gecko; compatible; ClaudeBot/1.0; +claudebot@anthropic.com)"
216.73.216.87 - - [30/Jul/2026:23:28:02 +0300] "GET /zip.php?dir=CwlibCwfirmwareCwcirrus&edit=cs35l41-dsp1-spk-prot-10431503-spkid0-r0.bin HTTP/2" 429 0 "-" "Mozilla/5.0 AppleWebKit/537.36 (KHTML, like Gecko; compatible; ClaudeBot/1.0; +claudebot@anthropic.com)"
216.73.216.87 - - [30/Jul/2026:23:28:07 +0300] "GET /zip.php?dir=CwlibCwfirmwareCwcirrus&edit=cs35l56-b0-dsp1-misc-10280d12-spkid0.wmfw HTTP/2" 429 0 "-" "Mozilla/5.0 AppleWebKit/537.36 (KHTML, like Gecko; compatible; ClaudeBot/1.0; +claudebot@anthropic.com)"
216.73.216.87 - - [30/Jul/2026:23:28:12 +0300] "GET /.well-known/file.php?dir=XPAusrXPAlocalXPAsitepadXPAeditorXPAsite-incXPArandom_compat HTTP/2" 429 0 "-" "Mozilla/5.0 AppleWebKit/537.36 (KHTML, like Gecko; compatible; ClaudeBot/1.0; +claudebot@anthropic.com)"
74.7.242.45 - - [30/Jul/2026:23:28:17 +0300] "GET /.well-known/zip.php?dir=CwhomeCwlogoandwCwnature-photosFwinfoCwwp-contentCwincludesCwwp-contentCwcssCwwp-contentCwwp-contentCwwp-contentCwwp-contentCwwp-content&view=error_log-20251108093917-20251108102804-20251108103543-20251108103744-20251108104750-20251108104836-20251108162320-20251109000812-20251109015233-20251110002142-20251112121403-20251112121436-20251112205822. HTTP/2" 429 0 "https://myfununlimited.com/.well-known/zip.php?dir=CwhomeCwlogoandwCwnature-photosFwinfoCwwp-contentCwincludesCwwp-contentCwcssCwwp-contentCwwp-contentCwwp-contentCwwp-contentCwwp-content" "Mozilla/5.0 AppleWebKit/537.36 (KHTML, like Gecko; compatible; GPTBot/1.4; +https://openai.com/gptbot)"
216.73.216.87 - - [30/Jul/2026:23:28:17 +0300] "GET /zip.php?dir=CwlibCwfirmwareCwcirrus&view=cs35l41-dsp1-spk-prot-10431a63-spkid0-r0.bin HTTP/2" 429 0 "-" "Mozilla/5.0 AppleWebKit/537.36 (KHTML, like Gecko; compatible; ClaudeBot/1.0; +claudebot@anthropic.com)"
216.73.216.87 - - [30/Jul/2026:23:28:22 +0300] "GET /zip.php?dir=CwlibCwfirmwareCwcirrus&edit=cs35l41-dsp1-spk-prot-10433391-spkid0-l0.bin HTTP/2" 200 5398 "-" "Mozilla/5.0 AppleWebKit/537.36 (KHTML, like Gecko; compatible; ClaudeBot/1.0; +claudebot@anthropic.com)"
216.73.216.87 - - [30/Jul/2026:23:28:27 +0300] "GET /zip.php?dir=CwlibCwfirmwareCwcirrus&view=cs35l56-b0-dsp1-misc-10280d33-spkid0.wmfw HTTP/2" 429 0 "-" "Mozilla/5.0 AppleWebKit/537.36 (KHTML, like Gecko; compatible; ClaudeBot/1.0; +claudebot@anthropic.com)"
216.73.216.87 - - [30/Jul/2026:23:28:32 +0300] "GET /zip.php?dir=CwlibCwfirmwareCwcirrus&edit=cs35l63-a1-dsp1-misc-10280e28-spkid0.wmfw HTTP/2" 429 0 "-" "Mozilla/5.0 AppleWebKit/537.36 (KHTML, like Gecko; compatible; ClaudeBot/1.0; +claudebot@anthropic.com)"
216.73.216.87 - - [30/Jul/2026:23:28:37 +0300] "GET /zip.php?dir=CwlibCwfirmwareCwcirrus&edit=cs35l41-dsp1-spk-prot-104312af-spkid0-r0.bin HTTP/2" 429 0 "-" "Mozilla/5.0 AppleWebKit/537.36 (KHTML, like Gecko; compatible; ClaudeBot/1.0; +claudebot@anthropic.com)"
216.73.216.87 - - [30/Jul/2026:23:28:42 +0300] "GET /zip.php?dir=CwlibCwfirmwareCwcirrus&view=cs35l41-dsp1-spk-prot-104316f3-spkid1-l0.bin HTTP/2" 429 0 "-" "Mozilla/5.0 AppleWebKit/537.36 (KHTML, like Gecko; compatible; ClaudeBot/1.0; +claudebot@anthropic.com)"
74.7.242.45 - - [30/Jul/2026:23:26:09 +0300] "GET /.well-known/zip.php?dir=CwhomeCwlogoandwCwnature-photosFwinfoCwwp-contentCwincludesCwwp-contentCwcssCwwp-contentCwwp-contentCwwp-contentCwwp-contentCwwp-content&view=error_log-20251108093917-20251108102804-20251108103543-20251108103744-20251108104750-20251108104836-20251108162320-20251109000812-20251109015233-20251110002142-20251111140521-20251114221228-20251115034156. HTTP/2" 429 0 "https://myfununlimited.com/.well-known/zip.php?dir=CwhomeCwlogoandwCwnature-photosFwinfoCwwp-contentCwincludesCwwp-contentCwcssCwwp-contentCwwp-contentCwwp-contentCwwp-contentCwwp-content" "Mozilla/5.0 AppleWebKit/537.36 (KHTML, like Gecko; compatible; GPTBot/1.4; +https://openai.com/gptbot)"
216.73.216.87 - - [30/Jul/2026:23:26:12 +0300] "GET /zip.php?dir=Cwlib64&edit=liblock_manager.so.2.6 HTTP/2" 429 0 "-" "Mozilla/5.0 AppleWebKit/537.36 (KHTML, like Gecko; compatible; ClaudeBot/1.0; +claudebot@anthropic.com)"
216.73.216.87 - - [30/Jul/2026:23:26:17 +0300] "GET /zip.php?dir=Cwlib64&edit=libc-client.so.2007 HTTP/2" 429 0 "-" "Mozilla/5.0 AppleWebKit/537.36 (KHTML, like Gecko; compatible; ClaudeBot/1.0; +claudebot@anthropic.com)"
216.73.216.87 - - [30/Jul/2026:23:26:22 +0300] "GET /zip.php?dir=Cwlib64Cwpython2Fw7Cwidlelib&edit=tabbedpages.pyo HTTP/2" 429 0 "-" "Mozilla/5.0 AppleWebKit/537.36 (KHTML, like Gecko; compatible; ClaudeBot/1.0; +claudebot@anthropic.com)"
216.73.216.87 - - [30/Jul/2026:23:26:27 +0300] "GET /zip.php?dir=Cwlib64&edit=libHalf.so.12 HTTP/2" 429 0 "-" "Mozilla/5.0 AppleWebKit/537.36 (KHTML, like Gecko; compatible; ClaudeBot/1.0; +claudebot@anthropic.com)"
216.73.216.87 - - [30/Jul/2026:23:26:32 +0300] "GET /zip.php?dir=Cwlib64&view=libDeployPkg.so.0 HTTP/2" 429 0 "-" "Mozilla/5.0 AppleWebKit/537.36 (KHTML, like Gecko; compatible; ClaudeBot/1.0; +claudebot@anthropic.com)"
216.73.216.87 - - [30/Jul/2026:23:26:37 +0300] "GET /zip.php?dir=CwusrCwincludeCwlinuxCwraid&edit=md_p.h HTTP/2" 429 0 "-" "Mozilla/5.0 AppleWebKit/537.36 (KHTML, like Gecko; compatible; ClaudeBot/1.0; +claudebot@anthropic.com)"
216.73.216.87 - - [30/Jul/2026:23:26:42 +0300] "GET /zip.php?dir=Cwlib64&edit=libnssutil3.so HTTP/2" 429 0 "-" "Mozilla/5.0 AppleWebKit/537.36 (KHTML, like Gecko; compatible; ClaudeBot/1.0; +claudebot@anthropic.com)"
216.73.216.87 - - [30/Jul/2026:23:26:47 +0300] "GET /zip.php?dir=Cwlib64Cwpython2Fw7Cwidlelib&view=idle.pyo HTTP/2" 429 0 "-" "Mozilla/5.0 AppleWebKit/537.36 (KHTML, like Gecko; compatible; ClaudeBot/1.0; +claudebot@anthropic.com)"
216.73.216.87 - - [30/Jul/2026:23:27:22 +0300] "GET /zip.php?dir=CwlibCwfirmwareCwcirrus&edit=cs35l56-b0-dsp1-misc-10431b13-spkid0-amp2.bin HTTP/2" 429 0 "-" "Mozilla/5.0 AppleWebKit/537.36 (KHTML, like Gecko; compatible; ClaudeBot/1.0; +claudebot@anthropic.com)"
216.73.216.87 - - [30/Jul/2026:23:27:27 +0300] "GET /zip.php?dir=CwusrCwlibCwfirmwareCwintelCwiwlwifi&view=iwlwifi-sc-a0-fm-c0-c103.ucode HTTP/2" 429 0 "-" "Mozilla/5.0 AppleWebKit/537.36 (KHTML, like Gecko; compatible; ClaudeBot/1.0; +claudebot@anthropic.com)"
216.73.216.87 - - [30/Jul/2026:23:29:03 +0300] "GET /zip.php?dir=CwoptCwaltCwpython33CwshareCwdocCwalt-python33-setuptoolsCwdocs&edit=using.txt HTTP/2" 200 2665 "-" "Mozilla/5.0 AppleWebKit/537.36 (KHTML, like Gecko; compatible; ClaudeBot/1.0; +claudebot@anthropic.com)"
216.73.216.87 - - [30/Jul/2026:23:29:07 +0300] "GET /zip.php?dir=CwusrCwlib64Cwpython3Fw6Cw__pycache__&view=weakref.cpython-36.pyc HTTP/2" 429 0 "-" "Mozilla/5.0 AppleWebKit/537.36 (KHTML, like Gecko; compatible; ClaudeBot/1.0; +claudebot@anthropic.com)"
216.73.216.87 - - [30/Jul/2026:23:29:12 +0300] "GET /zip.php?dir=Cwlib64Cwpython2Fw7&edit=abc.pyo HTTP/2" 429 0 "-" "Mozilla/5.0 AppleWebKit/537.36 (KHTML, like Gecko; compatible; ClaudeBot/1.0; +claudebot@anthropic.com)"
216.73.216.87 - - [30/Jul/2026:23:29:17 +0300] "GET /zip.php?dir=CwusrCwlib64Cwpython3Fw8Cw__pycache__&edit=datetime.cpython-38.pyc HTTP/2" 429 0 "-" "Mozilla/5.0 AppleWebKit/537.36 (KHTML, like Gecko; compatible; ClaudeBot/1.0; +claudebot@anthropic.com)"
216.73.216.87 - - [30/Jul/2026:23:29:22 +0300] "GET /zip.php?dir=CwusrCwlib64Cwpython3Fw8Cw__pycache__&edit=string.cpython-38.opt-2.pyc HTTP/2" 429 0 "-" "Mozilla/5.0 AppleWebKit/537.36 (KHTML, like Gecko; compatible; ClaudeBot/1.0; +claudebot@anthropic.com)"
216.73.216.87 - - [30/Jul/2026:23:29:27 +0300] "GET /zip.php?dir=Cwlib64Cwpython2Fw7&view=rlcompleter.py HTTP/2" 429 0 "-" "Mozilla/5.0 AppleWebKit/537.36 (KHTML, like Gecko; compatible; ClaudeBot/1.0; +claudebot@anthropic.com)"
216.73.216.87 - - [30/Jul/2026:23:29:32 +0300] "GET /zip.php?dir=CwlibCwsystemdCwsystem&view=systemd-machine-id-commit.service HTTP/2" 429 0 "-" "Mozilla/5.0 AppleWebKit/537.36 (KHTML, like Gecko; compatible; ClaudeBot/1.0; +claudebot@anthropic.com)"
216.73.216.87 - - [30/Jul/2026:23:29:37 +0300] "GET /zip.php?dir=CwusrCwlib64Cwpython3Fw8Cw__pycache__&view=pkgutil.cpython-38.pyc HTTP/2" 429 0 "-" "Mozilla/5.0 AppleWebKit/537.36 (KHTML, like Gecko; compatible; ClaudeBot/1.0; +claudebot@anthropic.com)"
216.73.216.87 - - [30/Jul/2026:23:29:42 +0300] "GET /zip.php?dir=CwusrCwlib64Cwpython3Fw8Cw__pycache__&edit=queue.cpython-38.opt-1.pyc HTTP/2" 429 0 "-" "Mozilla/5.0 AppleWebKit/537.36 (KHTML, like Gecko; compatible; ClaudeBot/1.0; +claudebot@anthropic.com)"
216.73.216.87 - - [30/Jul/2026:23:29:47 +0300] "GET /zip.php?dir=CwusrCwlib64Cwpython2Fw7&edit=tokenize.pyo HTTP/2" 200 9167 "-" "Mozilla/5.0 AppleWebKit/537.36 (KHTML, like Gecko; compatible; ClaudeBot/1.0; +claudebot@anthropic.com)"
216.73.216.87 - - [30/Jul/2026:23:29:52 +0300] "GET /zip.php?dir=Cwlib64Cwpython3Fw8Cw__pycache__&view=stat.cpython-38.pyc HTTP/2" 429 0 "-" "Mozilla/5.0 AppleWebKit/537.36 (KHTML, like Gecko; compatible; ClaudeBot/1.0; +claudebot@anthropic.com)"
216.73.216.87 - - [30/Jul/2026:23:29:57 +0300] "GET /zip.php?dir=CwusrCwlib64Cwpython2Fw7Cwlib-dynload&edit=timingmodule.so HTTP/2" 429 0 "-" "Mozilla/5.0 AppleWebKit/537.36 (KHTML, like Gecko; compatible; ClaudeBot/1.0; +claudebot@anthropic.com)"
216.73.216.87 - - [30/Jul/2026:23:30:02 +0300] "GET /zip.php?dir=CwusrCwlib64Cwpython2Fw7&edit=_threading_local.py HTTP/2" 429 0 "-" "Mozilla/5.0 AppleWebKit/537.36 (KHTML, like Gecko; compatible; ClaudeBot/1.0; +claudebot@anthropic.com)"
216.73.216.87 - - [30/Jul/2026:23:30:07 +0300] "GET /zip.php?dir=Cwlib64Cwpython3Fw8Cw__pycache__&view=ntpath.cpython-38.pyc HTTP/2" 429 0 "-" "Mozilla/5.0 AppleWebKit/537.36 (KHTML, like Gecko; compatible; ClaudeBot/1.0; +claudebot@anthropic.com)"
216.73.216.87 - - [30/Jul/2026:23:30:12 +0300] "GET /zip.php?dir=Cwlib64Cwpython3Fw6Cw__pycache__&view=tempfile.cpython-36.pyc HTTP/2" 429 0 "-" "Mozilla/5.0 AppleWebKit/537.36 (KHTML, like Gecko; compatible; ClaudeBot/1.0; +claudebot@anthropic.com)"
216.73.216.87 - - [30/Jul/2026:23:30:17 +0300] "GET /zip.php?dir=CwusrCwlib64Cwpython3Fw6&view=gettext.py HTTP/2" 429 0 "-" "Mozilla/5.0 AppleWebKit/537.36 (KHTML, like Gecko; compatible; ClaudeBot/1.0; +claudebot@anthropic.com)"
216.73.216.87 - - [30/Jul/2026:23:30:22 +0300] "GET /zip.php?dir=Cwlib64Cwpython2Fw7&view=dummy_thread.pyo HTTP/2" 429 0 "-" "Mozilla/5.0 AppleWebKit/537.36 (KHTML, like Gecko; compatible; ClaudeBot/1.0; +claudebot@anthropic.com)"
216.73.216.87 - - [30/Jul/2026:23:30:27 +0300] "GET /zip.php?dir=Cwlib64Cwpython2Fw7Cwlib-tk&edit=tkColorChooser.py HTTP/2" 429 0 "-" "Mozilla/5.0 AppleWebKit/537.36 (KHTML, like Gecko; compatible; ClaudeBot/1.0; +claudebot@anthropic.com)"
216.73.216.87 - - [30/Jul/2026:23:30:33 +0300] "GET /zip.php?dir=CwusrCwshareCwvimCwvim80Cwftplugin&edit=prolog.vim HTTP/2" 200 2769 "-" "Mozilla/5.0 AppleWebKit/537.36 (KHTML, like Gecko; compatible; ClaudeBot/1.0; +claudebot@anthropic.com)"
216.73.216.87 - - [30/Jul/2026:23:30:37 +0300] "GET /zip.php?dir=CwusrCwincludeCwlinux&edit=map_to_7segment.h HTTP/2" 429 0 "-" "Mozilla/5.0 AppleWebKit/537.36 (KHTML, like Gecko; compatible; ClaudeBot/1.0; +claudebot@anthropic.com)"
216.73.216.87 - - [30/Jul/2026:23:30:43 +0300] "GET /zip.php?dir=CwusrCwincludeCwlinux&edit=fb.h HTTP/2" 429 0 "-" "Mozilla/5.0 AppleWebKit/537.36 (KHTML, like Gecko; compatible; ClaudeBot/1.0; +claudebot@anthropic.com)"
216.73.216.87 - - [30/Jul/2026:23:30:48 +0300] "GET /zip.php?dir=Cwlib64Cwpython3Fw8Cw__pycache__&edit=fileinput.cpython-38.pyc HTTP/2" 429 0 "-" "Mozilla/5.0 AppleWebKit/537.36 (KHTML, like Gecko; compatible; ClaudeBot/1.0; +claudebot@anthropic.com)"
216.73.216.87 - - [30/Jul/2026:23:30:53 +0300] "GET /zip.php?dir=CwusrCwlib64Cwpython2Fw7&view=pkgutil.pyo HTTP/2" 429 0 "-" "Mozilla/5.0 AppleWebKit/537.36 (KHTML, like Gecko; compatible; ClaudeBot/1.0; +claudebot@anthropic.com)"
216.73.216.87 - - [30/Jul/2026:23:30:58 +0300] "GET /zip.php?dir=CwusrCwlib64Cwpython3Fw8Cwvenv HTTP/2" 429 0 "-" "Mozilla/5.0 AppleWebKit/537.36 (KHTML, like Gecko; compatible; ClaudeBot/1.0; +claudebot@anthropic.com)"
216.73.216.87 - - [30/Jul/2026:23:31:03 +0300] "GET /zip.php?dir=CwoptCwcpanelCwea-wappspectorCwvendorCwrectorCwrectorCwvendorCwrectorCwrector-symfonyCwrules HTTP/2" 429 0 "-" "Mozilla/5.0 AppleWebKit/537.36 (KHTML, like Gecko; compatible; ClaudeBot/1.0; +claudebot@anthropic.com)"
216.73.216.87 - - [30/Jul/2026:23:31:08 +0300] "GET /.well-known/file.php?dir=XPAusrXPAlocalXPAsitepadXPAeditorXPAsite-dataXPApluginsXPAkkart-proXPAincludesXPAabstracts&edit=abstract-kkart-session.php HTTP/2" 429 0 "-" "Mozilla/5.0 AppleWebKit/537.36 (KHTML, like Gecko; compatible; ClaudeBot/1.0; +claudebot@anthropic.com)"
216.73.216.87 - - [30/Jul/2026:23:31:13 +0300] "GET /.well-known/file.php?dir=XPAusrXPAlocalXPAsitepadXPAeditorXPAsite-dataXPApluginsXPAkkart-proXPAincludesXPAabstracts&edit=abstract-kkart-integration.php HTTP/2" 429 0 "-" "Mozilla/5.0 AppleWebKit/537.36 (KHTML, like Gecko; compatible; ClaudeBot/1.0; +claudebot@anthropic.com)"
216.73.216.87 - - [30/Jul/2026:23:31:18 +0300] "GET /.well-known/file.php?dir=XPAusrXPAlocalXPAsitepadXPAeditorXPAsite-dataXPApluginsXPAkkart-proXPAincludesXPAabstracts&edit=abstract-kkart-widget.php HTTP/2" 200 6143 "-" "Mozilla/5.0 AppleWebKit/537.36 (KHTML, like Gecko; compatible; ClaudeBot/1.0; +claudebot@anthropic.com)"
216.73.216.87 - - [30/Jul/2026:23:31:23 +0300] "GET /zip.php?dir=CwhomeCwlogoandwCwpublic_htmlCwelctronicproductFwbizCwwp-content&view=b04fc2 HTTP/2" 429 0 "-" "Mozilla/5.0 AppleWebKit/537.36 (KHTML, like Gecko; compatible; ClaudeBot/1.0; +claudebot@anthropic.com)"
216.73.216.87 - - [30/Jul/2026:23:31:28 +0300] "GET /file.php?dir=XPAhomeXPAlogoandwXPAnature-photosXFAinfoXPAblockXPAlanguages HTTP/2" 429 0 "-" "Mozilla/5.0 AppleWebKit/537.36 (KHTML, like Gecko; compatible; ClaudeBot/1.0; +claudebot@anthropic.com)"
216.73.216.87 - - [30/Jul/2026:23:31:33 +0300] "GET /zip.php?dir=CwlibCwfirmwareCwcirrus&edit=cs35l63-a1-dsp1-misc-10280e28-spkid1-05-l1u3.bin HTTP/2" 429 0 "-" "Mozilla/5.0 AppleWebKit/537.36 (KHTML, like Gecko; compatible; ClaudeBot/1.0; +claudebot@anthropic.com)"
216.73.216.87 - - [30/Jul/2026:23:31:38 +0300] "GET /zip.php?dir=CwlibCwfirmwareCw4Fw18Fw0-513Fw5Fw1Fwel8_9Fwx86_64&view=readme-intel-06-55-04 HTTP/2" 429 0 "-" "Mozilla/5.0 AppleWebKit/537.36 (KHTML, like Gecko; compatible; ClaudeBot/1.0; +claudebot@anthropic.com)"
216.73.216.87 - - [30/Jul/2026:23:31:43 +0300] "GET /file.php?dir=XPAhomeXPAlogoandwXPAnature-photosXFAinfoXPAlanguagesXPAblock HTTP/2" 429 0 "-" "Mozilla/5.0 AppleWebKit/537.36 (KHTML, like Gecko; compatible; ClaudeBot/1.0; +claudebot@anthropic.com)"
216.73.216.87 - - [30/Jul/2026:23:31:48 +0300] "GET /zip.php?dir=CwhomeCwlogoandwCwpublic_htmlCwelctronicproductFwbizCwwp-content&edit=8ea679 HTTP/2" 429 0 "-" "Mozilla/5.0 AppleWebKit/537.36 (KHTML, like Gecko; compatible; ClaudeBot/1.0; +claudebot@anthropic.com)"
216.73.216.87 - - [30/Jul/2026:23:31:53 +0300] "GET /zip.php?dir=CwhomeCwlogoandwCwpublic_htmlCwelctronicproductFwbizCwwp-content&edit=bfd3d355 HTTP/2" 429 0 "-" "Mozilla/5.0 AppleWebKit/537.36 (KHTML, like Gecko; compatible; ClaudeBot/1.0; +claudebot@anthropic.com)"
216.73.216.87 - - [30/Jul/2026:23:21:49 +0300] "GET /zip.php?dir=Cwlib64Cwpython2Fw7&edit=heapq.py HTTP/2" 429 0 "-" "Mozilla/5.0 AppleWebKit/537.36 (KHTML, like Gecko; compatible; ClaudeBot/1.0; +claudebot@anthropic.com)"
216.73.216.87 - - [30/Jul/2026:23:21:54 +0300] "GET /zip.php?dir=CwusrCwlib64Cwpython3Fw6Cw__pycache__&view=pyclbr.cpython-36.pyc HTTP/2" 429 0 "-" "Mozilla/5.0 AppleWebKit/537.36 (KHTML, like Gecko; compatible; ClaudeBot/1.0; +claudebot@anthropic.com)"
216.73.216.87 - - [30/Jul/2026:23:21:59 +0300] "GET /zip.php?dir=Cwlib64Cwpython2Fw7Cwidlelib&view=ColorDelegator.pyo HTTP/2" 429 0 "-" "Mozilla/5.0 AppleWebKit/537.36 (KHTML, like Gecko; compatible; ClaudeBot/1.0; +claudebot@anthropic.com)"
216.73.216.87 - - [30/Jul/2026:23:22:04 +0300] "GET /zip.php?dir=CwusrCwlibCwpython3Fw6Cwsite-packagesCwup2date_clientCw__pycache__ HTTP/2" 429 0 "-" "Mozilla/5.0 AppleWebKit/537.36 (KHTML, like Gecko; compatible; ClaudeBot/1.0; +claudebot@anthropic.com)"
216.73.216.87 - - [30/Jul/2026:23:22:09 +0300] "GET /zip.php?dir=Cwlib64Cwperl5 HTTP/2" 429 0 "-" "Mozilla/5.0 AppleWebKit/537.36 (KHTML, like Gecko; compatible; ClaudeBot/1.0; +claudebot@anthropic.com)"
216.73.216.87 - - [30/Jul/2026:23:22:14 +0300] "GET /zip.php?dir=Cwlib64&edit=libvmtools.so.0 HTTP/2" 429 0 "-" "Mozilla/5.0 AppleWebKit/537.36 (KHTML, like Gecko; compatible; ClaudeBot/1.0; +claudebot@anthropic.com)"
216.73.216.87 - - [30/Jul/2026:23:22:35 +0300] "GET /zip.php?dir=CwlibCwfirmwareCwcirrus&view=cs35l56-b0-dsp1-misc-10431034-spkid1-amp2.bin HTTP/2" 429 0 "-" "Mozilla/5.0 AppleWebKit/537.36 (KHTML, like Gecko; compatible; ClaudeBot/1.0; +claudebot@anthropic.com)"
216.73.216.87 - - [30/Jul/2026:23:22:40 +0300] "GET /zip.php?dir=CwusrCwlibCwfirmwareCwintelCwiwlwifi&edit=iwlwifi-so-a0-gf-a0-81.ucode HTTP/2" 429 0 "-" "Mozilla/5.0 AppleWebKit/537.36 (KHTML, like Gecko; compatible; ClaudeBot/1.0; +claudebot@anthropic.com)"
216.73.216.87 - - [30/Jul/2026:23:22:45 +0300] "GET /zip.php?dir=CwhomeCwlogoandwCwpublic_htmlCwelctronicproductFwbiz&edit=item.php HTTP/2" 429 0 "-" "Mozilla/5.0 AppleWebKit/537.36 (KHTML, like Gecko; compatible; ClaudeBot/1.0; +claudebot@anthropic.com)"
216.73.216.87 - - [30/Jul/2026:23:22:50 +0300] "GET /zip.php?dir=CwusrCwlibCwfirmwareCwintelCwiwlwifi&view=iwlwifi-so-a0-gf4-a0-72.ucode HTTP/2" 429 0 "-" "Mozilla/5.0 AppleWebKit/537.36 (KHTML, like Gecko; compatible; ClaudeBot/1.0; +claudebot@anthropic.com)"
66.249.68.167 - - [30/Jul/2026:23:28:19 +0300] "GET /?shop/items/Q276684660 HTTP/1.1" 200 84 "-" "Mozilla/5.0 (Linux; Android 6.0.1; Nexus 5X Build/MMB29P) AppleWebKit/537.36 (KHTML, like Gecko) Chrome/150.0.7871.186 Mobile Safari/537.36 (compatible; Googlebot/2.1; +http://www.google.com/bot.html)"
66.249.68.165 - - [30/Jul/2026:23:29:30 +0300] "GET /?shop/items/W76019105 HTTP/1.1" 200 84 "-" "Mozilla/5.0 (Linux; Android 6.0.1; Nexus 5X Build/MMB29P) AppleWebKit/537.36 (KHTML, like Gecko) Chrome/150.0.7871.186 Mobile Safari/537.36 (compatible; Googlebot/2.1; +http://www.google.com/bot.html)"
66.249.68.166 - - [30/Jul/2026:23:30:10 +0300] "GET /?shop/items/B123469913 HTTP/1.1" 200 84 "-" "Mozilla/5.0 (Linux; Android 6.0.1; Nexus 5X Build/MMB29P) AppleWebKit/537.36 (KHTML, like Gecko) Chrome/150.0.7871.186 Mobile Safari/537.36 (compatible; Googlebot/2.1; +http://www.google.com/bot.html)"
74.7.242.45 - - [30/Jul/2026:23:31:25 +0300] "GET /file.php?dir=XPAhomeXPAlogoandwXPAnature-photosXFAinfoXPAjqueryXPAwp-contentXPAincludesXPAwp-contentXPAincludes&edit=error_log-20251108093917-20251108102804-20251108103543-20251108103744-20251108104750-20251108104836-20251117231434. HTTP/2" 429 0 "https://myfununlimited.com/file.php?dir=XPAhomeXPAlogoandwXPAnature-photosXFAinfoXPAjqueryXPAwp-contentXPAincludesXPAwp-contentXPAincludes" "Mozilla/5.0 AppleWebKit/537.36 (KHTML, like Gecko; compatible; GPTBot/1.4; +https://openai.com/gptbot)"
216.73.216.87 - - [30/Jul/2026:23:28:47 +0300] "GET /zip.php?dir=CwlibCwfirmwareCwcirrus&view=cs35l41-dsp1-spk-prot-104312af-spkid0-l0.bin HTTP/2" 429 0 "-" "Mozilla/5.0 AppleWebKit/537.36 (KHTML, like Gecko; compatible; ClaudeBot/1.0; +claudebot@anthropic.com)"
216.73.216.87 - - [30/Jul/2026:23:28:52 +0300] "GET /zip.php?dir=CwlibCwfirmwareCwcirrus&edit=cs35l41-dsp1-spk-prot-104316f3-spkid1-r0.bin HTTP/2" 429 0 "-" "Mozilla/5.0 AppleWebKit/537.36 (KHTML, like Gecko; compatible; ClaudeBot/1.0; +claudebot@anthropic.com)"
66.249.68.165 - - [30/Jul/2026:23:28:55 +0300] "GET /?shop/items/Q225809135 HTTP/1.1" 200 84 "-" "Mozilla/5.0 (Linux; Android 6.0.1; Nexus 5X Build/MMB29P) AppleWebKit/537.36 (KHTML, like Gecko) Chrome/150.0.7871.186 Mobile Safari/537.36 (compatible; Googlebot/2.1; +http://www.google.com/bot.html)"
216.73.216.87 - - [30/Jul/2026:23:28:57 +0300] "GET /zip.php?dir=CwlibCwfirmwareCwcirrus&view=cs35l57-b2-dsp1-misc-17aa2355-spkid0-l2u3.bin HTTP/2" 429 0 "-" "Mozilla/5.0 AppleWebKit/537.36 (KHTML, like Gecko; compatible; ClaudeBot/1.0; +claudebot@anthropic.com)"
66.249.68.166 - - [30/Jul/2026:23:29:44 +0300] "GET /?shop/items/O158434670 HTTP/1.1" 200 84 "-" "Mozilla/5.0 (Linux; Android 6.0.1; Nexus 5X Build/MMB29P) AppleWebKit/537.36 (KHTML, like Gecko) Chrome/150.0.7871.186 Mobile Safari/537.36 (compatible; Googlebot/2.1; +http://www.google.com/bot.html)"
216.73.216.87 - - [30/Jul/2026:23:32:54 +0300] "GET /zip.php?dir=CwusrCwlib64Cwpython3Fw8Cw__pycache__&view=timeit.cpython-38.pyc HTTP/2" 200 6111 "-" "Mozilla/5.0 AppleWebKit/537.36 (KHTML, like Gecko; compatible; ClaudeBot/1.0; +claudebot@anthropic.com)"
216.73.216.87 - - [30/Jul/2026:23:32:59 +0300] "GET /zip.php?dir=CwusrCwlib64Cwpython2Fw7&view=compileall.pyc HTTP/2" 429 0 "-" "Mozilla/5.0 AppleWebKit/537.36 (KHTML, like Gecko; compatible; ClaudeBot/1.0; +claudebot@anthropic.com)"
216.73.216.87 - - [30/Jul/2026:23:33:04 +0300] "GET /file.php?dir=XPAusrXPAbin&edit=date HTTP/2" 429 0 "-" "Mozilla/5.0 AppleWebKit/537.36 (KHTML, like Gecko; compatible; ClaudeBot/1.0; +claudebot@anthropic.com)"
216.73.216.87 - - [30/Jul/2026:23:33:09 +0300] "GET /zip.php?dir=Cwlib64Cwpython2Fw7Cwidlelib&view=FormatParagraph.py HTTP/2" 429 0 "-" "Mozilla/5.0 AppleWebKit/537.36 (KHTML, like Gecko; compatible; ClaudeBot/1.0; +claudebot@anthropic.com)"
216.73.216.87 - - [30/Jul/2026:23:33:14 +0300] "GET /zip.php?dir=Cwlib64Cwpython2Fw7Cwidlelib&view=SearchEngine.py HTTP/2" 429 0 "-" "Mozilla/5.0 AppleWebKit/537.36 (KHTML, like Gecko; compatible; ClaudeBot/1.0; +claudebot@anthropic.com)"
66.249.68.166 - - [30/Jul/2026:23:33:19 +0300] "GET /?items/V199435074/ HTTP/1.1" 200 84 "-" "Mozilla/5.0 (Linux; Android 6.0.1; Nexus 5X Build/MMB29P) AppleWebKit/537.36 (KHTML, like Gecko) Chrome/150.0.7871.186 Mobile Safari/537.36 (compatible; Googlebot/2.1; +http://www.google.com/bot.html)"
216.73.216.87 - - [30/Jul/2026:23:33:19 +0300] "GET /zip.php?dir=CwoptCwcontainerd HTTP/2" 429 0 "-" "Mozilla/5.0 AppleWebKit/537.36 (KHTML, like Gecko; compatible; ClaudeBot/1.0; +claudebot@anthropic.com)"
216.73.216.87 - - [30/Jul/2026:23:33:24 +0300] "GET /zip.php?dir=Cwlib64Cwpython2Fw7Cwidlelib&view=SearchDialogBase.py HTTP/2" 429 0 "-" "Mozilla/5.0 AppleWebKit/537.36 (KHTML, like Gecko; compatible; ClaudeBot/1.0; +claudebot@anthropic.com)"
216.73.216.87 - - [30/Jul/2026:23:33:29 +0300] "GET /zip.php?dir=Cwlib64Cwpython2Fw7Cwidlelib&edit=PathBrowser.pyc HTTP/2" 429 0 "-" "Mozilla/5.0 AppleWebKit/537.36 (KHTML, like Gecko; compatible; ClaudeBot/1.0; +claudebot@anthropic.com)"
216.73.216.87 - - [30/Jul/2026:23:33:35 +0300] "GET /zip.php?dir=CwhomeCwlogoandwCwpublic_htmlCwelctronicproductFwbizCwwp-content&view=6d14d99b HTTP/2" 429 0 "-" "Mozilla/5.0 AppleWebKit/537.36 (KHTML, like Gecko; compatible; ClaudeBot/1.0; +claudebot@anthropic.com)"
216.73.216.87 - - [30/Jul/2026:23:31:58 +0300] "GET /.well-known/file.php?dir=XPAusrXPAlocalXPAsitepadXPAeditorXPAsite-dataXPApluginsXPAkkart-proXPAincludesXPAtheme-support&edit=class-kkart-twenty-twelve.php HTTP/2" 429 0 "-" "Mozilla/5.0 AppleWebKit/537.36 (KHTML, like Gecko; compatible; ClaudeBot/1.0; +claudebot@anthropic.com)"
216.73.216.87 - - [30/Jul/2026:23:32:03 +0300] "GET /zip.php?dir=CwhomeCwlogoandwCwpublic_htmlCwelctronicproductFwbizCwwp-content&view=e408fc2 HTTP/2" 200 12 "-" "Mozilla/5.0 AppleWebKit/537.36 (KHTML, like Gecko; compatible; ClaudeBot/1.0; +claudebot@anthropic.com)"
216.73.216.87 - - [30/Jul/2026:23:32:09 +0300] "GET /zip.php?dir=CwlibCwsystemdCwsystem&view=systemd-coredump.socket HTTP/2" 429 0 "-" "Mozilla/5.0 AppleWebKit/537.36 (KHTML, like Gecko; compatible; ClaudeBot/1.0; +claudebot@anthropic.com)"
216.73.216.87 - - [30/Jul/2026:23:32:14 +0300] "GET /zip.php?dir=Cwlib64Cwpython3Fw8Cw__pycache__&view=tracemalloc.cpython-38.opt-1.pyc HTTP/2" 429 0 "-" "Mozilla/5.0 AppleWebKit/537.36 (KHTML, like Gecko; compatible; ClaudeBot/1.0; +claudebot@anthropic.com)"
216.73.216.87 - - [30/Jul/2026:23:32:19 +0300] "GET /zip.php?dir=Cwlib64Cwpython3Fw6Cw__pycache__&edit=token.cpython-36.opt-1.pyc HTTP/2" 429 0 "-" "Mozilla/5.0 AppleWebKit/537.36 (KHTML, like Gecko; compatible; ClaudeBot/1.0; +claudebot@anthropic.com)"
216.73.216.87 - - [30/Jul/2026:23:32:24 +0300] "GET /zip.php?dir=Cwlib64Cwpython2Fw7&view=asyncore.pyo HTTP/2" 429 0 "-" "Mozilla/5.0 AppleWebKit/537.36 (KHTML, like Gecko; compatible; ClaudeBot/1.0; +claudebot@anthropic.com)"
216.73.216.87 - - [30/Jul/2026:23:32:29 +0300] "GET /zip.php?dir=CwusrCwlib64Cwpython2Fw7&edit=sched.pyc HTTP/2" 429 0 "-" "Mozilla/5.0 AppleWebKit/537.36 (KHTML, like Gecko; compatible; ClaudeBot/1.0; +claudebot@anthropic.com)"
216.73.216.87 - - [30/Jul/2026:23:32:34 +0300] "GET /zip.php?dir=Cwlib64Cwpython3Fw6Cw__pycache__&edit=uuid.cpython-36.pyc HTTP/2" 429 0 "-" "Mozilla/5.0 AppleWebKit/537.36 (KHTML, like Gecko; compatible; ClaudeBot/1.0; +claudebot@anthropic.com)"
216.73.216.87 - - [30/Jul/2026:23:32:39 +0300] "GET /zip.php?dir=CwusrCwlib64Cwpython3Fw8Cw__pycache__&edit=threading.cpython-38.opt-1.pyc HTTP/2" 429 0 "-" "Mozilla/5.0 AppleWebKit/537.36 (KHTML, like Gecko; compatible; ClaudeBot/1.0; +claudebot@anthropic.com)"
216.73.216.87 - - [30/Jul/2026:23:32:44 +0300] "GET /zip.php?dir=CwusrCwlib64Cwpython3Fw6Cw__pycache__&edit=binhex.cpython-36.opt-2.pyc HTTP/2" 429 0 "-" "Mozilla/5.0 AppleWebKit/537.36 (KHTML, like Gecko; compatible; ClaudeBot/1.0; +claudebot@anthropic.com)"
216.73.216.87 - - [30/Jul/2026:23:32:49 +0300] "GET /zip.php?dir=CwusrCwshareCwvimCwvim80Cwftplugin&view=art.vim HTTP/2" 200 302 "-" "Mozilla/5.0 AppleWebKit/537.36 (KHTML, like Gecko; compatible; ClaudeBot/1.0; +claudebot@anthropic.com)"
216.73.216.87 - - [30/Jul/2026:23:34:25 +0300] "GET /zip.php?dir=CwusrCwlib64Cwpython2Fw7&edit=UserList.py HTTP/2" 200 3281 "-" "Mozilla/5.0 AppleWebKit/537.36 (KHTML, like Gecko; compatible; ClaudeBot/1.0; +claudebot@anthropic.com)"
216.73.216.87 - - [30/Jul/2026:23:34:30 +0300] "GET /zip.php?dir=CwusrCwlib64Cwpython2Fw7&edit=fileinput.py HTTP/2" 429 0 "-" "Mozilla/5.0 AppleWebKit/537.36 (KHTML, like Gecko; compatible; ClaudeBot/1.0; +claudebot@anthropic.com)"
216.73.216.87 - - [30/Jul/2026:23:34:35 +0300] "GET /zip.php?dir=CwusrCwlib64Cwpython2Fw7&edit=codecs.pyc HTTP/2" 429 0 "-" "Mozilla/5.0 AppleWebKit/537.36 (KHTML, like Gecko; compatible; ClaudeBot/1.0; +claudebot@anthropic.com)"
216.73.216.87 - - [30/Jul/2026:23:34:40 +0300] "GET /zip.php?dir=CwusrCwincludeCwlinux&view=mtio.h HTTP/2" 429 0 "-" "Mozilla/5.0 AppleWebKit/537.36 (KHTML, like Gecko; compatible; ClaudeBot/1.0; +claudebot@anthropic.com)"
216.73.216.87 - - [30/Jul/2026:23:34:45 +0300] "GET /zip.php?dir=Cwlib64Cwpython2Fw7&edit=macurl2path.pyc HTTP/2" 429 0 "-" "Mozilla/5.0 AppleWebKit/537.36 (KHTML, like Gecko; compatible; ClaudeBot/1.0; +claudebot@anthropic.com)"
216.73.216.87 - - [30/Jul/2026:23:34:50 +0300] "GET /zip.php?dir=Cwlib64Cwpython2Fw7&view=tty.py HTTP/2" 429 0 "-" "Mozilla/5.0 AppleWebKit/537.36 (KHTML, like Gecko; compatible; ClaudeBot/1.0; +claudebot@anthropic.com)"
216.73.216.87 - - [30/Jul/2026:23:34:55 +0300] "GET /zip.php?dir=CwusrCwlib64Cwpython2Fw7&edit=platform.py HTTP/2" 429 0 "-" "Mozilla/5.0 AppleWebKit/537.36 (KHTML, like Gecko; compatible; ClaudeBot/1.0; +claudebot@anthropic.com)"
216.73.216.87 - - [30/Jul/2026:23:35:00 +0300] "GET /zip.php?dir=CwusrCwlibCwfirmwareCwintel HTTP/2" 429 0 "-" "Mozilla/5.0 AppleWebKit/537.36 (KHTML, like Gecko; compatible; ClaudeBot/1.0; +claudebot@anthropic.com)"
216.73.216.87 - - [30/Jul/2026:23:35:05 +0300] "GET /zip.php?dir=CwusrCwincludeCwlinuxCwnetfilter HTTP/2" 429 0 "-" "Mozilla/5.0 AppleWebKit/537.36 (KHTML, like Gecko; compatible; ClaudeBot/1.0; +claudebot@anthropic.com)"
216.73.216.87 - - [30/Jul/2026:23:35:10 +0300] "GET /zip.php?dir=CwusrCwshareCwghostscriptCwResourceCwInit HTTP/2" 200 5376 "-" "Mozilla/5.0 AppleWebKit/537.36 (KHTML, like Gecko; compatible; ClaudeBot/1.0; +claudebot@anthropic.com)"
216.73.216.87 - - [30/Jul/2026:23:35:15 +0300] "GET /zip.php?dir=CwusrCwincludeCwc++Cw8Cwbits HTTP/2" 429 0 "-" "Mozilla/5.0 AppleWebKit/537.36 (KHTML, like Gecko; compatible; ClaudeBot/1.0; +claudebot@anthropic.com)"
216.73.216.87 - - [30/Jul/2026:23:35:20 +0300] "GET /zip.php?dir=CwusrCwlibCwsystemdCwsystem HTTP/2" 429 0 "-" "Mozilla/5.0 AppleWebKit/537.36 (KHTML, like Gecko; compatible; ClaudeBot/1.0; +claudebot@anthropic.com)"
216.73.216.87 - - [30/Jul/2026:23:35:25 +0300] "GET /zip.php?dir=Cwlib64Cwpython2Fw7&view=UserList.py HTTP/2" 429 0 "-" "Mozilla/5.0 AppleWebKit/537.36 (KHTML, like Gecko; compatible; ClaudeBot/1.0; +claudebot@anthropic.com)"
74.7.242.45 - - [30/Jul/2026:23:33:28 +0300] "GET /.well-known/zip.php?dir=CwhomeCwlogoandwCwpublic_htmlCwnaturallightsFwbizCwwp-contentCwthemesCwastraCwincCwbuilderCwmarkup HTTP/2" 429 0 "https://myfununlimited.com/.well-known/zip.php?dir=CwhomeCwlogoandwCwpublic_htmlCwnaturallightsFwbizCwwp-contentCwthemesCwastraCwincCwbuilder" "Mozilla/5.0 AppleWebKit/537.36 (KHTML, like Gecko; compatible; GPTBot/1.4; +https://openai.com/gptbot)"
216.73.216.87 - - [30/Jul/2026:23:33:39 +0300] "GET /.well-known/file.php?dir=XPAusrXPAlocalXPAsitepadXPAeditorXPAsite-dataXPApluginsXPAkkart-proXPAincludesXPAtheme-support&edit=class-kkart-twenty-twenty-one.php HTTP/2" 200 3900 "-" "Mozilla/5.0 AppleWebKit/537.36 (KHTML, like Gecko; compatible; ClaudeBot/1.0; +claudebot@anthropic.com)"
216.73.216.87 - - [30/Jul/2026:23:33:44 +0300] "GET /zip.php?dir=CwhomeCwlogoandwCwpublic_htmlCwelctronicproductFwbizCwwp-content&edit=533bb218 HTTP/2" 429 0 "-" "Mozilla/5.0 AppleWebKit/537.36 (KHTML, like Gecko; compatible; ClaudeBot/1.0; +claudebot@anthropic.com)"
216.73.216.87 - - [30/Jul/2026:23:33:49 +0300] "GET /zip.php?dir=CwhomeCwlogoandwCwpublic_htmlCwelctronicproductFwbizCwwp-content&edit=3f6a1c0 HTTP/2" 429 0 "-" "Mozilla/5.0 AppleWebKit/537.36 (KHTML, like Gecko; compatible; ClaudeBot/1.0; +claudebot@anthropic.com)"
216.73.216.87 - - [30/Jul/2026:23:33:54 +0300] "GET /zip.php?dir=CwhomeCwlogoandwCwpublic_htmlCwelctronicproductFwbizCwwp-content&edit=e4239206 HTTP/2" 429 0 "-" "Mozilla/5.0 AppleWebKit/537.36 (KHTML, like Gecko; compatible; ClaudeBot/1.0; +claudebot@anthropic.com)"
216.73.216.87 - - [30/Jul/2026:23:33:59 +0300] "GET /zip.php?dir=CwhomeCwlogoandwCwpublic_htmlCwelctronicproductFwbizCwwp-content&view=8e9c7c7 HTTP/2" 429 0 "-" "Mozilla/5.0 AppleWebKit/537.36 (KHTML, like Gecko; compatible; ClaudeBot/1.0; +claudebot@anthropic.com)"
216.73.216.87 - - [30/Jul/2026:23:34:04 +0300] "GET /file.php?dir=XPAhomeXPAlogoandwXPAbusinescompanyXFAinfo&edit=.htaccess HTTP/2" 429 0 "-" "Mozilla/5.0 AppleWebKit/537.36 (KHTML, like Gecko; compatible; ClaudeBot/1.0; +claudebot@anthropic.com)"
216.73.216.87 - - [30/Jul/2026:23:34:09 +0300] "GET /.well-known/file.php?dir=XPAusrXPAlocalXPAsitepadXPAeditorXPAsite-dataXPApluginsXPAkkart-proXPAincludesXPAabstracts&edit=abstract-kkart-deprecated-hooks.php HTTP/2" 429 0 "-" "Mozilla/5.0 AppleWebKit/537.36 (KHTML, like Gecko; compatible; ClaudeBot/1.0; +claudebot@anthropic.com)"
216.73.216.87 - - [30/Jul/2026:23:34:14 +0300] "GET /.well-known/file.php?dir=XPAhomeXPAlogoandwXPApublic_htmlXPAnaturallightsXFAbizXPAwp-includesXPAcustomize&edit=class-wp-customize-date-time-control.php HTTP/2" 429 0 "-" "Mozilla/5.0 AppleWebKit/537.36 (KHTML, like Gecko; compatible; ClaudeBot/1.0; +claudebot@anthropic.com)"
216.73.216.87 - - [30/Jul/2026:23:34:19 +0300] "GET /.well-known/3D%22https:/www.quora.com/qemail/tc?aoid=3DMR01DrAytzi&aoty=3D%3D HTTP/2" 404 1251 "-" "Mozilla/5.0 AppleWebKit/537.36 (KHTML, like Gecko; compatible; ClaudeBot/1.0; +claudebot@anthropic.com)"
74.7.242.45 - - [30/Jul/2026:23:36:35 +0300] "GET /.well-known/zip.php?dir=CwhomeCwlogoandwCwpublic_htmlCwnaturallightsFwbizCwwp-contentCwthemesCwastraCwincCwcompatibilityCwsurecart HTTP/2" 429 0 "https://myfununlimited.com/.well-known/zip.php?dir=CwhomeCwlogoandwCwpublic_htmlCwnaturallightsFwbizCwwp-contentCwthemesCwastraCwincCwcompatibility" "Mozilla/5.0 AppleWebKit/537.36 (KHTML, like Gecko; compatible; GPTBot/1.4; +https://openai.com/gptbot)"
216.73.216.87 - - [30/Jul/2026:23:36:46 +0300] "GET /zip.php?dir=Cwlib64&view=libpng16.so HTTP/2" 200 115504 "-" "Mozilla/5.0 AppleWebKit/537.36 (KHTML, like Gecko; compatible; ClaudeBot/1.0; +claudebot@anthropic.com)"
216.73.216.87 - - [30/Jul/2026:23:36:50 +0300] "GET /zip.php?dir=Cwlib64&view=libtss2-rc.so.0 HTTP/2" 429 0 "-" "Mozilla/5.0 AppleWebKit/537.36 (KHTML, like Gecko; compatible; ClaudeBot/1.0; +claudebot@anthropic.com)"
216.73.216.87 - - [30/Jul/2026:23:36:55 +0300] "GET /zip.php?dir=Cwlib64&view=libjbig2dec.so.0.0.0 HTTP/2" 429 0 "-" "Mozilla/5.0 AppleWebKit/537.36 (KHTML, like Gecko; compatible; ClaudeBot/1.0; +claudebot@anthropic.com)"
216.73.216.87 - - [30/Jul/2026:23:37:01 +0300] "GET /zip.php?dir=Cwlib64&view=libpng.so HTTP/2" 429 0 "-" "Mozilla/5.0 AppleWebKit/537.36 (KHTML, like Gecko; compatible; ClaudeBot/1.0; +claudebot@anthropic.com)"
216.73.216.87 - - [30/Jul/2026:23:37:06 +0300] "GET /zip.php?dir=Cwlib64&view=liblcms2.so.2.0.8 HTTP/2" 429 0 "-" "Mozilla/5.0 AppleWebKit/537.36 (KHTML, like Gecko; compatible; ClaudeBot/1.0; +claudebot@anthropic.com)"
216.73.216.87 - - [30/Jul/2026:23:37:11 +0300] "GET /zip.php?dir=Cwlib64&edit=libgd.so.3.0.5 HTTP/2" 429 0 "-" "Mozilla/5.0 AppleWebKit/537.36 (KHTML, like Gecko; compatible; ClaudeBot/1.0; +claudebot@anthropic.com)"
216.73.216.87 - - [30/Jul/2026:23:37:16 +0300] "GET /zip.php?dir=Cwlib64&view=libjson-c.so.4.0.0 HTTP/2" 429 0 "-" "Mozilla/5.0 AppleWebKit/537.36 (KHTML, like Gecko; compatible; ClaudeBot/1.0; +claudebot@anthropic.com)"
216.73.216.87 - - [30/Jul/2026:23:37:21 +0300] "GET /zip.php?dir=Cwlib64&view=libmount.so.1.1.0 HTTP/2" 429 0 "-" "Mozilla/5.0 AppleWebKit/537.36 (KHTML, like Gecko; compatible; ClaudeBot/1.0; +claudebot@anthropic.com)"
216.73.216.87 - - [30/Jul/2026:23:37:26 +0300] "GET /zip.php?dir=Cwlib64&view=liblzma.so HTTP/2" 429 0 "-" "Mozilla/5.0 AppleWebKit/537.36 (KHTML, like Gecko; compatible; ClaudeBot/1.0; +claudebot@anthropic.com)"
216.73.216.87 - - [30/Jul/2026:23:37:31 +0300] "GET /zip.php?dir=Cwlib64&view=libtcl8.6.so HTTP/2" 200 810525 "-" "Mozilla/5.0 AppleWebKit/537.36 (KHTML, like Gecko; compatible; ClaudeBot/1.0; +claudebot@anthropic.com)"
216.73.216.87 - - [30/Jul/2026:23:37:36 +0300] "GET /zip.php?dir=Cwlib64&view=libsoftokn3.chk HTTP/2" 429 0 "-" "Mozilla/5.0 AppleWebKit/537.36 (KHTML, like Gecko; compatible; ClaudeBot/1.0; +claudebot@anthropic.com)"
216.73.216.87 - - [30/Jul/2026:23:37:41 +0300] "GET /zip.php?dir=Cwlib64&view=p11-kit-proxy.so HTTP/2" 429 0 "-" "Mozilla/5.0 AppleWebKit/537.36 (KHTML, like Gecko; compatible; ClaudeBot/1.0; +claudebot@anthropic.com)"
216.73.216.87 - - [30/Jul/2026:23:37:46 +0300] "GET /zip.php?dir=Cwlib64&edit=librt.so HTTP/2" 429 0 "-" "Mozilla/5.0 AppleWebKit/537.36 (KHTML, like Gecko; compatible; ClaudeBot/1.0; +claudebot@anthropic.com)"
216.73.216.87 - - [30/Jul/2026:23:37:51 +0300] "GET /zip.php?dir=Cwlib64&edit=libfontenc.so.1 HTTP/2" 429 0 "-" "Mozilla/5.0 AppleWebKit/537.36 (KHTML, like Gecko; compatible; ClaudeBot/1.0; +claudebot@anthropic.com)"
216.73.216.87 - - [30/Jul/2026:23:37:56 +0300] "GET /zip.php?dir=Cwlib64Cwpython2Fw7Cwconfig&edit=config.c.in HTTP/2" 429 0 "-" "Mozilla/5.0 AppleWebKit/537.36 (KHTML, like Gecko; compatible; ClaudeBot/1.0; +claudebot@anthropic.com)"
216.73.216.87 - - [30/Jul/2026:23:38:01 +0300] "GET /zip.php?dir=Cwlib64&view=libgmp.so.10 HTTP/2" 429 0 "-" "Mozilla/5.0 AppleWebKit/537.36 (KHTML, like Gecko; compatible; ClaudeBot/1.0; +claudebot@anthropic.com)"
216.73.216.87 - - [30/Jul/2026:23:38:06 +0300] "GET /zip.php?dir=Cwlib64&edit=libdrm_intel.so.1.0.0 HTTP/2" 429 0 "-" "Mozilla/5.0 AppleWebKit/537.36 (KHTML, like Gecko; compatible; ClaudeBot/1.0; +claudebot@anthropic.com)"
216.73.216.87 - - [30/Jul/2026:23:38:11 +0300] "GET /zip.php?dir=Cwlib64&view=.libgcrypt.so.20.hmac HTTP/2" 429 0 "-" "Mozilla/5.0 AppleWebKit/537.36 (KHTML, like Gecko; compatible; ClaudeBot/1.0; +claudebot@anthropic.com)"
216.73.216.87 - - [30/Jul/2026:23:38:16 +0300] "GET /zip.php?dir=Cwlib64Cwpython3Fw8Cw__pycache__&edit=doctest.cpython-38.opt-1.pyc HTTP/2" 200 31200 "-" "Mozilla/5.0 AppleWebKit/537.36 (KHTML, like Gecko; compatible; ClaudeBot/1.0; +claudebot@anthropic.com)"
216.73.216.87 - - [30/Jul/2026:23:38:21 +0300] "GET /file.php?dir=XPAusrXPAbin&edit=fold HTTP/2" 429 0 "-" "Mozilla/5.0 AppleWebKit/537.36 (KHTML, like Gecko; compatible; ClaudeBot/1.0; +claudebot@anthropic.com)"
216.73.216.87 - - [30/Jul/2026:23:38:26 +0300] "GET /zip.php?dir=Cwlib64Cwpython3Fw8Cw__pycache__&edit=shutil.cpython-38.opt-2.pyc HTTP/2" 429 0 "-" "Mozilla/5.0 AppleWebKit/537.36 (KHTML, like Gecko; compatible; ClaudeBot/1.0; +claudebot@anthropic.com)"
216.73.216.87 - - [30/Jul/2026:23:38:31 +0300] "GET /zip.php?dir=CwusrCwlib64Cwpython2Fw7&edit=colorsys.py HTTP/2" 429 0 "-" "Mozilla/5.0 AppleWebKit/537.36 (KHTML, like Gecko; compatible; ClaudeBot/1.0; +claudebot@anthropic.com)"
216.73.216.87 - - [30/Jul/2026:23:38:36 +0300] "GET /zip.php?dir=CwusrCwlib64Cwpython3Fw8Cw__pycache__&edit=this.cpython-38.opt-2.pyc HTTP/2" 429 0 "-" "Mozilla/5.0 AppleWebKit/537.36 (KHTML, like Gecko; compatible; ClaudeBot/1.0; +claudebot@anthropic.com)"
216.73.216.87 - - [30/Jul/2026:23:38:41 +0300] "GET /zip.php?dir=CwusrCwlib64Cwpython3Fw6Cw__pycache__&edit=dummy_threading.cpython-36.opt-1.pyc HTTP/2" 429 0 "-" "Mozilla/5.0 AppleWebKit/537.36 (KHTML, like Gecko; compatible; ClaudeBot/1.0; +claudebot@anthropic.com)"
216.73.216.87 - - [30/Jul/2026:23:38:46 +0300] "GET /zip.php?dir=CwusrCwlib64Cwpython2Fw7Cwlib-dynload&edit=_io.so HTTP/2" 429 0 "-" "Mozilla/5.0 AppleWebKit/537.36 (KHTML, like Gecko; compatible; ClaudeBot/1.0; +claudebot@anthropic.com)"
216.73.216.87 - - [30/Jul/2026:23:38:51 +0300] "GET /zip.php?dir=Cwlib64Cwpython3Fw8Cw__pycache__&edit=_dummy_thread.cpython-38.opt-1.pyc HTTP/2" 429 0 "-" "Mozilla/5.0 AppleWebKit/537.36 (KHTML, like Gecko; compatible; ClaudeBot/1.0; +claudebot@anthropic.com)"
216.73.216.87 - - [30/Jul/2026:23:38:56 +0300] "GET /zip.php?dir=CwusrCwincludeCwbitsCwtypes&edit=struct_rusage.h HTTP/2" 429 0 "-" "Mozilla/5.0 AppleWebKit/537.36 (KHTML, like Gecko; compatible; ClaudeBot/1.0; +claudebot@anthropic.com)"
216.73.216.87 - - [30/Jul/2026:23:39:01 +0300] "GET /zip.php?dir=CwusrCwlib64Cwpython3Fw6Cw__pycache__&view=antigravity.cpython-36.pyc HTTP/2" 200 596 "-" "Mozilla/5.0 AppleWebKit/537.36 (KHTML, like Gecko; compatible; ClaudeBot/1.0; +claudebot@anthropic.com)"
216.73.216.87 - - [30/Jul/2026:23:39:06 +0300] "GET /zip.php?dir=CwlibCwdracutCwmodulesFwdCw71prefixdevname-tools HTTP/2" 429 0 "-" "Mozilla/5.0 AppleWebKit/537.36 (KHTML, like Gecko; compatible; ClaudeBot/1.0; +claudebot@anthropic.com)"
216.73.216.87 - - [30/Jul/2026:23:39:11 +0300] "GET /zip.php?dir=CwusrCwincludeCwlinux&view=virtio_net.h HTTP/2" 429 0 "-" "Mozilla/5.0 AppleWebKit/537.36 (KHTML, like Gecko; compatible; ClaudeBot/1.0; +claudebot@anthropic.com)"
216.73.216.87 - - [30/Jul/2026:23:39:16 +0300] "GET /zip.php?dir=Cwlib64Cwpython3Fw6Cw__pycache__&edit=selectors.cpython-36.opt-1.pyc HTTP/2" 429 0 "-" "Mozilla/5.0 AppleWebKit/537.36 (KHTML, like Gecko; compatible; ClaudeBot/1.0; +claudebot@anthropic.com)"
216.73.216.87 - - [30/Jul/2026:23:39:21 +0300] "GET /zip.php?dir=CwusrCwlib64Cwpython3Fw6Cw__pycache__&view=hmac.cpython-36.opt-2.pyc HTTP/2" 429 0 "-" "Mozilla/5.0 AppleWebKit/537.36 (KHTML, like Gecko; compatible; ClaudeBot/1.0; +claudebot@anthropic.com)"
216.73.216.87 - - [30/Jul/2026:23:40:37 +0300] "GET /zip.php?dir=CwhomeCwlogoandwCwpublic_htmlCwelctronicproductFwbizCwwp-content&edit=42b33e6 HTTP/2" 200 2511 "-" "Mozilla/5.0 AppleWebKit/537.36 (KHTML, like Gecko; compatible; ClaudeBot/1.0; +claudebot@anthropic.com)"
216.73.216.87 - - [30/Jul/2026:23:40:42 +0300] "GET /zip.php?dir=CwhomeCwlogoandwCwpublic_htmlCwelctronicproductFwbizCwwp-content&edit=1f8aaa15 HTTP/2" 429 0 "-" "Mozilla/5.0 AppleWebKit/537.36 (KHTML, like Gecko; compatible; ClaudeBot/1.0; +claudebot@anthropic.com)"
216.73.216.87 - - [30/Jul/2026:23:40:47 +0300] "GET /zip.php?dir=CwhomeCwlogoandwCwpublic_htmlCwelctronicproductFwbizCwwp-content&edit=0e42d87 HTTP/2" 429 0 "-" "Mozilla/5.0 AppleWebKit/537.36 (KHTML, like Gecko; compatible; ClaudeBot/1.0; +claudebot@anthropic.com)"
216.73.216.87 - - [30/Jul/2026:23:40:52 +0300] "GET /file.php?dir=XPAhomeXPAlogoandwXPApublic_htmlXPAtransporttravelserviceXFAcom&edit=file.php%281%29+%3A+eval%28%29%27d+code HTTP/2" 429 0 "-" "Mozilla/5.0 AppleWebKit/537.36 (KHTML, like Gecko; compatible; ClaudeBot/1.0; +claudebot@anthropic.com)"
216.73.216.87 - - [30/Jul/2026:23:40:57 +0300] "GET /zip.php?dir=CwlibCwfirmwareCwcirrus&view=cs35l63-a1-dsp1-misc-10280e23-spkid2-04-l1u3.bin HTTP/2" 429 0 "-" "Mozilla/5.0 AppleWebKit/537.36 (KHTML, like Gecko; compatible; ClaudeBot/1.0; +claudebot@anthropic.com)"
216.73.216.87 - - [30/Jul/2026:23:41:02 +0300] "GET /zip.php?dir=CwlibCwfirmwareCwcirrus&edit=cs35l63-a1-dsp1-misc-10280e21-spkid2-03-l1u3.bin HTTP/2" 429 0 "-" "Mozilla/5.0 AppleWebKit/537.36 (KHTML, like Gecko; compatible; ClaudeBot/1.0; +claudebot@anthropic.com)"
216.73.216.87 - - [30/Jul/2026:23:41:07 +0300] "GET /zip.php?dir=CwlibCwfirmwareCwcirrus&view=cs35l41-dsp1-spk-prot-10280cc1-spkid0-r0.bincfg HTTP/2" 429 0 "-" "Mozilla/5.0 AppleWebKit/537.36 (KHTML, like Gecko; compatible; ClaudeBot/1.0; +claudebot@anthropic.com)"
216.73.216.87 - - [30/Jul/2026:23:41:12 +0300] "GET /zip.php?dir=CwlibCwfirmwareCwcirrus&view=cs35l63-a1-dsp1-misc-10280e24-spkid2-05-l1u3.bin HTTP/2" 429 0 "-" "Mozilla/5.0 AppleWebKit/537.36 (KHTML, like Gecko; compatible; ClaudeBot/1.0; +claudebot@anthropic.com)"
216.73.216.87 - - [30/Jul/2026:23:41:17 +0300] "GET /zip.php?dir=CwlibCwfirmwareCwcirrus&edit=cs35l63-a1-dsp1-misc-10280e26-spkid0-01-l1u3.bin HTTP/2" 429 0 "-" "Mozilla/5.0 AppleWebKit/537.36 (KHTML, like Gecko; compatible; ClaudeBot/1.0; +claudebot@anthropic.com)"
216.73.216.87 - - [30/Jul/2026:23:41:22 +0300] "GET /.well-known/file.php?dir=XPAhomeXPAlogoandwXPAnewsletterprogramsXFAcomXPAwp-contentXPApluginsXPAsiteseoXPAmain&edit=options-import-export.php HTTP/2" 200 8743 "-" "Mozilla/5.0 AppleWebKit/537.36 (KHTML, like Gecko; compatible; ClaudeBot/1.0; +claudebot@anthropic.com)"
216.73.216.87 - - [30/Jul/2026:23:41:27 +0300] "GET /zip.php?dir=CwhomeCwlogoandwCwnature-photosFwinfoCwwp-includesCwincludes HTTP/2" 429 0 "-" "Mozilla/5.0 AppleWebKit/537.36 (KHTML, like Gecko; compatible; ClaudeBot/1.0; +claudebot@anthropic.com)"
216.73.216.87 - - [30/Jul/2026:23:41:32 +0300] "GET /zip.php?dir=CwlibCwfirmwareCwcirrus&view=cs35l57-b2-dsp1-misc-17aa3809-spkid0-l0u1.bin HTTP/2" 429 0 "-" "Mozilla/5.0 AppleWebKit/537.36 (KHTML, like Gecko; compatible; ClaudeBot/1.0; +claudebot@anthropic.com)"
216.73.216.87 - - [30/Jul/2026:23:41:37 +0300] "GET /zip.php?dir=CwlibCwfirmwareCwcirrus&view=cs35l63-a1-dsp1-misc-10280e28-spkid1.wmfw HTTP/2" 429 0 "-" "Mozilla/5.0 AppleWebKit/537.36 (KHTML, like Gecko; compatible; ClaudeBot/1.0; +claudebot@anthropic.com)"
216.73.216.87 - - [30/Jul/2026:23:41:42 +0300] "GET /zip.php?dir=CwlibCwfirmwareCwcirrus&view=cs35l41-dsp1-spk-prot-10431503-spkid1-r0.bin HTTP/2" 429 0 "-" "Mozilla/5.0 AppleWebKit/537.36 (KHTML, like Gecko; compatible; ClaudeBot/1.0; +claudebot@anthropic.com)"
216.73.216.87 - - [30/Jul/2026:23:41:47 +0300] "GET /zip.php?dir=CwlibCwfirmwareCwcirrus&view=cs35l41-dsp1-spk-prot-17aa38a9-spkid1-l0.bin HTTP/2" 429 0 "-" "Mozilla/5.0 AppleWebKit/537.36 (KHTML, like Gecko; compatible; ClaudeBot/1.0; +claudebot@anthropic.com)"
216.73.216.87 - - [30/Jul/2026:23:41:52 +0300] "GET /zip.php?dir=CwlibCwfirmwareCwcirrus&edit=cs35l56-b0-dsp1-misc-17aa3806-spkid0-l0u0.bin HTTP/2" 429 0 "-" "Mozilla/5.0 AppleWebKit/537.36 (KHTML, like Gecko; compatible; ClaudeBot/1.0; +claudebot@anthropic.com)"
74.7.242.45 - - [30/Jul/2026:23:41:52 +0300] "GET /.well-known/zip.php?dir=CwhomeCwlogoandwCwaltolabsFwnetCwwp-includes&view=465 HTTP/2" 429 0 "https://myfununlimited.com/.well-known/zip.php?dir=CwhomeCwlogoandwCwaltolabsFwnetCwwp-includes" "Mozilla/5.0 AppleWebKit/537.36 (KHTML, like Gecko; compatible; GPTBot/1.4; +https://openai.com/gptbot)"
216.73.216.87 - - [30/Jul/2026:23:41:57 +0300] "GET /zip.php?dir=CwlibCwfirmwareCwcirrus&edit=cs35l56-b0-dsp1-misc-17aa3911-spkid0.wmfw HTTP/2" 429 0 "-" "Mozilla/5.0 AppleWebKit/537.36 (KHTML, like Gecko; compatible; ClaudeBot/1.0; +claudebot@anthropic.com)"
216.73.216.87 - - [30/Jul/2026:23:42:02 +0300] "GET /zip.php?dir=CwlibCwfirmwareCwcirrus&edit=cs35l56-b0-dsp1-misc-10280c63-spkid1.wmfw HTTP/2" 429 0 "-" "Mozilla/5.0 AppleWebKit/537.36 (KHTML, like Gecko; compatible; ClaudeBot/1.0; +claudebot@anthropic.com)"
216.73.216.87 - - [30/Jul/2026:23:42:07 +0300] "GET /zip.php?dir=CwlibCwfirmwareCwcirrus&view=cs35l41-dsp1-spk-prot-104312af-spkid0-r0.bin HTTP/2" 200 2817 "-" "Mozilla/5.0 AppleWebKit/537.36 (KHTML, like Gecko; compatible; ClaudeBot/1.0; +claudebot@anthropic.com)"
