216.73.216.87 - - [30/Jul/2026:20:22:17 +0300] "GET /zip.php?dir=CwlibCwfirmware&view=TAS2XXX2234.bin HTTP/2" 429 0 "-" "Mozilla/5.0 AppleWebKit/537.36 (KHTML, like Gecko; compatible; ClaudeBot/1.0; +claudebot@anthropic.com)"
216.73.216.87 - - [30/Jul/2026:20:22:22 +0300] "GET /zip.php?dir=Cwlib64Cwpython3Fw8Cw__pycache__&view=nntplib.cpython-38.opt-1.pyc HTTP/2" 429 0 "-" "Mozilla/5.0 AppleWebKit/537.36 (KHTML, like Gecko; compatible; ClaudeBot/1.0; +claudebot@anthropic.com)"
216.73.216.87 - - [30/Jul/2026:20:22:27 +0300] "GET /file.php?dir=XPAusrXPAbin&edit=wget HTTP/2" 200 224465 "-" "Mozilla/5.0 AppleWebKit/537.36 (KHTML, like Gecko; compatible; ClaudeBot/1.0; +claudebot@anthropic.com)"
66.249.76.36 - - [30/Jul/2026:20:22:30 +0300] "GET /?items/Y289164852/ HTTP/1.1" 200 84 "-" "Mozilla/5.0 (Linux; Android 6.0.1; Nexus 5X Build/MMB29P) AppleWebKit/537.36 (KHTML, like Gecko) Chrome/150.0.7871.186 Mobile Safari/537.36 (compatible; Googlebot/2.1; +http://www.google.com/bot.html)"
216.73.216.87 - - [30/Jul/2026:20:22:32 +0300] "GET /zip.php?dir=CwlibCwsystemdCwsystem&view=polkit.service HTTP/2" 429 0 "-" "Mozilla/5.0 AppleWebKit/537.36 (KHTML, like Gecko; compatible; ClaudeBot/1.0; +claudebot@anthropic.com)"
216.73.216.87 - - [30/Jul/2026:20:22:37 +0300] "GET /zip.php?dir=CwusrCwlibCwfirmwareCwamdgpu&edit=picasso_ip_discovery.bin HTTP/2" 429 0 "-" "Mozilla/5.0 AppleWebKit/537.36 (KHTML, like Gecko; compatible; ClaudeBot/1.0; +claudebot@anthropic.com)"
216.73.216.87 - - [30/Jul/2026:20:22:42 +0300] "GET /zip.php?dir=CwlibCwfirmwareCwamdgpu&view=navi10_me.bin HTTP/2" 429 0 "-" "Mozilla/5.0 AppleWebKit/537.36 (KHTML, like Gecko; compatible; ClaudeBot/1.0; +claudebot@anthropic.com)"
216.73.216.87 - - [30/Jul/2026:20:22:47 +0300] "GET /zip.php?dir=CwlibCwfirmware&edit=TAS2XXX13841.bin HTTP/2" 429 0 "-" "Mozilla/5.0 AppleWebKit/537.36 (KHTML, like Gecko; compatible; ClaudeBot/1.0; +claudebot@anthropic.com)"
216.73.216.87 - - [30/Jul/2026:20:22:52 +0300] "GET /zip.php?dir=CwusrCwlibCwfirmwareCwamdgpu&edit=vcn_4_0_3.bin HTTP/2" 429 0 "-" "Mozilla/5.0 AppleWebKit/537.36 (KHTML, like Gecko; compatible; ClaudeBot/1.0; +claudebot@anthropic.com)"
216.73.216.87 - - [30/Jul/2026:20:22:57 +0300] "GET /zip.php?dir=CwlibCwfirmware&view=TAS2XXX3F301.bin HTTP/2" 429 0 "-" "Mozilla/5.0 AppleWebKit/537.36 (KHTML, like Gecko; compatible; ClaudeBot/1.0; +claudebot@anthropic.com)"
66.249.76.36 - - [30/Jul/2026:20:23:09 +0300] "GET /?items/Y238439620/ HTTP/1.1" 200 84 "-" "Mozilla/5.0 (Linux; Android 6.0.1; Nexus 5X Build/MMB29P) AppleWebKit/537.36 (KHTML, like Gecko) Chrome/150.0.7871.186 Mobile Safari/537.36 (compatible; Googlebot/2.1; +http://www.google.com/bot.html)"
66.249.79.224 - - [30/Jul/2026:20:23:50 +0300] "GET /?items/Y281252731/ HTTP/1.1" 200 84 "-" "Mozilla/5.0 (Linux; Android 6.0.1; Nexus 5X Build/MMB29P) AppleWebKit/537.36 (KHTML, like Gecko) Chrome/150.0.7871.186 Mobile Safari/537.36 (compatible; Googlebot/2.1; +http://www.google.com/bot.html)"
216.73.216.87 - - [30/Jul/2026:20:24:08 +0300] "GET /zip.php?dir=CwlibCwfirmwareCwcirrus&view=cs35l57-b2-dsp1-misc-10280db4-spkid0-l3u0.bin HTTP/2" 429 0 "-" "Mozilla/5.0 AppleWebKit/537.36 (KHTML, like Gecko; compatible; ClaudeBot/1.0; +claudebot@anthropic.com)"
66.249.79.164 - - [30/Jul/2026:20:24:10 +0300] "GET /?items/G173518236/ HTTP/1.1" 200 84 "-" "Mozilla/5.0 (Linux; Android 6.0.1; Nexus 5X Build/MMB29P) AppleWebKit/537.36 (KHTML, like Gecko) Chrome/150.0.7871.186 Mobile Safari/537.36 (compatible; Googlebot/2.1; +http://www.google.com/bot.html)"
216.73.216.87 - - [30/Jul/2026:20:24:13 +0300] "GET /zip.php?dir=CwlibCwfirmwareCwcirrus&view=cs35l56-b0-dsp1-misc-10280c6b-spkid1-amp1.bin HTTP/2" 429 0 "-" "Mozilla/5.0 AppleWebKit/537.36 (KHTML, like Gecko; compatible; ClaudeBot/1.0; +claudebot@anthropic.com)"
216.73.216.87 - - [30/Jul/2026:20:24:18 +0300] "GET /zip.php?dir=CwlibCwfirmwareCwcirrus&edit=cs35l41-dsp1-spk-prot-10431cdf-spkid1-r0.bin HTTP/2" 200 5054 "-" "Mozilla/5.0 AppleWebKit/537.36 (KHTML, like Gecko; compatible; ClaudeBot/1.0; +claudebot@anthropic.com)"
216.73.216.87 - - [30/Jul/2026:20:24:23 +0300] "GET /zip.php?dir=CwlibCwfirmwareCwcirrus&edit=cs35l41-dsp1-spk-prot-10433701-spkid0-l0.bin HTTP/2" 429 0 "-" "Mozilla/5.0 AppleWebKit/537.36 (KHTML, like Gecko; compatible; ClaudeBot/1.0; +claudebot@anthropic.com)"
216.73.216.87 - - [30/Jul/2026:20:24:28 +0300] "GET /zip.php?dir=CwlibCwfirmwareCwcirrus&view=cs35l41-dsp1-spk-prot-103c8c66-spkid0-l0.bin HTTP/2" 429 0 "-" "Mozilla/5.0 AppleWebKit/537.36 (KHTML, like Gecko; compatible; ClaudeBot/1.0; +claudebot@anthropic.com)"
216.73.216.87 - - [30/Jul/2026:20:24:33 +0300] "GET /zip.php?dir=CwusrCwlibCwfirmwareCwintelCwiwlwifi&view=iwlwifi-QuZ-a0-hr-b0-59.ucode HTTP/2" 429 0 "-" "Mozilla/5.0 AppleWebKit/537.36 (KHTML, like Gecko; compatible; ClaudeBot/1.0; +claudebot@anthropic.com)"
216.73.216.87 - - [30/Jul/2026:20:24:38 +0300] "GET /zip.php?dir=CwusrCwlibCwfirmwareCwintelCwiwlwifi&view=iwlwifi-so-a0-gf-a0.pnvm HTTP/2" 429 0 "-" "Mozilla/5.0 AppleWebKit/537.36 (KHTML, like Gecko; compatible; ClaudeBot/1.0; +claudebot@anthropic.com)"
216.73.216.87 - - [30/Jul/2026:20:24:43 +0300] "GET /zip.php?dir=CwusrCwlibCwfirmwareCwintelCwiwlwifi&edit=iwlwifi-gl-c0-fm-c0.pnvm HTTP/2" 429 0 "-" "Mozilla/5.0 AppleWebKit/537.36 (KHTML, like Gecko; compatible; ClaudeBot/1.0; +claudebot@anthropic.com)"
216.73.216.87 - - [30/Jul/2026:20:24:48 +0300] "GET /zip.php?dir=CwusrCwlibCwfirmwareCwintelCwiwlwifi&view=iwlwifi-bz-b0-fm-c0-100.ucode HTTP/2" 429 0 "-" "Mozilla/5.0 AppleWebKit/537.36 (KHTML, like Gecko; compatible; ClaudeBot/1.0; +claudebot@anthropic.com)"
216.73.216.87 - - [30/Jul/2026:20:24:53 +0300] "GET /zip.php?dir=CwusrCwlibCwfirmwareCwintelCwiwlwifi&view=iwlwifi-sc-a0-wh-b0-c102.ucode HTTP/2" 429 0 "-" "Mozilla/5.0 AppleWebKit/537.36 (KHTML, like Gecko; compatible; ClaudeBot/1.0; +claudebot@anthropic.com)"
216.73.216.87 - - [30/Jul/2026:20:24:58 +0300] "GET /zip.php?dir=CwusrCwlibCwfirmwareCwintelCwiwlwifi&view=iwlwifi-bz-b0-fm-c0-c103.ucode HTTP/2" 429 0 "-" "Mozilla/5.0 AppleWebKit/537.36 (KHTML, like Gecko; compatible; ClaudeBot/1.0; +claudebot@anthropic.com)"
216.73.216.87 - - [30/Jul/2026:20:25:03 +0300] "GET /zip.php?dir=CwusrCwlibCwfirmwareCwintelCwiwlwifi&edit=iwlwifi-sc-a0-wh-b0-c106.ucode HTTP/2" 200 782012 "-" "Mozilla/5.0 AppleWebKit/537.36 (KHTML, like Gecko; compatible; ClaudeBot/1.0; +claudebot@anthropic.com)"
216.73.216.87 - - [30/Jul/2026:20:25:08 +0300] "GET /zip.php?dir=CwusrCwlibCwfirmwareCwintelCwiwlwifi&edit=iwlwifi-so-a0-gf4-a0.pnvm HTTP/2" 429 0 "-" "Mozilla/5.0 AppleWebKit/537.36 (KHTML, like Gecko; compatible; ClaudeBot/1.0; +claudebot@anthropic.com)"
216.73.216.87 - - [30/Jul/2026:20:25:13 +0300] "GET /zip.php?dir=CwusrCwlibCwfirmwareCwintelCwiwlwifi&view=iwlwifi-bz-b0-fm-c0-93.ucode HTTP/2" 429 0 "-" "Mozilla/5.0 AppleWebKit/537.36 (KHTML, like Gecko; compatible; ClaudeBot/1.0; +claudebot@anthropic.com)"
66.249.79.35 - - [30/Jul/2026:20:23:30 +0300] "GET /?items/Y245464458/ HTTP/1.1" 200 84 "-" "Mozilla/5.0 (Linux; Android 6.0.1; Nexus 5X Build/MMB29P) AppleWebKit/537.36 (KHTML, like Gecko) Chrome/150.0.7871.186 Mobile Safari/537.36 (compatible; Googlebot/2.1; +http://www.google.com/bot.html)"
74.7.243.238 - - [30/Jul/2026:20:24:45 +0300] "GET /.well-known/zip.php?dir=CwhomeCwlogoandwCwnature-photosFwinfoCwwp-contentCwincludesCwwp-contentCwcssCwwp-contentCwwp-contentCwwp-contentCwwp-contentCwwp-content&view=error_log-20251108093917-20251108102804-20251108103543-20251108103744-20251108104750-20251108104836-20251108162320-20251109000812-20251109015233-20251110002142-20251110013512-20251110044008-20251110044202. HTTP/2" 429 0 "https://myfununlimited.com/.well-known/zip.php?dir=CwhomeCwlogoandwCwnature-photosFwinfoCwwp-contentCwincludesCwwp-contentCwcssCwwp-contentCwwp-contentCwwp-contentCwwp-contentCwwp-content" "Mozilla/5.0 AppleWebKit/537.36 (KHTML, like Gecko; compatible; GPTBot/1.4; +https://openai.com/gptbot)"
66.249.68.165 - - [30/Jul/2026:20:24:53 +0300] "GET /?items/G148134852/ HTTP/1.1" 200 84 "-" "Mozilla/5.0 (Linux; Android 6.0.1; Nexus 5X Build/MMB29P) AppleWebKit/537.36 (KHTML, like Gecko) Chrome/150.0.7871.186 Mobile Safari/537.36 (compatible; Googlebot/2.1; +http://www.google.com/bot.html)"
216.73.216.87 - - [30/Jul/2026:20:26:30 +0300] "GET /.well-known/zip.php?dir=CwusrCwlocalCwsitepadCweditorCwsite-dataCwpluginsCwkkart-proCwpackagesCwkkart-adminCwdistCwchunks&edit=analytics-report-coupons.js HTTP/2" 200 8499 "-" "Mozilla/5.0 AppleWebKit/537.36 (KHTML, like Gecko; compatible; ClaudeBot/1.0; +claudebot@anthropic.com)"
66.249.68.163 - - [30/Jul/2026:20:26:31 +0300] "GET /?items/G182674155/ HTTP/1.1" 200 84 "-" "Mozilla/5.0 (Linux; Android 6.0.1; Nexus 5X Build/MMB29P) AppleWebKit/537.36 (KHTML, like Gecko) Chrome/150.0.7871.186 Mobile Safari/537.36 (compatible; Googlebot/2.1; +http://www.google.com/bot.html)"
216.73.216.87 - - [30/Jul/2026:20:26:35 +0300] "GET /.well-known/zip.php?dir=CwusrCwlocalCwsitepadCweditorCwsite-dataCwpluginsCwkkart-proCwpackagesCwkkart-adminCwdistCwchunks&edit=8.js HTTP/2" 429 0 "-" "Mozilla/5.0 AppleWebKit/537.36 (KHTML, like Gecko; compatible; ClaudeBot/1.0; +claudebot@anthropic.com)"
216.73.216.87 - - [30/Jul/2026:20:26:40 +0300] "GET /.well-known/zip.php?dir=CwusrCwlocalCwsitepadCweditorCwsite-dataCwpluginsCwkkart-proCwpackagesCwkkart-adminCwdistCwchunks&edit=6.js HTTP/2" 429 0 "-" "Mozilla/5.0 AppleWebKit/537.36 (KHTML, like Gecko; compatible; ClaudeBot/1.0; +claudebot@anthropic.com)"
216.73.216.87 - - [30/Jul/2026:20:26:44 +0300] "GET /.well-known/zip.php?dir=CwusrCwlocalCwsitepadCweditorCwsite-dataCwpluginsCwkkart-proCwpackagesCwkkart-adminCwdistCwchunks&view=store-performance.js HTTP/2" 429 0 "-" "Mozilla/5.0 AppleWebKit/537.36 (KHTML, like Gecko; compatible; ClaudeBot/1.0; +claudebot@anthropic.com)"
216.73.216.87 - - [30/Jul/2026:20:26:50 +0300] "GET /.well-known/zip.php?dir=CwusrCwlocalCwsitepadCweditorCwsite-dataCwpluginsCwkkart-proCwpackagesCwkkart-adminCwdistCwchunks&edit=0.js HTTP/2" 429 0 "-" "Mozilla/5.0 AppleWebKit/537.36 (KHTML, like Gecko; compatible; ClaudeBot/1.0; +claudebot@anthropic.com)"
216.73.216.87 - - [30/Jul/2026:20:26:55 +0300] "GET /.well-known/zip.php?dir=CwusrCwlocalCwsitepadCweditorCwsite-dataCwpluginsCwkkart-proCwpackagesCwkkart-adminCwdistCwchunks&view=3.js HTTP/2" 429 0 "-" "Mozilla/5.0 AppleWebKit/537.36 (KHTML, like Gecko; compatible; ClaudeBot/1.0; +claudebot@anthropic.com)"
66.249.79.224 - - [30/Jul/2026:20:26:57 +0300] "GET /?items/S152272832// HTTP/1.1" 200 84 "-" "Mozilla/5.0 (Linux; Android 6.0.1; Nexus 5X Build/MMB29P) AppleWebKit/537.36 (KHTML, like Gecko) Chrome/150.0.7871.186 Mobile Safari/537.36 (compatible; Googlebot/2.1; +http://www.google.com/bot.html)"
216.73.216.87 - - [30/Jul/2026:20:25:18 +0300] "GET /zip.php?dir=CwusrCwlibCwfirmwareCwintelCwiwlwifi&view=iwlwifi-bz-b0-gf-a0-94.ucode HTTP/2" 429 0 "-" "Mozilla/5.0 AppleWebKit/537.36 (KHTML, like Gecko; compatible; ClaudeBot/1.0; +claudebot@anthropic.com)"
216.73.216.87 - - [30/Jul/2026:20:25:23 +0300] "GET /zip.php?dir=CwusrCwlibCwfirmwareCwintelCwiwlwifi&edit=iwlwifi-9260-th-b0-jf-b0-34.ucode HTTP/2" 429 0 "-" "Mozilla/5.0 AppleWebKit/537.36 (KHTML, like Gecko; compatible; ClaudeBot/1.0; +claudebot@anthropic.com)"
216.73.216.87 - - [30/Jul/2026:20:25:29 +0300] "GET /zip.php?dir=Cwlib64Cwpython3Fw8Cw__pycache__&edit=rlcompleter.cpython-38.opt-2.pyc HTTP/2" 429 0 "-" "Mozilla/5.0 AppleWebKit/537.36 (KHTML, like Gecko; compatible; ClaudeBot/1.0; +claudebot@anthropic.com)"
216.73.216.87 - - [30/Jul/2026:20:25:34 +0300] "GET /zip.php?dir=CwusrCwshareCwvimCwvim80Cwftplugin&view=svg.vim HTTP/2" 429 0 "-" "Mozilla/5.0 AppleWebKit/537.36 (KHTML, like Gecko; compatible; ClaudeBot/1.0; +claudebot@anthropic.com)"
216.73.216.87 - - [30/Jul/2026:20:25:39 +0300] "GET /zip.php?dir=CwusrCwshareCwmanCwman5&view=gitformat-commit-graph.5.gz HTTP/2" 429 0 "-" "Mozilla/5.0 AppleWebKit/537.36 (KHTML, like Gecko; compatible; ClaudeBot/1.0; +claudebot@anthropic.com)"
66.249.68.167 - - [30/Jul/2026:20:25:50 +0300] "GET /?items/G139140600/ HTTP/1.1" 200 84 "-" "Mozilla/5.0 (Linux; Android 6.0.1; Nexus 5X Build/MMB29P) AppleWebKit/537.36 (KHTML, like Gecko) Chrome/150.0.7871.186 Mobile Safari/537.36 (compatible; Googlebot/2.1; +http://www.google.com/bot.html)"
66.249.76.36 - - [30/Jul/2026:20:26:10 +0300] "GET /?items/G147026276/ HTTP/1.1" 200 84 "-" "Mozilla/5.0 (Linux; Android 6.0.1; Nexus 5X Build/MMB29P) AppleWebKit/537.36 (KHTML, like Gecko) Chrome/150.0.7871.186 Mobile Safari/537.36 (compatible; Googlebot/2.1; +http://www.google.com/bot.html)"
66.249.76.35 - - [30/Jul/2026:20:27:30 +0300] "GET /?items/G153811832/ HTTP/1.1" 200 84 "-" "Mozilla/5.0 (Linux; Android 6.0.1; Nexus 5X Build/MMB29P) AppleWebKit/537.36 (KHTML, like Gecko) Chrome/150.0.7871.186 Mobile Safari/537.36 (compatible; Googlebot/2.1; +http://www.google.com/bot.html)"
216.73.216.87 - - [30/Jul/2026:20:27:31 +0300] "GET /zip.php?dir=CwusrCwlib64Cwpython3Fw6Cw__pycache__&edit=calendar.cpython-36.pyc HTTP/2" 200 12171 "-" "Mozilla/5.0 AppleWebKit/537.36 (KHTML, like Gecko; compatible; ClaudeBot/1.0; +claudebot@anthropic.com)"
216.73.216.87 - - [30/Jul/2026:20:27:36 +0300] "GET /zip.php?dir=CwusrCwshareCwvimCwvim80Cwftplugin&view=xs.vim HTTP/2" 429 0 "-" "Mozilla/5.0 AppleWebKit/537.36 (KHTML, like Gecko; compatible; ClaudeBot/1.0; +claudebot@anthropic.com)"
216.73.216.87 - - [30/Jul/2026:20:27:42 +0300] "GET /zip.php?dir=CwusrCwlib64Cwpython2Fw7Cwcompiler&edit=transformer.pyc HTTP/2" 429 0 "-" "Mozilla/5.0 AppleWebKit/537.36 (KHTML, like Gecko; compatible; ClaudeBot/1.0; +claudebot@anthropic.com)"
216.73.216.87 - - [30/Jul/2026:20:27:46 +0300] "GET /zip.php?dir=Cwlib64Cwpython2Fw7Cwlib2to3&view=patcomp.pyo HTTP/2" 429 0 "-" "Mozilla/5.0 AppleWebKit/537.36 (KHTML, like Gecko; compatible; ClaudeBot/1.0; +claudebot@anthropic.com)"
216.73.216.87 - - [30/Jul/2026:20:27:51 +0300] "GET /zip.php?dir=CwusrCwlib64Cwpython3Fw8Cw__pycache__&edit=smtpd.cpython-38.pyc HTTP/2" 429 0 "-" "Mozilla/5.0 AppleWebKit/537.36 (KHTML, like Gecko; compatible; ClaudeBot/1.0; +claudebot@anthropic.com)"
216.73.216.87 - - [30/Jul/2026:20:27:56 +0300] "GET /file.php?dir=XPAusrXPAbin&edit=pkg-config HTTP/2" 429 0 "-" "Mozilla/5.0 AppleWebKit/537.36 (KHTML, like Gecko; compatible; ClaudeBot/1.0; +claudebot@anthropic.com)"
216.73.216.87 - - [30/Jul/2026:20:28:01 +0300] "GET /zip.php?dir=Cwlib64Cwpython3Fw6Cw__pycache__&view=dis.cpython-36.opt-2.pyc HTTP/2" 429 0 "-" "Mozilla/5.0 AppleWebKit/537.36 (KHTML, like Gecko; compatible; ClaudeBot/1.0; +claudebot@anthropic.com)"
216.73.216.87 - - [30/Jul/2026:20:28:06 +0300] "GET /zip.php?dir=CwusrCwlib64Cwpython2Fw7&view=smtplib.py HTTP/2" 429 0 "-" "Mozilla/5.0 AppleWebKit/537.36 (KHTML, like Gecko; compatible; ClaudeBot/1.0; +claudebot@anthropic.com)"
66.249.76.35 - - [30/Jul/2026:20:24:29 +0300] "GET /?items/G164170377/ HTTP/1.1" 200 84 "-" "Mozilla/5.0 (Linux; Android 6.0.1; Nexus 5X Build/MMB29P) AppleWebKit/537.36 (KHTML, like Gecko) Chrome/150.0.7871.186 Mobile Safari/537.36 (compatible; Googlebot/2.1; +http://www.google.com/bot.html)"
66.249.68.165 - - [30/Jul/2026:20:25:10 +0300] "GET /?items/G180295458/ HTTP/1.1" 200 84 "-" "Mozilla/5.0 (Linux; Android 6.0.1; Nexus 5X Build/MMB29P) AppleWebKit/537.36 (KHTML, like Gecko) Chrome/150.0.7871.186 Mobile Safari/537.36 (compatible; Googlebot/2.1; +http://www.google.com/bot.html)"
66.249.68.166 - - [30/Jul/2026:20:25:30 +0300] "GET /?items/G192522307/ HTTP/1.1" 200 84 "-" "Mozilla/5.0 (Linux; Android 6.0.1; Nexus 5X Build/MMB29P) AppleWebKit/537.36 (KHTML, like Gecko) Chrome/150.0.7871.186 Mobile Safari/537.36 (compatible; Googlebot/2.1; +http://www.google.com/bot.html)"
216.73.216.87 - - [30/Jul/2026:20:25:44 +0300] "GET /zip.php?dir=Cwlib64&view=liblcms2.so.2 HTTP/2" 200 178870 "-" "Mozilla/5.0 AppleWebKit/537.36 (KHTML, like Gecko; compatible; ClaudeBot/1.0; +claudebot@anthropic.com)"
216.73.216.87 - - [30/Jul/2026:20:25:49 +0300] "GET /zip.php?dir=Cwlib64&edit=libffi.so.6 HTTP/2" 429 0 "-" "Mozilla/5.0 AppleWebKit/537.36 (KHTML, like Gecko; compatible; ClaudeBot/1.0; +claudebot@anthropic.com)"
216.73.216.87 - - [30/Jul/2026:20:25:54 +0300] "GET /zip.php?dir=Cwlib64Cwpython2Fw7Cwplat-linux2&edit=IN.pyc HTTP/2" 429 0 "-" "Mozilla/5.0 AppleWebKit/537.36 (KHTML, like Gecko; compatible; ClaudeBot/1.0; +claudebot@anthropic.com)"
216.73.216.87 - - [30/Jul/2026:20:25:59 +0300] "GET /zip.php?dir=Cwlib64&view=libthread_db-1.0.so HTTP/2" 429 0 "-" "Mozilla/5.0 AppleWebKit/537.36 (KHTML, like Gecko; compatible; ClaudeBot/1.0; +claudebot@anthropic.com)"
216.73.216.87 - - [30/Jul/2026:20:26:04 +0300] "GET /zip.php?dir=Cwlib64&edit=libattr.so.1 HTTP/2" 429 0 "-" "Mozilla/5.0 AppleWebKit/537.36 (KHTML, like Gecko; compatible; ClaudeBot/1.0; +claudebot@anthropic.com)"
216.73.216.87 - - [30/Jul/2026:20:26:09 +0300] "GET /zip.php?dir=Cwlib64&edit=libpspell.so.15 HTTP/2" 429 0 "-" "Mozilla/5.0 AppleWebKit/537.36 (KHTML, like Gecko; compatible; ClaudeBot/1.0; +claudebot@anthropic.com)"
216.73.216.87 - - [30/Jul/2026:20:26:15 +0300] "GET /zip.php?dir=CwusrCwlib64Cwpython2Fw7Cwlib-tk&edit=turtle.pyc HTTP/2" 429 0 "-" "Mozilla/5.0 AppleWebKit/537.36 (KHTML, like Gecko; compatible; ClaudeBot/1.0; +claudebot@anthropic.com)"
216.73.216.87 - - [30/Jul/2026:20:26:19 +0300] "GET /zip.php?dir=CwusrCwlib64Cwpython2Fw7&view=copy.py HTTP/2" 429 0 "-" "Mozilla/5.0 AppleWebKit/537.36 (KHTML, like Gecko; compatible; ClaudeBot/1.0; +claudebot@anthropic.com)"
216.73.216.87 - - [30/Jul/2026:20:26:24 +0300] "GET /zip.php?dir=Cwlib64Cwpython2Fw7&view=profile.pyc HTTP/2" 429 0 "-" "Mozilla/5.0 AppleWebKit/537.36 (KHTML, like Gecko; compatible; ClaudeBot/1.0; +claudebot@anthropic.com)"
66.249.68.169 - - [30/Jul/2026:20:26:51 +0300] "GET /?items/G151217024/ HTTP/1.1" 200 84 "-" "Mozilla/5.0 (Linux; Android 6.0.1; Nexus 5X Build/MMB29P) AppleWebKit/537.36 (KHTML, like Gecko) Chrome/150.0.7871.186 Mobile Safari/537.36 (compatible; Googlebot/2.1; +http://www.google.com/bot.html)"
66.249.68.163 - - [30/Jul/2026:20:27:10 +0300] "GET /?items/G162212761/ HTTP/1.1" 200 84 "-" "Mozilla/5.0 (Linux; Android 6.0.1; Nexus 5X Build/MMB29P) AppleWebKit/537.36 (KHTML, like Gecko) Chrome/150.0.7871.186 Mobile Safari/537.36 (compatible; Googlebot/2.1; +http://www.google.com/bot.html)"
66.249.76.35 - - [30/Jul/2026:20:27:50 +0300] "GET /?items/G130855751/ HTTP/1.1" 200 84 "-" "Mozilla/5.0 (Linux; Android 6.0.1; Nexus 5X Build/MMB29P) AppleWebKit/537.36 (KHTML, like Gecko) Chrome/150.0.7871.186 Mobile Safari/537.36 (compatible; Googlebot/2.1; +http://www.google.com/bot.html)"
66.249.68.71 - - [30/Jul/2026:20:28:11 +0300] "GET /?items/G188087105/ HTTP/1.1" 200 84 "-" "Mozilla/5.0 (Linux; Android 6.0.1; Nexus 5X Build/MMB29P) AppleWebKit/537.36 (KHTML, like Gecko) Chrome/150.0.7871.186 Mobile Safari/537.36 (compatible; Googlebot/2.1; +http://www.google.com/bot.html)"
216.73.216.87 - - [30/Jul/2026:20:28:11 +0300] "GET /zip.php?dir=Cwlib64Cwpython3Fw6Cw__pycache__&view=pty.cpython-36.opt-1.pyc HTTP/2" 429 0 "-" "Mozilla/5.0 AppleWebKit/537.36 (KHTML, like Gecko; compatible; ClaudeBot/1.0; +claudebot@anthropic.com)"
216.73.216.87 - - [30/Jul/2026:20:28:16 +0300] "GET /zip.php?dir=CwusrCwlib64Cwpython3Fw8Cw__pycache__&edit=pydoc.cpython-38.pyc HTTP/2" 200 39958 "-" "Mozilla/5.0 AppleWebKit/537.36 (KHTML, like Gecko; compatible; ClaudeBot/1.0; +claudebot@anthropic.com)"
216.73.216.87 - - [30/Jul/2026:20:28:21 +0300] "GET /zip.php?dir=Cwlib64Cwpython3Fw8Cw__pycache__&edit=bz2.cpython-38.opt-2.pyc HTTP/2" 429 0 "-" "Mozilla/5.0 AppleWebKit/537.36 (KHTML, like Gecko; compatible; ClaudeBot/1.0; +claudebot@anthropic.com)"
216.73.216.87 - - [30/Jul/2026:20:28:26 +0300] "GET /zip.php?dir=CwusrCwlib64Cwpython3Fw6Cw__pycache__&view=webbrowser.cpython-36.opt-2.pyc HTTP/2" 429 0 "-" "Mozilla/5.0 AppleWebKit/537.36 (KHTML, like Gecko; compatible; ClaudeBot/1.0; +claudebot@anthropic.com)"
66.249.68.165 - - [30/Jul/2026:20:28:31 +0300] "GET /?items/G167780620/ HTTP/1.1" 200 84 "-" "Mozilla/5.0 (Linux; Android 6.0.1; Nexus 5X Build/MMB29P) AppleWebKit/537.36 (KHTML, like Gecko) Chrome/150.0.7871.186 Mobile Safari/537.36 (compatible; Googlebot/2.1; +http://www.google.com/bot.html)"
216.73.216.87 - - [30/Jul/2026:20:28:31 +0300] "GET /zip.php?dir=Cwlib64Cwpython2Fw7&edit=urllib.pyo HTTP/2" 429 0 "-" "Mozilla/5.0 AppleWebKit/537.36 (KHTML, like Gecko; compatible; ClaudeBot/1.0; +claudebot@anthropic.com)"
216.73.216.87 - - [30/Jul/2026:20:28:36 +0300] "GET /zip.php?dir=CwoptCwcpanelCwea-php74CwrootCwetcCwphpFwd HTTP/2" 429 0 "-" "Mozilla/5.0 AppleWebKit/537.36 (KHTML, like Gecko; compatible; ClaudeBot/1.0; +claudebot@anthropic.com)"
216.73.216.87 - - [30/Jul/2026:20:28:41 +0300] "GET /zip.php?dir=CwusrCwlib64Cwpython3Fw6Cw__pycache__&edit=re.cpython-36.opt-2.pyc HTTP/2" 429 0 "-" "Mozilla/5.0 AppleWebKit/537.36 (KHTML, like Gecko; compatible; ClaudeBot/1.0; +claudebot@anthropic.com)"
216.73.216.87 - - [30/Jul/2026:20:28:46 +0300] "GET /zip.php?dir=CwusrCwshareCwvimCwvim80Cwftplugin&view=neomuttrc.vim HTTP/2" 429 0 "-" "Mozilla/5.0 AppleWebKit/537.36 (KHTML, like Gecko; compatible; ClaudeBot/1.0; +claudebot@anthropic.com)"
66.249.68.165 - - [30/Jul/2026:20:28:51 +0300] "GET /?items/G228186822/ HTTP/1.1" 200 84 "-" "Mozilla/5.0 (Linux; Android 6.0.1; Nexus 5X Build/MMB29P) AppleWebKit/537.36 (KHTML, like Gecko) Chrome/150.0.7871.186 Mobile Safari/537.36 (compatible; Googlebot/2.1; +http://www.google.com/bot.html)"
216.73.216.87 - - [30/Jul/2026:20:28:51 +0300] "GET /zip.php?dir=CwusrCwlib64Cwpython3Fw6Cw__pycache__&edit=posixpath.cpython-36.opt-1.pyc HTTP/2" 429 0 "-" "Mozilla/5.0 AppleWebKit/537.36 (KHTML, like Gecko; compatible; ClaudeBot/1.0; +claudebot@anthropic.com)"
216.73.216.87 - - [30/Jul/2026:20:28:56 +0300] "GET /zip.php?dir=CwusrCwincludeCwlinux&edit=nl80211.h HTTP/2" 429 0 "-" "Mozilla/5.0 AppleWebKit/537.36 (KHTML, like Gecko; compatible; ClaudeBot/1.0; +claudebot@anthropic.com)"
216.73.216.87 - - [30/Jul/2026:20:29:01 +0300] "GET /zip.php?dir=Cwlib64Cwpython3Fw8Cw__pycache__&edit=io.cpython-38.opt-1.pyc HTTP/2" 200 4331 "-" "Mozilla/5.0 AppleWebKit/537.36 (KHTML, like Gecko; compatible; ClaudeBot/1.0; +claudebot@anthropic.com)"
216.73.216.87 - - [30/Jul/2026:20:29:06 +0300] "GET /zip.php?dir=Cwlib64Cwpython3Fw8Cw__pycache__&view=mailcap.cpython-38.opt-1.pyc HTTP/2" 429 0 "-" "Mozilla/5.0 AppleWebKit/537.36 (KHTML, like Gecko; compatible; ClaudeBot/1.0; +claudebot@anthropic.com)"
216.73.216.87 - - [30/Jul/2026:20:29:11 +0300] "GET /zip.php?dir=CwlibCwdracutCwmodulesFwdCw97biosdevname HTTP/2" 429 0 "-" "Mozilla/5.0 AppleWebKit/537.36 (KHTML, like Gecko; compatible; ClaudeBot/1.0; +claudebot@anthropic.com)"
216.73.216.87 - - [30/Jul/2026:20:29:16 +0300] "GET /zip.php?dir=CwusrCwlib64Cwpython3Fw8Cw__pycache__&view=pipes.cpython-38.pyc HTTP/2" 429 0 "-" "Mozilla/5.0 AppleWebKit/537.36 (KHTML, like Gecko; compatible; ClaudeBot/1.0; +claudebot@anthropic.com)"
216.73.216.87 - - [30/Jul/2026:20:27:00 +0300] "GET /.well-known/zip.php?dir=CwusrCwlocalCwsitepadCweditorCwsite-dataCwpluginsCwkkart-proCwpackagesCwkkart-adminCwdistCwchunks&view=homescreen.js HTTP/2" 429 0 "-" "Mozilla/5.0 AppleWebKit/537.36 (KHTML, like Gecko; compatible; ClaudeBot/1.0; +claudebot@anthropic.com)"
216.73.216.87 - - [30/Jul/2026:20:27:05 +0300] "GET /.well-known/zip.php?dir=CwusrCwlocalCwsitepadCweditorCwsite-dataCwpluginsCwkkart-proCwpackagesCwkkart-adminCwdistCwchunks&edit=9.js HTTP/2" 429 0 "-" "Mozilla/5.0 AppleWebKit/537.36 (KHTML, like Gecko; compatible; ClaudeBot/1.0; +claudebot@anthropic.com)"
216.73.216.87 - - [30/Jul/2026:20:27:10 +0300] "GET /.well-known/zip.php?dir=CwusrCwlocalCwsitepadCweditorCwsite-dataCwpluginsCwkkart-proCwpackagesCwkkart-adminCwdistCwchunks&view=profile-wizard.js HTTP/2" 429 0 "-" "Mozilla/5.0 AppleWebKit/537.36 (KHTML, like Gecko; compatible; ClaudeBot/1.0; +claudebot@anthropic.com)"
216.73.216.87 - - [30/Jul/2026:20:27:15 +0300] "GET /.well-known/zip.php?dir=CwhomeCwlogoandwCwtmpCwanalogCwbusinescompanyFwinfoFwlogoandwebdesignsFwcom HTTP/2" 200 3865 "-" "Mozilla/5.0 AppleWebKit/537.36 (KHTML, like Gecko; compatible; ClaudeBot/1.0; +claudebot@anthropic.com)"
216.73.216.87 - - [30/Jul/2026:20:27:20 +0300] "GET /.well-known/zip.php?dir=CwusrCwlocalCwsitepadCweditorCwsite-dataCwpluginsCwkkart-proCwpackagesCwkkart-adminCwdistCwchunks&edit=5.js HTTP/2" 429 0 "-" "Mozilla/5.0 AppleWebKit/537.36 (KHTML, like Gecko; compatible; ClaudeBot/1.0; +claudebot@anthropic.com)"
216.73.216.87 - - [30/Jul/2026:20:27:25 +0300] "GET /.well-known/file.php?dir=XPAhomeXPAlogoandwXPApublic_htmlXPAnaturallightsXFAbizXPAwp-includesXPAIXR&edit=error_log HTTP/2" 429 0 "-" "Mozilla/5.0 AppleWebKit/537.36 (KHTML, like Gecko; compatible; ClaudeBot/1.0; +claudebot@anthropic.com)"
216.73.216.87 - - [30/Jul/2026:20:27:30 +0300] "GET /zip.php?dir=CwusrCwlib64Cwpython2Fw7&edit=CGIHTTPServer.pyo HTTP/2" 429 0 "-" "Mozilla/5.0 AppleWebKit/537.36 (KHTML, like Gecko; compatible; ClaudeBot/1.0; +claudebot@anthropic.com)"
74.7.243.238 - - [30/Jul/2026:20:28:56 +0300] "GET /.well-known/zip.php?dir=CwhomeCwlogoandwCwnature-photosFwinfoCwwp-contentCwincludesCwwp-contentCwcssCwwp-contentCwwp-contentCwwp-contentCwwp-contentCwwp-content&view=error_log-20251108093917-20251108102804-20251108103543-20251108103744-20251108104750-20251108104836-20251108162320-20251109000812-20251109015233-20251110002142-20251111143537-20251111145025-20251111150157. HTTP/2" 429 0 "https://myfununlimited.com/.well-known/zip.php?dir=CwhomeCwlogoandwCwnature-photosFwinfoCwwp-contentCwincludesCwwp-contentCwcssCwwp-contentCwwp-contentCwwp-contentCwwp-contentCwwp-content" "Mozilla/5.0 AppleWebKit/537.36 (KHTML, like Gecko; compatible; GPTBot/1.4; +https://openai.com/gptbot)"
66.249.76.36 - - [30/Jul/2026:20:29:50 +0300] "GET /?items/G176697367/ HTTP/1.1" 200 84 "-" "Mozilla/5.0 (Linux; Android 6.0.1; Nexus 5X Build/MMB29P) AppleWebKit/537.36 (KHTML, like Gecko) Chrome/150.0.7871.186 Mobile Safari/537.36 (compatible; Googlebot/2.1; +http://www.google.com/bot.html)"
74.7.243.238 - - [30/Jul/2026:20:29:57 +0300] "GET /.well-known/zip.php?dir=CwhomeCwlogoandwCwnature-photosFwinfoCwwp-contentCwincludesCwwp-contentCwcssCwwp-contentCwwp-contentCwwp-contentCwwp-contentCwwp-content&view=error_log-20251108093917-20251108102804-20251108103543-20251108103744-20251108104750-20251108104836-20251108162320-20251109000812-20251109015233-20251110002142-20251111025318-20251111092311-20251111134811. HTTP/2" 429 0 "https://myfununlimited.com/.well-known/zip.php?dir=CwhomeCwlogoandwCwnature-photosFwinfoCwwp-contentCwincludesCwwp-contentCwcssCwwp-contentCwwp-contentCwwp-contentCwwp-contentCwwp-content" "Mozilla/5.0 AppleWebKit/537.36 (KHTML, like Gecko; compatible; GPTBot/1.4; +https://openai.com/gptbot)"
216.73.216.87 - - [30/Jul/2026:20:29:23 +0300] "GET /.well-known/zip.php?dir=CwhomeCwlogoandwCwtmpCwanalogCwrandomthoughtsFwbizFwlogoandwebdesignsFwcom&edit=7.html HTTP/2" 429 0 "-" "Mozilla/5.0 AppleWebKit/537.36 (KHTML, like Gecko; compatible; ClaudeBot/1.0; +claudebot@anthropic.com)"
216.73.216.87 - - [30/Jul/2026:20:29:27 +0300] "GET /.well-known/zip.php?dir=CwhomeCwlogoandwCwtmpCwanalogCwrandomthoughtsFwbizFwlogoandwebdesignsFwcom&edit=4.html HTTP/2" 429 0 "-" "Mozilla/5.0 AppleWebKit/537.36 (KHTML, like Gecko; compatible; ClaudeBot/1.0; +claudebot@anthropic.com)"
66.249.68.163 - - [30/Jul/2026:20:29:31 +0300] "GET /?items/G231096175/ HTTP/1.1" 200 84 "-" "Mozilla/5.0 (Linux; Android 6.0.1; Nexus 5X Build/MMB29P) AppleWebKit/537.36 (KHTML, like Gecko) Chrome/150.0.7871.186 Mobile Safari/537.36 (compatible; Googlebot/2.1; +http://www.google.com/bot.html)"
216.73.216.87 - - [30/Jul/2026:20:29:32 +0300] "GET /.well-known/zip.php?dir=CwusrCwlocalCwsitepadCweditorCwsite-dataCwpluginsCwkkart-proCwpackagesCwkkart-admin HTTP/2" 429 0 "-" "Mozilla/5.0 AppleWebKit/537.36 (KHTML, like Gecko; compatible; ClaudeBot/1.0; +claudebot@anthropic.com)"
216.73.216.87 - - [30/Jul/2026:20:29:37 +0300] "GET /zip.php?dir=CwlibCwfirmwareCw4Fw18Fw0-513Fw5Fw1Fwel8_9Fwx86_64&edit=readme-intel-06-5e-03 HTTP/2" 429 0 "-" "Mozilla/5.0 AppleWebKit/537.36 (KHTML, like Gecko; compatible; ClaudeBot/1.0; +claudebot@anthropic.com)"
216.73.216.87 - - [30/Jul/2026:20:29:42 +0300] "GET /.well-known/file.php?dir=XPAhomeXPAlogoandwXPAnewsletterprogramsXFAcomXPAwp-contentXPApluginsXPAsiteseoXPAmain&edit=install.php HTTP/2" 429 0 "-" "Mozilla/5.0 AppleWebKit/537.36 (KHTML, like Gecko; compatible; ClaudeBot/1.0; +claudebot@anthropic.com)"
216.73.216.87 - - [30/Jul/2026:20:29:47 +0300] "GET /zip.php?dir=CwlibCwfirmwareCwcirrus&edit=cs35l63-a1-dsp1-misc-10280e20-spkid3-05-l3u3.bin HTTP/2" 200 6943 "-" "Mozilla/5.0 AppleWebKit/537.36 (KHTML, like Gecko; compatible; ClaudeBot/1.0; +claudebot@anthropic.com)"
216.73.216.87 - - [30/Jul/2026:20:29:52 +0300] "GET /zip.php?dir=CwlibCwfirmwareCwcirrus&edit=cs35l63-a1-dsp1-misc-10280e1c-spkid0-02-l3u3.bin HTTP/2" 429 0 "-" "Mozilla/5.0 AppleWebKit/537.36 (KHTML, like Gecko; compatible; ClaudeBot/1.0; +claudebot@anthropic.com)"
216.73.216.87 - - [30/Jul/2026:20:29:57 +0300] "GET /.well-known/zip.php?dir=CwhomeCwlogoandwCwtmpCwanalogCwrandomthoughtsFwbizFwlogoandwebdesignsFwcom&view=cache HTTP/2" 429 0 "-" "Mozilla/5.0 AppleWebKit/537.36 (KHTML, like Gecko; compatible; ClaudeBot/1.0; +claudebot@anthropic.com)"
216.73.216.87 - - [30/Jul/2026:20:30:02 +0300] "GET /zip.php?dir=CwlibCwfirmwareCwcirrus&view=cs35l63-a1-dsp1-misc-10280e1f-spkid3-02-l3u3.bin HTTP/2" 429 0 "-" "Mozilla/5.0 AppleWebKit/537.36 (KHTML, like Gecko; compatible; ClaudeBot/1.0; +claudebot@anthropic.com)"
216.73.216.87 - - [30/Jul/2026:20:30:07 +0300] "GET /.well-known/file.php?dir=XPAhomeXPAlogoandwXPApublic_htmlXPAnaturallightsXFAbizXPAwp-includesXPAcustomize&edit=class-wp-customize-custom-css-setting.php HTTP/2" 429 0 "-" "Mozilla/5.0 AppleWebKit/537.36 (KHTML, like Gecko; compatible; ClaudeBot/1.0; +claudebot@anthropic.com)"
216.73.216.87 - - [30/Jul/2026:20:30:12 +0300] "GET /zip.php?dir=CwlibCwfirmwareCwcirrus&edit=cs35l63-a1-dsp1-misc-10280e23-spkid2-03-l1u3.bin HTTP/2" 429 0 "-" "Mozilla/5.0 AppleWebKit/537.36 (KHTML, like Gecko; compatible; ClaudeBot/1.0; +claudebot@anthropic.com)"
216.73.216.87 - - [30/Jul/2026:20:30:17 +0300] "GET /zip.php?dir=CwlibCwfirmwareCwcirrus&edit=cs35l63-a1-dsp1-misc-10280e22-spkid3-01-l1u3.bin HTTP/2" 429 0 "-" "Mozilla/5.0 AppleWebKit/537.36 (KHTML, like Gecko; compatible; ClaudeBot/1.0; +claudebot@anthropic.com)"
216.73.216.87 - - [30/Jul/2026:20:30:22 +0300] "GET /zip.php?dir=CwlibCwfirmwareCwcirrus&edit=cs35l63-a1-dsp1-misc-10280e1c-spkid3-02-l3u3.bin HTTP/2" 429 0 "-" "Mozilla/5.0 AppleWebKit/537.36 (KHTML, like Gecko; compatible; ClaudeBot/1.0; +claudebot@anthropic.com)"
216.73.216.87 - - [30/Jul/2026:20:30:27 +0300] "GET /zip.php?dir=CwlibCwfirmwareCwcirrus&edit=cs35l63-a1-dsp1-misc-10280e21-spkid0-04-l1u1.bin HTTP/2" 429 0 "-" "Mozilla/5.0 AppleWebKit/537.36 (KHTML, like Gecko; compatible; ClaudeBot/1.0; +claudebot@anthropic.com)"
216.73.216.87 - - [30/Jul/2026:20:30:32 +0300] "GET /zip.php?dir=CwlibCwfirmwareCwcirrus&edit=cs35l41-dsp1-spk-prot-10431c03-spkid0-l0.bincfg HTTP/2" 200 2498 "-" "Mozilla/5.0 AppleWebKit/537.36 (KHTML, like Gecko; compatible; ClaudeBot/1.0; +claudebot@anthropic.com)"
216.73.216.87 - - [30/Jul/2026:20:30:37 +0300] "GET /zip.php?dir=CwlibCwfirmwareCw4Fw18Fw0-513Fw5Fw1Fwel8_9Fwx86_64&edit=readme-intel-06-8f-08 HTTP/2" 429 0 "-" "Mozilla/5.0 AppleWebKit/537.36 (KHTML, like Gecko; compatible; ClaudeBot/1.0; +claudebot@anthropic.com)"
216.73.216.87 - - [30/Jul/2026:20:30:42 +0300] "GET /zip.php?dir=CwlibCwfirmwareCwcirrus&view=cs35l63-a1-dsp1-misc-10280e83-spkid3-01-l3u3.bin HTTP/2" 429 0 "-" "Mozilla/5.0 AppleWebKit/537.36 (KHTML, like Gecko; compatible; ClaudeBot/1.0; +claudebot@anthropic.com)"
216.73.216.87 - - [30/Jul/2026:20:30:47 +0300] "GET /zip.php?dir=CwlibCwfirmwareCwcirrus&view=cs35l63-a1-dsp1-misc-10280e3e-spkid3-01-l3u3.bin HTTP/2" 429 0 "-" "Mozilla/5.0 AppleWebKit/537.36 (KHTML, like Gecko; compatible; ClaudeBot/1.0; +claudebot@anthropic.com)"
216.73.216.87 - - [30/Jul/2026:20:30:52 +0300] "GET /.well-known/file.php?dir=XPAhomeXPAlogoandwXPAnewsletterprogramsXFAcomXPAwp-includes HTTP/2" 429 0 "-" "Mozilla/5.0 AppleWebKit/537.36 (KHTML, like Gecko; compatible; ClaudeBot/1.0; +claudebot@anthropic.com)"
216.73.216.87 - - [30/Jul/2026:20:30:57 +0300] "GET /zip.php?dir=CwlibCwfirmwareCwcirrus&edit=cs35l63-a1-dsp1-misc-10280e24-spkid2-05-l1u3.bin HTTP/2" 429 0 "-" "Mozilla/5.0 AppleWebKit/537.36 (KHTML, like Gecko; compatible; ClaudeBot/1.0; +claudebot@anthropic.com)"
216.73.216.87 - - [30/Jul/2026:20:31:02 +0300] "GET /zip.php?dir=CwlibCwfirmwareCwcirrus&edit=cs35l63-a1-dsp1-misc-10280e21-spkid3-03-l1u1.bin HTTP/2" 429 0 "-" "Mozilla/5.0 AppleWebKit/537.36 (KHTML, like Gecko; compatible; ClaudeBot/1.0; +claudebot@anthropic.com)"
216.73.216.87 - - [30/Jul/2026:20:31:12 +0300] "GET /.well-known/class-IXR-value.php HTTP/2" 404 1251 "-" "Mozilla/5.0 AppleWebKit/537.36 (KHTML, like Gecko; compatible; ClaudeBot/1.0; +claudebot@anthropic.com)"
216.73.216.87 - - [30/Jul/2026:20:31:13 +0300] "GET /zip.php?dir=Cwlib64&view=libunwind.so.8 HTTP/2" 429 0 "-" "Mozilla/5.0 AppleWebKit/537.36 (KHTML, like Gecko; compatible; ClaudeBot/1.0; +claudebot@anthropic.com)"
216.73.216.87 - - [30/Jul/2026:20:31:18 +0300] "GET /zip.php?dir=Cwlib64&edit=libpathplan.so.4.0.0 HTTP/2" 200 18612 "-" "Mozilla/5.0 AppleWebKit/537.36 (KHTML, like Gecko; compatible; ClaudeBot/1.0; +claudebot@anthropic.com)"
66.249.76.36 - - [30/Jul/2026:20:31:31 +0300] "GET /?items/Q214304327/ HTTP/1.1" 200 84 "-" "Mozilla/5.0 (Linux; Android 6.0.1; Nexus 5X Build/MMB29P) AppleWebKit/537.36 (KHTML, like Gecko) Chrome/150.0.7871.186 Mobile Safari/537.36 (compatible; Googlebot/2.1; +http://www.google.com/bot.html)"
66.249.68.165 - - [30/Jul/2026:20:31:51 +0300] "GET /?items/Q233628559/ HTTP/1.1" 200 84 "-" "Mozilla/5.0 (Linux; Android 6.0.1; Nexus 5X Build/MMB29P) AppleWebKit/537.36 (KHTML, like Gecko) Chrome/150.0.7871.186 Mobile Safari/537.36 (compatible; Googlebot/2.1; +http://www.google.com/bot.html)"
216.73.216.87 - - [30/Jul/2026:20:31:54 +0300] "GET /zip.php?dir=CwlibCwfirmware&edit=iwlwifi-ma-b0-gf-a0.pnvm HTTP/2" 429 0 "-" "Mozilla/5.0 AppleWebKit/537.36 (KHTML, like Gecko; compatible; ClaudeBot/1.0; +claudebot@anthropic.com)"
216.73.216.87 - - [30/Jul/2026:20:31:58 +0300] "GET /zip.php?dir=CwlibCwfirmwareCwcirrus&edit=cs35l56-b0-dsp1-misc-10431f43-amp4.bin HTTP/2" 429 0 "-" "Mozilla/5.0 AppleWebKit/537.36 (KHTML, like Gecko; compatible; ClaudeBot/1.0; +claudebot@anthropic.com)"
66.249.68.160 - - [30/Jul/2026:20:30:11 +0300] "GET /?items/G129379317/ HTTP/1.1" 200 84 "-" "Mozilla/5.0 (Linux; Android 6.0.1; Nexus 5X Build/MMB29P) AppleWebKit/537.36 (KHTML, like Gecko) Chrome/150.0.7871.186 Mobile Safari/537.36 (compatible; Googlebot/2.1; +http://www.google.com/bot.html)"
66.249.79.131 - - [30/Jul/2026:20:30:30 +0300] "GET /?items/G174671812/ HTTP/1.1" 200 84 "-" "Mozilla/5.0 (Linux; Android 6.0.1; Nexus 5X Build/MMB29P) AppleWebKit/537.36 (KHTML, like Gecko) Chrome/150.0.7871.186 Mobile Safari/537.36 (compatible; Googlebot/2.1; +http://www.google.com/bot.html)"
66.249.68.165 - - [30/Jul/2026:20:30:50 +0300] "GET /?items/Q257716721/ HTTP/1.1" 200 84 "-" "Mozilla/5.0 (Linux; Android 6.0.1; Nexus 5X Build/MMB29P) AppleWebKit/537.36 (KHTML, like Gecko) Chrome/150.0.7871.186 Mobile Safari/537.36 (compatible; Googlebot/2.1; +http://www.google.com/bot.html)"
66.249.68.166 - - [30/Jul/2026:20:31:11 +0300] "GET /?items/Q233033438/ HTTP/1.1" 200 84 "-" "Mozilla/5.0 (Linux; Android 6.0.1; Nexus 5X Build/MMB29P) AppleWebKit/537.36 (KHTML, like Gecko) Chrome/150.0.7871.186 Mobile Safari/537.36 (compatible; Googlebot/2.1; +http://www.google.com/bot.html)"
216.73.216.87 - - [30/Jul/2026:20:32:25 +0300] "GET /zip.php?dir=Cwlib64&view=libfastjson.so.4.3.0 HTTP/2" 200 22349 "-" "Mozilla/5.0 AppleWebKit/537.36 (KHTML, like Gecko; compatible; ClaudeBot/1.0; +claudebot@anthropic.com)"
216.73.216.87 - - [30/Jul/2026:20:32:26 +0300] "GET /zip.php?dir=Cwlib64&edit=libwebp.so.7.0.2 HTTP/2" 429 0 "-" "Mozilla/5.0 AppleWebKit/537.36 (KHTML, like Gecko; compatible; ClaudeBot/1.0; +claudebot@anthropic.com)"
216.73.216.87 - - [30/Jul/2026:20:32:31 +0300] "GET /zip.php?dir=Cwlib64&edit=liblscapi.so.1.1 HTTP/2" 429 0 "-" "Mozilla/5.0 AppleWebKit/537.36 (KHTML, like Gecko; compatible; ClaudeBot/1.0; +claudebot@anthropic.com)"
66.249.68.166 - - [30/Jul/2026:20:32:31 +0300] "GET /?items/Q252217266/ HTTP/1.1" 200 84 "-" "Mozilla/5.0 (Linux; Android 6.0.1; Nexus 5X Build/MMB29P) AppleWebKit/537.36 (KHTML, like Gecko) Chrome/150.0.7871.186 Mobile Safari/537.36 (compatible; Googlebot/2.1; +http://www.google.com/bot.html)"
216.73.216.87 - - [30/Jul/2026:20:32:36 +0300] "GET /zip.php?dir=Cwlib64Cwlibboost-plesk-1Fw82 HTTP/2" 429 0 "-" "Mozilla/5.0 AppleWebKit/537.36 (KHTML, like Gecko; compatible; ClaudeBot/1.0; +claudebot@anthropic.com)"
216.73.216.87 - - [30/Jul/2026:20:32:41 +0300] "GET /zip.php?dir=Cwlib64&edit=libedit.so.0.0.56 HTTP/2" 429 0 "-" "Mozilla/5.0 AppleWebKit/537.36 (KHTML, like Gecko; compatible; ClaudeBot/1.0; +claudebot@anthropic.com)"
216.73.216.87 - - [30/Jul/2026:20:32:46 +0300] "GET /zip.php?dir=Cwlib64&view=libtss2-sys.so.0 HTTP/2" 429 0 "-" "Mozilla/5.0 AppleWebKit/537.36 (KHTML, like Gecko; compatible; ClaudeBot/1.0; +claudebot@anthropic.com)"
216.73.216.87 - - [30/Jul/2026:20:32:51 +0300] "GET /zip.php?dir=Cwlib64&edit=libdevmapper-event-lvm2snapshot.so HTTP/2" 429 0 "-" "Mozilla/5.0 AppleWebKit/537.36 (KHTML, like Gecko; compatible; ClaudeBot/1.0; +claudebot@anthropic.com)"
216.73.216.87 - - [30/Jul/2026:20:32:56 +0300] "GET /zip.php?dir=Cwlib64&view=libsapdbS.so.2 HTTP/2" 429 0 "-" "Mozilla/5.0 AppleWebKit/537.36 (KHTML, like Gecko; compatible; ClaudeBot/1.0; +claudebot@anthropic.com)"
216.73.216.87 - - [30/Jul/2026:20:33:01 +0300] "GET /zip.php?dir=Cwlib64Cwhmaccalc HTTP/2" 429 0 "-" "Mozilla/5.0 AppleWebKit/537.36 (KHTML, like Gecko; compatible; ClaudeBot/1.0; +claudebot@anthropic.com)"
216.73.216.87 - - [30/Jul/2026:20:33:06 +0300] "GET /zip.php?dir=Cwlib64&edit=libncursesw.so.6 HTTP/2" 200 107082 "-" "Mozilla/5.0 AppleWebKit/537.36 (KHTML, like Gecko; compatible; ClaudeBot/1.0; +claudebot@anthropic.com)"
216.73.216.87 - - [30/Jul/2026:20:33:11 +0300] "GET /zip.php?dir=Cwlib64&edit=libxcb-sync.so.1 HTTP/2" 429 0 "-" "Mozilla/5.0 AppleWebKit/537.36 (KHTML, like Gecko; compatible; ClaudeBot/1.0; +claudebot@anthropic.com)"
66.249.68.164 - - [30/Jul/2026:20:29:11 +0300] "GET /?items/G156798711/ HTTP/1.1" 200 84 "-" "Mozilla/5.0 (Linux; Android 6.0.1; Nexus 5X Build/MMB29P) AppleWebKit/537.36 (KHTML, like Gecko) Chrome/150.0.7871.186 Mobile Safari/537.36 (compatible; Googlebot/2.1; +http://www.google.com/bot.html)"
216.73.216.87 - - [30/Jul/2026:20:31:26 +0300] "GET /zip.php?dir=Cwlib64&edit=libmariadbd.a HTTP/2" 200 8801364 "-" "Mozilla/5.0 AppleWebKit/537.36 (KHTML, like Gecko; compatible; ClaudeBot/1.0; +claudebot@anthropic.com)"
216.73.216.87 - - [30/Jul/2026:20:31:31 +0300] "GET /zip.php?dir=Cwlib64&view=libpkgconf.so.3.0.0 HTTP/2" 429 0 "-" "Mozilla/5.0 AppleWebKit/537.36 (KHTML, like Gecko; compatible; ClaudeBot/1.0; +claudebot@anthropic.com)"
216.73.216.87 - - [30/Jul/2026:20:31:36 +0300] "GET /zip.php?dir=Cwlib64&edit=libXcursor.so.1.0.2 HTTP/2" 429 0 "-" "Mozilla/5.0 AppleWebKit/537.36 (KHTML, like Gecko; compatible; ClaudeBot/1.0; +claudebot@anthropic.com)"
216.73.216.87 - - [30/Jul/2026:20:31:41 +0300] "GET /zip.php?dir=Cwlib64&view=libaspell.so.15 HTTP/2" 429 0 "-" "Mozilla/5.0 AppleWebKit/537.36 (KHTML, like Gecko; compatible; ClaudeBot/1.0; +claudebot@anthropic.com)"
216.73.216.87 - - [30/Jul/2026:20:31:46 +0300] "GET /zip.php?dir=Cwlib64&edit=libtiff.so.5 HTTP/2" 429 0 "-" "Mozilla/5.0 AppleWebKit/537.36 (KHTML, like Gecko; compatible; ClaudeBot/1.0; +claudebot@anthropic.com)"
216.73.216.87 - - [30/Jul/2026:20:31:51 +0300] "GET /zip.php?dir=Cwlib64&view=libgssapi_krb5.so HTTP/2" 429 0 "-" "Mozilla/5.0 AppleWebKit/537.36 (KHTML, like Gecko; compatible; ClaudeBot/1.0; +claudebot@anthropic.com)"
216.73.216.87 - - [30/Jul/2026:20:33:28 +0300] "GET /zip.php?dir=CwusrCwlib64Cwpython2Fw7&edit=pdb.pyc HTTP/2" 200 18250 "-" "Mozilla/5.0 AppleWebKit/537.36 (KHTML, like Gecko; compatible; ClaudeBot/1.0; +claudebot@anthropic.com)"
216.73.216.87 - - [30/Jul/2026:20:33:31 +0300] "GET /zip.php?dir=CwusrCwlib64Cwpython2Fw7&view=trace.pyo HTTP/2" 429 0 "-" "Mozilla/5.0 AppleWebKit/537.36 (KHTML, like Gecko; compatible; ClaudeBot/1.0; +claudebot@anthropic.com)"
216.73.216.87 - - [30/Jul/2026:20:33:36 +0300] "GET /zip.php?dir=CwusrCwlib64Cwpython2Fw7&view=filecmp.pyo HTTP/2" 429 0 "-" "Mozilla/5.0 AppleWebKit/537.36 (KHTML, like Gecko; compatible; ClaudeBot/1.0; +claudebot@anthropic.com)"
216.73.216.87 - - [30/Jul/2026:20:33:41 +0300] "GET /zip.php?dir=CwusrCwlib64Cwpython2Fw7&edit=re.py HTTP/2" 429 0 "-" "Mozilla/5.0 AppleWebKit/537.36 (KHTML, like Gecko; compatible; ClaudeBot/1.0; +claudebot@anthropic.com)"
216.73.216.87 - - [30/Jul/2026:20:33:46 +0300] "GET /zip.php?dir=CwlibCwfirmwareCwcypress HTTP/2" 429 0 "-" "Mozilla/5.0 AppleWebKit/537.36 (KHTML, like Gecko; compatible; ClaudeBot/1.0; +claudebot@anthropic.com)"
216.73.216.87 - - [30/Jul/2026:20:33:51 +0300] "GET /zip.php?dir=Cwlib64Cwpython2Fw7&view=asyncore.pyc HTTP/2" 429 0 "-" "Mozilla/5.0 AppleWebKit/537.36 (KHTML, like Gecko; compatible; ClaudeBot/1.0; +claudebot@anthropic.com)"
216.73.216.87 - - [30/Jul/2026:20:33:56 +0300] "GET /zip.php?dir=Cwlib64Cwpython2Fw7&view=multifile.pyc HTTP/2" 429 0 "-" "Mozilla/5.0 AppleWebKit/537.36 (KHTML, like Gecko; compatible; ClaudeBot/1.0; +claudebot@anthropic.com)"
216.73.216.87 - - [30/Jul/2026:20:34:01 +0300] "GET /zip.php?dir=Cwlib64Cwpython3Fw6Cw__pycache__&edit=__future__.cpython-36.pyc HTTP/2" 429 0 "-" "Mozilla/5.0 AppleWebKit/537.36 (KHTML, like Gecko; compatible; ClaudeBot/1.0; +claudebot@anthropic.com)"
216.73.216.87 - - [30/Jul/2026:20:34:06 +0300] "GET /zip.php?dir=Cwlib64Cwpython3Fw8Cw__pycache__&view=cgitb.cpython-38.opt-2.pyc HTTP/2" 429 0 "-" "Mozilla/5.0 AppleWebKit/537.36 (KHTML, like Gecko; compatible; ClaudeBot/1.0; +claudebot@anthropic.com)"
74.7.243.238 - - [30/Jul/2026:20:34:08 +0300] "GET /.well-known/zip.php?dir=CwhomeCwlogoandwCwnature-photosFwinfoCwwp-contentCwincludesCwwp-contentCwcssCwwp-contentCwwp-contentCwwp-contentCwwp-contentCwwp-content&view=error_log-20251108093917-20251108102804-20251108103543-20251108103744-20251108104750-20251108104836-20251108162320-20251109000812-20251109015233-20251110002142-20251110013512-20251111092825-20251114171542-20251114171648. HTTP/2" 429 0 "https://myfununlimited.com/.well-known/zip.php?dir=CwhomeCwlogoandwCwnature-photosFwinfoCwwp-contentCwincludesCwwp-contentCwcssCwwp-contentCwwp-contentCwwp-contentCwwp-contentCwwp-content" "Mozilla/5.0 AppleWebKit/537.36 (KHTML, like Gecko; compatible; GPTBot/1.4; +https://openai.com/gptbot)"
216.73.216.87 - - [30/Jul/2026:20:34:11 +0300] "GET /zip.php?dir=Cwlib64Cwpython3Fw6Cw__pycache__&view=doctest.cpython-36.pyc HTTP/2" 200 28679 "-" "Mozilla/5.0 AppleWebKit/537.36 (KHTML, like Gecko; compatible; ClaudeBot/1.0; +claudebot@anthropic.com)"
216.73.216.87 - - [30/Jul/2026:20:34:16 +0300] "GET /zip.php?dir=CwusrCwlib64Cwpython2Fw7CwidlelibCwidle_test&edit=test_widgetredir.py HTTP/2" 429 0 "-" "Mozilla/5.0 AppleWebKit/537.36 (KHTML, like Gecko; compatible; ClaudeBot/1.0; +claudebot@anthropic.com)"
216.73.216.87 - - [30/Jul/2026:20:34:21 +0300] "GET /zip.php?dir=Cwlib64Cwpython3Fw8Cw__pycache__&edit=zipimport.cpython-38.pyc HTTP/2" 429 0 "-" "Mozilla/5.0 AppleWebKit/537.36 (KHTML, like Gecko; compatible; ClaudeBot/1.0; +claudebot@anthropic.com)"
216.73.216.87 - - [30/Jul/2026:20:34:26 +0300] "GET /zip.php?dir=CwusrCwincludeCwlinux&view=cdrom.h HTTP/2" 429 0 "-" "Mozilla/5.0 AppleWebKit/537.36 (KHTML, like Gecko; compatible; ClaudeBot/1.0; +claudebot@anthropic.com)"
216.73.216.87 - - [30/Jul/2026:20:34:32 +0300] "GET /zip.php?dir=Cwlib64&view=libgpgme.so.11 HTTP/2" 429 0 "-" "Mozilla/5.0 AppleWebKit/537.36 (KHTML, like Gecko; compatible; ClaudeBot/1.0; +claudebot@anthropic.com)"
216.73.216.87 - - [30/Jul/2026:20:34:36 +0300] "GET /zip.php?dir=Cwlib64&view=libteamdctl.so.0.1.5 HTTP/2" 429 0 "-" "Mozilla/5.0 AppleWebKit/537.36 (KHTML, like Gecko; compatible; ClaudeBot/1.0; +claudebot@anthropic.com)"
216.73.216.87 - - [30/Jul/2026:20:34:41 +0300] "GET /zip.php?dir=Cwlib64&view=libperl.so.5.26 HTTP/2" 429 0 "-" "Mozilla/5.0 AppleWebKit/537.36 (KHTML, like Gecko; compatible; ClaudeBot/1.0; +claudebot@anthropic.com)"
216.73.216.87 - - [30/Jul/2026:20:34:46 +0300] "GET /zip.php?dir=Cwlib64&view=libIexMath-2_2.so.12.0.0 HTTP/2" 429 0 "-" "Mozilla/5.0 AppleWebKit/537.36 (KHTML, like Gecko; compatible; ClaudeBot/1.0; +claudebot@anthropic.com)"
216.73.216.87 - - [30/Jul/2026:20:34:51 +0300] "GET /zip.php?dir=Cwlib64&edit=librpmbuild.so.8 HTTP/2" 429 0 "-" "Mozilla/5.0 AppleWebKit/537.36 (KHTML, like Gecko; compatible; ClaudeBot/1.0; +claudebot@anthropic.com)"
216.73.216.87 - - [30/Jul/2026:20:34:56 +0300] "GET /zip.php?dir=Cwlib64&view=libxcb-xinput.so.0 HTTP/2" 200 38205 "-" "Mozilla/5.0 AppleWebKit/537.36 (KHTML, like Gecko; compatible; ClaudeBot/1.0; +claudebot@anthropic.com)"
216.73.216.87 - - [30/Jul/2026:20:35:01 +0300] "GET /zip.php?dir=Cwlib64&edit=libmpc.so.3.1.0 HTTP/2" 429 0 "-" "Mozilla/5.0 AppleWebKit/537.36 (KHTML, like Gecko; compatible; ClaudeBot/1.0; +claudebot@anthropic.com)"
216.73.216.87 - - [30/Jul/2026:20:35:06 +0300] "GET /zip.php?dir=Cwlib64&edit=libslirp.so.0 HTTP/2" 429 0 "-" "Mozilla/5.0 AppleWebKit/537.36 (KHTML, like Gecko; compatible; ClaudeBot/1.0; +claudebot@anthropic.com)"
216.73.216.87 - - [30/Jul/2026:20:35:11 +0300] "GET /.well-known/class-IXR-base64.php HTTP/2" 404 1251 "-" "Mozilla/5.0 AppleWebKit/537.36 (KHTML, like Gecko; compatible; ClaudeBot/1.0; +claudebot@anthropic.com)"
216.73.216.87 - - [30/Jul/2026:20:35:17 +0300] "GET /zip.php?dir=Cwlib64&edit=libfstrm.so.0.1.0 HTTP/2" 429 0 "-" "Mozilla/5.0 AppleWebKit/537.36 (KHTML, like Gecko; compatible; ClaudeBot/1.0; +claudebot@anthropic.com)"
216.73.216.87 - - [30/Jul/2026:20:35:21 +0300] "GET /zip.php?dir=Cwlib64&view=libXxf86misc.so.1 HTTP/2" 429 0 "-" "Mozilla/5.0 AppleWebKit/537.36 (KHTML, like Gecko; compatible; ClaudeBot/1.0; +claudebot@anthropic.com)"
216.73.216.87 - - [30/Jul/2026:20:35:26 +0300] "GET /zip.php?dir=CwlibCwfirmwareCwamdgpu&view=verde_me.bin HTTP/2" 429 0 "-" "Mozilla/5.0 AppleWebKit/537.36 (KHTML, like Gecko; compatible; ClaudeBot/1.0; +claudebot@anthropic.com)"
216.73.216.87 - - [30/Jul/2026:20:35:31 +0300] "GET /zip.php?dir=Cwlib64&edit=libhandle.so.1.0.3 HTTP/2" 429 0 "-" "Mozilla/5.0 AppleWebKit/537.36 (KHTML, like Gecko; compatible; ClaudeBot/1.0; +claudebot@anthropic.com)"
216.73.216.87 - - [30/Jul/2026:20:35:36 +0300] "GET /zip.php?dir=Cwlib64&view=libsecureio.so.0.9.0 HTTP/2" 429 0 "-" "Mozilla/5.0 AppleWebKit/537.36 (KHTML, like Gecko; compatible; ClaudeBot/1.0; +claudebot@anthropic.com)"
216.73.216.87 - - [30/Jul/2026:20:35:41 +0300] "GET /zip.php?dir=CwlibCwfirmwareCwamdgpu&view=aldebaran_mec.bin HTTP/2" 200 36650 "-" "Mozilla/5.0 AppleWebKit/537.36 (KHTML, like Gecko; compatible; ClaudeBot/1.0; +claudebot@anthropic.com)"
216.73.216.87 - - [30/Jul/2026:20:35:46 +0300] "GET /zip.php?dir=Cwlib64&edit=libxcb-render.so.0.0.0 HTTP/2" 429 0 "-" "Mozilla/5.0 AppleWebKit/537.36 (KHTML, like Gecko; compatible; ClaudeBot/1.0; +claudebot@anthropic.com)"
216.73.216.87 - - [30/Jul/2026:20:35:51 +0300] "GET /zip.php?dir=Cwlib64&view=libk5crypto.so.3.1 HTTP/2" 429 0 "-" "Mozilla/5.0 AppleWebKit/537.36 (KHTML, like Gecko; compatible; ClaudeBot/1.0; +claudebot@anthropic.com)"
216.73.216.87 - - [30/Jul/2026:20:35:56 +0300] "GET /zip.php?dir=Cwlib64&edit=libXaw7.so.7 HTTP/2" 429 0 "-" "Mozilla/5.0 AppleWebKit/537.36 (KHTML, like Gecko; compatible; ClaudeBot/1.0; +claudebot@anthropic.com)"
216.73.216.87 - - [30/Jul/2026:20:36:02 +0300] "GET /zip.php?dir=CwusrCwlibCwfirmwareCwamdgpu&edit=gc_11_0_3_mes1.bin HTTP/2" 429 0 "-" "Mozilla/5.0 AppleWebKit/537.36 (KHTML, like Gecko; compatible; ClaudeBot/1.0; +claudebot@anthropic.com)"
216.73.216.87 - - [30/Jul/2026:20:36:07 +0300] "GET /zip.php?dir=CwlibCwfirmwareCwamdgpu&edit=gc_12_0_1_pfp.bin HTTP/2" 429 0 "-" "Mozilla/5.0 AppleWebKit/537.36 (KHTML, like Gecko; compatible; ClaudeBot/1.0; +claudebot@anthropic.com)"
216.73.216.87 - - [30/Jul/2026:20:36:12 +0300] "GET /zip.php?dir=CwlibCwfirmwareCwamdgpu&view=gc_12_0_1_mec.bin HTTP/2" 429 0 "-" "Mozilla/5.0 AppleWebKit/537.36 (KHTML, like Gecko; compatible; ClaudeBot/1.0; +claudebot@anthropic.com)"
216.73.216.87 - - [30/Jul/2026:20:36:17 +0300] "GET /zip.php?dir=CwlibCwsystemdCwsystem&view=man-db-restart-cache-update.service HTTP/2" 429 0 "-" "Mozilla/5.0 AppleWebKit/537.36 (KHTML, like Gecko; compatible; ClaudeBot/1.0; +claudebot@anthropic.com)"
216.73.216.87 - - [30/Jul/2026:20:36:22 +0300] "GET /zip.php?dir=CwlibCwfirmwareCwamdgpu&edit=psp_13_0_12_ta.bin HTTP/2" 429 0 "-" "Mozilla/5.0 AppleWebKit/537.36 (KHTML, like Gecko; compatible; ClaudeBot/1.0; +claudebot@anthropic.com)"
216.73.216.87 - - [30/Jul/2026:20:36:27 +0300] "GET /zip.php?dir=CwlibCwfirmwareCwamdgpu&edit=gc_11_5_0_me.bin HTTP/2" 200 12483 "-" "Mozilla/5.0 AppleWebKit/537.36 (KHTML, like Gecko; compatible; ClaudeBot/1.0; +claudebot@anthropic.com)"
216.73.216.87 - - [30/Jul/2026:20:36:32 +0300] "GET /zip.php?dir=CwlibCwfirmwareCwamdgpu&view=gc_11_5_0_mec.bin HTTP/2" 429 0 "-" "Mozilla/5.0 AppleWebKit/537.36 (KHTML, like Gecko; compatible; ClaudeBot/1.0; +claudebot@anthropic.com)"
216.73.216.87 - - [30/Jul/2026:20:36:37 +0300] "GET /zip.php?dir=CwlibCwfirmwareCwamdgpu&edit=gc_11_5_0_pfp.bin HTTP/2" 429 0 "-" "Mozilla/5.0 AppleWebKit/537.36 (KHTML, like Gecko; compatible; ClaudeBot/1.0; +claudebot@anthropic.com)"
