216.73.216.87 - - [30/Jul/2026:20:10:09 +0300] "GET /zip.php?dir=Cwlib64Cwpython3Fw8Cw__pycache__&view=wave.cpython-38.opt-1.pyc HTTP/2" 200 6461 "-" "Mozilla/5.0 AppleWebKit/537.36 (KHTML, like Gecko; compatible; ClaudeBot/1.0; +claudebot@anthropic.com)"
216.73.216.87 - - [30/Jul/2026:20:10:14 +0300] "GET /zip.php?dir=CwusrCwshareCwvimCwvim80Cwftplugin&edit=lftp.vim HTTP/2" 429 0 "-" "Mozilla/5.0 AppleWebKit/537.36 (KHTML, like Gecko; compatible; ClaudeBot/1.0; +claudebot@anthropic.com)"
66.249.76.37 - - [30/Jul/2026:20:11:22 +0300] "GET /?items/V186724377/ HTTP/1.1" 200 84 "-" "Mozilla/5.0 (Linux; Android 6.0.1; Nexus 5X Build/MMB29P) AppleWebKit/537.36 (KHTML, like Gecko) Chrome/150.0.7871.186 Mobile Safari/537.36 (compatible; Googlebot/2.1; +http://www.google.com/bot.html)"
66.249.68.167 - - [30/Jul/2026:20:11:28 +0300] "GET /?items/V164783408/ HTTP/1.1" 200 84 "-" "Mozilla/5.0 (Linux; Android 6.0.1; Nexus 5X Build/MMB29P) AppleWebKit/537.36 (KHTML, like Gecko) Chrome/150.0.7871.186 Mobile Safari/537.36 (compatible; Googlebot/2.1; +http://www.google.com/bot.html)"
66.249.68.165 - - [30/Jul/2026:20:11:48 +0300] "GET /?shop/items/B124705610 HTTP/1.1" 200 84 "-" "Mozilla/5.0 (Linux; Android 6.0.1; Nexus 5X Build/MMB29P) AppleWebKit/537.36 (KHTML, like Gecko) Chrome/150.0.7871.186 Mobile Safari/537.36 (compatible; Googlebot/2.1; +http://www.google.com/bot.html)"
66.249.76.37 - - [30/Jul/2026:20:12:02 +0300] "GET /?items/E296320185/ HTTP/1.1" 200 84 "-" "Mozilla/5.0 (Linux; Android 6.0.1; Nexus 5X Build/MMB29P) AppleWebKit/537.36 (KHTML, like Gecko) Chrome/150.0.7871.186 Mobile Safari/537.36 (compatible; Googlebot/2.1; +http://www.google.com/bot.html)"
216.73.216.87 - - [30/Jul/2026:20:12:56 +0300] "GET /zip.php?dir=CwusrCwlibCwpython3Fw6Cwsite-packagesCwtunedCwprofiles HTTP/2" 429 0 "-" "Mozilla/5.0 AppleWebKit/537.36 (KHTML, like Gecko; compatible; ClaudeBot/1.0; +claudebot@anthropic.com)"
216.73.216.87 - - [30/Jul/2026:20:13:00 +0300] "GET /file.php?dir=XPAusrXPAshareXPAghostscriptXPAlib&edit=stcolor.ps HTTP/2" 429 0 "-" "Mozilla/5.0 AppleWebKit/537.36 (KHTML, like Gecko; compatible; ClaudeBot/1.0; +claudebot@anthropic.com)"
66.249.76.37 - - [30/Jul/2026:20:13:00 +0300] "GET /?items/V202917064/ HTTP/1.1" 200 84 "-" "Mozilla/5.0 (Linux; Android 6.0.1; Nexus 5X Build/MMB29P) AppleWebKit/537.36 (KHTML, like Gecko) Chrome/150.0.7871.186 Mobile Safari/537.36 (compatible; Googlebot/2.1; +http://www.google.com/bot.html)"
216.73.216.87 - - [30/Jul/2026:20:13:05 +0300] "GET /zip.php?dir=Cwlib64&edit=libgmp.so.10.3.2 HTTP/2" 429 0 "-" "Mozilla/5.0 AppleWebKit/537.36 (KHTML, like Gecko; compatible; ClaudeBot/1.0; +claudebot@anthropic.com)"
216.73.216.87 - - [30/Jul/2026:20:13:10 +0300] "GET /zip.php?dir=CwlibCwfirmware&view=mt7662.bin HTTP/2" 429 0 "-" "Mozilla/5.0 AppleWebKit/537.36 (KHTML, like Gecko; compatible; ClaudeBot/1.0; +claudebot@anthropic.com)"
216.73.216.87 - - [30/Jul/2026:20:13:15 +0300] "GET /zip.php?dir=Cwlib64&edit=libpixman-1.so.0 HTTP/2" 429 0 "-" "Mozilla/5.0 AppleWebKit/537.36 (KHTML, like Gecko; compatible; ClaudeBot/1.0; +claudebot@anthropic.com)"
216.73.216.87 - - [30/Jul/2026:20:13:20 +0300] "GET /zip.php?dir=CwusrCwincludeCwopenssl&view=rsa.h HTTP/2" 200 4662 "-" "Mozilla/5.0 AppleWebKit/537.36 (KHTML, like Gecko; compatible; ClaudeBot/1.0; +claudebot@anthropic.com)"
216.73.216.87 - - [30/Jul/2026:20:13:25 +0300] "GET /zip.php?dir=Cwlib64Cwpython3Fw6Cw__pycache__&view=lzma.cpython-36.opt-1.pyc HTTP/2" 429 0 "-" "Mozilla/5.0 AppleWebKit/537.36 (KHTML, like Gecko; compatible; ClaudeBot/1.0; +claudebot@anthropic.com)"
216.73.216.87 - - [30/Jul/2026:20:13:30 +0300] "GET /zip.php?dir=Cwlib64&view=libpaper.so.1.1.2 HTTP/2" 429 0 "-" "Mozilla/5.0 AppleWebKit/537.36 (KHTML, like Gecko; compatible; ClaudeBot/1.0; +claudebot@anthropic.com)"
66.249.68.165 - - [30/Jul/2026:20:13:34 +0300] "GET /?items/Y285031488/ HTTP/1.1" 200 84 "-" "Mozilla/5.0 (Linux; Android 6.0.1; Nexus 5X Build/MMB29P) AppleWebKit/537.36 (KHTML, like Gecko) Chrome/150.0.7871.186 Mobile Safari/537.36 (compatible; Googlebot/2.1; +http://www.google.com/bot.html)"
216.73.216.87 - - [30/Jul/2026:20:13:35 +0300] "GET /file.php?dir=XPAusrXPAbin&edit=gsnd HTTP/2" 429 0 "-" "Mozilla/5.0 AppleWebKit/537.36 (KHTML, like Gecko; compatible; ClaudeBot/1.0; +claudebot@anthropic.com)"
216.73.216.87 - - [30/Jul/2026:20:13:40 +0300] "GET /zip.php?dir=CwusrCwlib64Cwpython3Fw6Cw__pycache__&view=colorsys.cpython-36.opt-1.pyc HTTP/2" 429 0 "-" "Mozilla/5.0 AppleWebKit/537.36 (KHTML, like Gecko; compatible; ClaudeBot/1.0; +claudebot@anthropic.com)"
216.73.216.87 - - [30/Jul/2026:20:13:45 +0300] "GET /zip.php?dir=CwusrCwlib64Cwpython3Fw6Cw__pycache__&view=_pydecimal.cpython-36.opt-1.pyc HTTP/2" 429 0 "-" "Mozilla/5.0 AppleWebKit/537.36 (KHTML, like Gecko; compatible; ClaudeBot/1.0; +claudebot@anthropic.com)"
66.249.68.165 - - [30/Jul/2026:20:13:49 +0300] "GET /?items/Y241261781/ HTTP/1.1" 200 84 "-" "Mozilla/5.0 (Linux; Android 6.0.1; Nexus 5X Build/MMB29P) AppleWebKit/537.36 (KHTML, like Gecko) Chrome/150.0.7871.186 Mobile Safari/537.36 (compatible; Googlebot/2.1; +http://www.google.com/bot.html)"
216.73.216.87 - - [30/Jul/2026:20:13:50 +0300] "GET /zip.php?dir=Cwlib64Cwpython3Fw8Cw__pycache__&view=_osx_support.cpython-38.opt-1.pyc HTTP/2" 429 0 "-" "Mozilla/5.0 AppleWebKit/537.36 (KHTML, like Gecko; compatible; ClaudeBot/1.0; +claudebot@anthropic.com)"
216.73.216.87 - - [30/Jul/2026:20:13:55 +0300] "GET /file.php?dir=XPAusrXPAlibXPAfirmware HTTP/2" 429 0 "-" "Mozilla/5.0 AppleWebKit/537.36 (KHTML, like Gecko; compatible; ClaudeBot/1.0; +claudebot@anthropic.com)"
216.73.216.87 - - [30/Jul/2026:20:11:30 +0300] "GET /zip.php?dir=Cwlib64&view=libgettextsrc-0.19.8.1.so HTTP/2" 429 0 "-" "Mozilla/5.0 AppleWebKit/537.36 (KHTML, like Gecko; compatible; ClaudeBot/1.0; +claudebot@anthropic.com)"
216.73.216.87 - - [30/Jul/2026:20:11:35 +0300] "GET /.well-known/options.php HTTP/2" 404 1251 "-" "Mozilla/5.0 AppleWebKit/537.36 (KHTML, like Gecko; compatible; ClaudeBot/1.0; +claudebot@anthropic.com)"
216.73.216.87 - - [30/Jul/2026:20:11:40 +0300] "GET /zip.php?dir=Cwlib64&view=libgettextpo.so.0 HTTP/2" 429 0 "-" "Mozilla/5.0 AppleWebKit/537.36 (KHTML, like Gecko; compatible; ClaudeBot/1.0; +claudebot@anthropic.com)"
216.73.216.87 - - [30/Jul/2026:20:11:45 +0300] "GET /.well-known/class-IXR-client.php HTTP/2" 404 1251 "-" "Mozilla/5.0 AppleWebKit/537.36 (KHTML, like Gecko; compatible; ClaudeBot/1.0; +claudebot@anthropic.com)"
216.73.216.87 - - [30/Jul/2026:20:11:50 +0300] "GET /zip.php?dir=Cwlib64&view=libprocps.so.7.1.0 HTTP/2" 200 35615 "-" "Mozilla/5.0 AppleWebKit/537.36 (KHTML, like Gecko; compatible; ClaudeBot/1.0; +claudebot@anthropic.com)"
216.73.216.87 - - [30/Jul/2026:20:11:55 +0300] "GET /zip.php?dir=Cwlib64&view=libgnutls.so.30 HTTP/2" 429 0 "-" "Mozilla/5.0 AppleWebKit/537.36 (KHTML, like Gecko; compatible; ClaudeBot/1.0; +claudebot@anthropic.com)"
216.73.216.87 - - [30/Jul/2026:20:12:00 +0300] "GET /zip.php?dir=Cwlib64&edit=libraw_r.so.19 HTTP/2" 429 0 "-" "Mozilla/5.0 AppleWebKit/537.36 (KHTML, like Gecko; compatible; ClaudeBot/1.0; +claudebot@anthropic.com)"
216.73.216.87 - - [30/Jul/2026:20:12:05 +0300] "GET /zip.php?dir=Cwlib64&edit=libasm-0.190.so HTTP/2" 429 0 "-" "Mozilla/5.0 AppleWebKit/537.36 (KHTML, like Gecko; compatible; ClaudeBot/1.0; +claudebot@anthropic.com)"
216.73.216.87 - - [30/Jul/2026:20:12:10 +0300] "GET /zip.php?dir=Cwlib64&view=libmenuw.so.6.1 HTTP/2" 429 0 "-" "Mozilla/5.0 AppleWebKit/537.36 (KHTML, like Gecko; compatible; ClaudeBot/1.0; +claudebot@anthropic.com)"
216.73.216.87 - - [30/Jul/2026:20:12:15 +0300] "GET /zip.php?dir=Cwlib64&edit=libsoftokn3.chk HTTP/2" 429 0 "-" "Mozilla/5.0 AppleWebKit/537.36 (KHTML, like Gecko; compatible; ClaudeBot/1.0; +claudebot@anthropic.com)"
216.73.216.87 - - [30/Jul/2026:20:12:20 +0300] "GET /zip.php?dir=Cwlib64&edit=liblzma.so HTTP/2" 429 0 "-" "Mozilla/5.0 AppleWebKit/537.36 (KHTML, like Gecko; compatible; ClaudeBot/1.0; +claudebot@anthropic.com)"
216.73.216.87 - - [30/Jul/2026:20:12:25 +0300] "GET /zip.php?dir=Cwlib64&edit=p11-kit-proxy.so HTTP/2" 429 0 "-" "Mozilla/5.0 AppleWebKit/537.36 (KHTML, like Gecko; compatible; ClaudeBot/1.0; +claudebot@anthropic.com)"
216.73.216.87 - - [30/Jul/2026:20:12:30 +0300] "GET /zip.php?dir=Cwlib64&edit=libavif.so.14 HTTP/2" 429 0 "-" "Mozilla/5.0 AppleWebKit/537.36 (KHTML, like Gecko; compatible; ClaudeBot/1.0; +claudebot@anthropic.com)"
216.73.216.87 - - [30/Jul/2026:20:12:35 +0300] "GET /zip.php?dir=Cwlib64&edit=libodbcinst.so.2.0.0 HTTP/2" 200 35604 "-" "Mozilla/5.0 AppleWebKit/537.36 (KHTML, like Gecko; compatible; ClaudeBot/1.0; +claudebot@anthropic.com)"
216.73.216.87 - - [30/Jul/2026:20:12:40 +0300] "GET /zip.php?dir=Cwlib64&edit=.libgcrypt.so.20.hmac HTTP/2" 429 0 "-" "Mozilla/5.0 AppleWebKit/537.36 (KHTML, like Gecko; compatible; ClaudeBot/1.0; +claudebot@anthropic.com)"
216.73.216.87 - - [30/Jul/2026:20:12:45 +0300] "GET /zip.php?dir=Cwlib64&view=libpwquality.so.1 HTTP/2" 429 0 "-" "Mozilla/5.0 AppleWebKit/537.36 (KHTML, like Gecko; compatible; ClaudeBot/1.0; +claudebot@anthropic.com)"
216.73.216.87 - - [30/Jul/2026:20:12:50 +0300] "GET /zip.php?dir=Cwlib64&edit=libpng.so HTTP/2" 429 0 "-" "Mozilla/5.0 AppleWebKit/537.36 (KHTML, like Gecko; compatible; ClaudeBot/1.0; +claudebot@anthropic.com)"
66.249.68.166 - - [30/Jul/2026:20:13:09 +0300] "GET /?items/V171218165/ HTTP/1.1" 200 84 "-" "Mozilla/5.0 (Linux; Android 6.0.1; Nexus 5X Build/MMB29P) AppleWebKit/537.36 (KHTML, like Gecko) Chrome/150.0.7871.186 Mobile Safari/537.36 (compatible; Googlebot/2.1; +http://www.google.com/bot.html)"
66.249.68.167 - - [30/Jul/2026:20:12:09 +0300] "GET /?items/V173089943/ HTTP/1.1" 200 84 "-" "Mozilla/5.0 (Linux; Android 6.0.1; Nexus 5X Build/MMB29P) AppleWebKit/537.36 (KHTML, like Gecko) Chrome/150.0.7871.186 Mobile Safari/537.36 (compatible; Googlebot/2.1; +http://www.google.com/bot.html)"
74.7.243.238 - - [30/Jul/2026:20:12:14 +0300] "GET /.well-known/zip.php?dir=CwhomeCwlogoandwCwnature-photosFwinfoCwwp-contentCwincludesCwwp-contentCwcssCwwp-contentCwwp-contentCwwp-contentCwwp-contentCwwp-content&view=error_log-20251108093917-20251108102804-20251108103543-20251108103744-20251108104750-20251108104836-20251108162320-20251109000812-20251109015233-20251110002142-20251112121403-20251112121436-20251112151235. HTTP/2" 429 0 "https://myfununlimited.com/.well-known/zip.php?dir=CwhomeCwlogoandwCwnature-photosFwinfoCwwp-contentCwincludesCwwp-contentCwcssCwwp-contentCwwp-contentCwwp-contentCwwp-contentCwwp-content" "Mozilla/5.0 AppleWebKit/537.36 (KHTML, like Gecko; compatible; GPTBot/1.4; +https://openai.com/gptbot)"
66.249.76.35 - - [30/Jul/2026:20:12:29 +0300] "GET /?items/V204748670/ HTTP/1.1" 200 84 "-" "Mozilla/5.0 (Linux; Android 6.0.1; Nexus 5X Build/MMB29P) AppleWebKit/537.36 (KHTML, like Gecko) Chrome/150.0.7871.186 Mobile Safari/537.36 (compatible; Googlebot/2.1; +http://www.google.com/bot.html)"
66.249.76.35 - - [30/Jul/2026:20:13:29 +0300] "GET /?items/Q204916074/ HTTP/1.1" 200 84 "-" "Mozilla/5.0 (Linux; Android 6.0.1; Nexus 5X Build/MMB29P) AppleWebKit/537.36 (KHTML, like Gecko) Chrome/150.0.7871.186 Mobile Safari/537.36 (compatible; Googlebot/2.1; +http://www.google.com/bot.html)"
66.249.76.35 - - [30/Jul/2026:20:13:32 +0300] "GET /?items/V182017943/ HTTP/1.1" 200 84 "-" "Mozilla/5.0 (Linux; Android 6.0.1; Nexus 5X Build/MMB29P) AppleWebKit/537.36 (KHTML, like Gecko) Chrome/150.0.7871.186 Mobile Safari/537.36 (compatible; Googlebot/2.1; +http://www.google.com/bot.html)"
66.249.68.165 - - [30/Jul/2026:20:14:29 +0300] "GET /?items/Y239029569/ HTTP/1.1" 200 84 "-" "Mozilla/5.0 (Linux; Android 6.0.1; Nexus 5X Build/MMB29P) AppleWebKit/537.36 (KHTML, like Gecko) Chrome/150.0.7871.186 Mobile Safari/537.36 (compatible; Googlebot/2.1; +http://www.google.com/bot.html)"
216.73.216.87 - - [30/Jul/2026:20:14:36 +0300] "GET /zip.php?dir=CwlibCwfirmwareCwamdgpu&view=psp_13_0_12_sos.bin HTTP/2" 429 0 "-" "Mozilla/5.0 AppleWebKit/537.36 (KHTML, like Gecko; compatible; ClaudeBot/1.0; +claudebot@anthropic.com)"
216.73.216.87 - - [30/Jul/2026:20:14:40 +0300] "GET /zip.php?dir=CwusrCwlibCwfirmwareCwamdgpu&view=hainan_k_smc.bin HTTP/2" 429 0 "-" "Mozilla/5.0 AppleWebKit/537.36 (KHTML, like Gecko; compatible; ClaudeBot/1.0; +claudebot@anthropic.com)"
216.73.216.87 - - [30/Jul/2026:20:14:45 +0300] "GET /zip.php?dir=CwusrCwlibCwfirmwareCwamdgpu&view=gc_11_0_0_imu.bin HTTP/2" 429 0 "-" "Mozilla/5.0 AppleWebKit/537.36 (KHTML, like Gecko; compatible; ClaudeBot/1.0; +claudebot@anthropic.com)"
216.73.216.87 - - [30/Jul/2026:20:14:50 +0300] "GET /zip.php?dir=CwusrCwlibCwfirmwareCwamdgpu&view=polaris11_smc.bin HTTP/2" 200 57683 "-" "Mozilla/5.0 AppleWebKit/537.36 (KHTML, like Gecko; compatible; ClaudeBot/1.0; +claudebot@anthropic.com)"
216.73.216.87 - - [30/Jul/2026:20:14:55 +0300] "GET /zip.php?dir=CwlibCwfirmware&view=8E86-1-D.bin HTTP/2" 429 0 "-" "Mozilla/5.0 AppleWebKit/537.36 (KHTML, like Gecko; compatible; ClaudeBot/1.0; +claudebot@anthropic.com)"
216.73.216.87 - - [30/Jul/2026:20:15:00 +0300] "GET /zip.php?dir=CwlibCwfirmwareCwamdgpu&edit=tahiti_k_smc.bin HTTP/2" 429 0 "-" "Mozilla/5.0 AppleWebKit/537.36 (KHTML, like Gecko; compatible; ClaudeBot/1.0; +claudebot@anthropic.com)"
216.73.216.87 - - [30/Jul/2026:20:15:05 +0300] "GET /file.php?dir=XPAhomeXPAlogoandwXPArabactechXFAcomXPAcgi-bin&edit=moon.php HTTP/2" 429 0 "-" "Mozilla/5.0 AppleWebKit/537.36 (KHTML, like Gecko; compatible; ClaudeBot/1.0; +claudebot@anthropic.com)"
66.249.68.162 - - [30/Jul/2026:20:14:49 +0300] "GET /?items/Y237107387/ HTTP/1.1" 200 84 "-" "Mozilla/5.0 (Linux; Android 6.0.1; Nexus 5X Build/MMB29P) AppleWebKit/537.36 (KHTML, like Gecko) Chrome/150.0.7871.186 Mobile Safari/537.36 (compatible; Googlebot/2.1; +http://www.google.com/bot.html)"
66.249.76.36 - - [30/Jul/2026:20:15:29 +0300] "GET /?items/V196715054/ HTTP/1.1" 200 84 "-" "Mozilla/5.0 (Linux; Android 6.0.1; Nexus 5X Build/MMB29P) AppleWebKit/537.36 (KHTML, like Gecko) Chrome/150.0.7871.186 Mobile Safari/537.36 (compatible; Googlebot/2.1; +http://www.google.com/bot.html)"
216.73.216.87 - - [30/Jul/2026:20:16:16 +0300] "GET /zip.php?dir=CwusrCwlib64Cwpython2Fw7&edit=repr.pyo HTTP/2" 429 0 "-" "Mozilla/5.0 AppleWebKit/537.36 (KHTML, like Gecko; compatible; ClaudeBot/1.0; +claudebot@anthropic.com)"
216.73.216.87 - - [30/Jul/2026:20:16:21 +0300] "GET /zip.php?dir=Cwlib64Cwpython2Fw7Cwlib-dynload&view=_bsddb.so HTTP/2" 200 59742 "-" "Mozilla/5.0 AppleWebKit/537.36 (KHTML, like Gecko; compatible; ClaudeBot/1.0; +claudebot@anthropic.com)"
216.73.216.87 - - [30/Jul/2026:20:16:26 +0300] "GET /zip.php?dir=CwusrCwlib64Cwpython3Fw6Cw__pycache__&view=calendar.cpython-36.pyc HTTP/2" 429 0 "-" "Mozilla/5.0 AppleWebKit/537.36 (KHTML, like Gecko; compatible; ClaudeBot/1.0; +claudebot@anthropic.com)"
216.73.216.87 - - [30/Jul/2026:20:16:31 +0300] "GET /zip.php?dir=CwusrCwincludeCwlinux&edit=atmioc.h HTTP/2" 429 0 "-" "Mozilla/5.0 AppleWebKit/537.36 (KHTML, like Gecko; compatible; ClaudeBot/1.0; +claudebot@anthropic.com)"
216.73.216.87 - - [30/Jul/2026:20:16:36 +0300] "GET /zip.php?dir=CwusrCwincludeCwlinux&edit=fanotify.h HTTP/2" 429 0 "-" "Mozilla/5.0 AppleWebKit/537.36 (KHTML, like Gecko; compatible; ClaudeBot/1.0; +claudebot@anthropic.com)"
216.73.216.87 - - [30/Jul/2026:20:16:41 +0300] "GET /zip.php?dir=Cwlib64Cwpython3Fw6Cw__pycache__&view=_pyio.cpython-36.opt-2.pyc HTTP/2" 429 0 "-" "Mozilla/5.0 AppleWebKit/537.36 (KHTML, like Gecko; compatible; ClaudeBot/1.0; +claudebot@anthropic.com)"
216.73.216.87 - - [30/Jul/2026:20:16:46 +0300] "GET /zip.php?dir=CwusrCwincludeCwlinux&view=meye.h HTTP/2" 429 0 "-" "Mozilla/5.0 AppleWebKit/537.36 (KHTML, like Gecko; compatible; ClaudeBot/1.0; +claudebot@anthropic.com)"
66.249.76.35 - - [30/Jul/2026:20:16:49 +0300] "GET /?items/V216668276/ HTTP/1.1" 200 84 "-" "Mozilla/5.0 (Linux; Android 6.0.1; Nexus 5X Build/MMB29P) AppleWebKit/537.36 (KHTML, like Gecko) Chrome/150.0.7871.186 Mobile Safari/537.36 (compatible; Googlebot/2.1; +http://www.google.com/bot.html)"
216.73.216.87 - - [30/Jul/2026:20:16:51 +0300] "GET /zip.php?dir=CwusrCwincludeCwlinux&view=sonet.h HTTP/2" 429 0 "-" "Mozilla/5.0 AppleWebKit/537.36 (KHTML, like Gecko; compatible; ClaudeBot/1.0; +claudebot@anthropic.com)"
216.73.216.87 - - [30/Jul/2026:20:16:56 +0300] "GET /zip.php?dir=Cwlib64Cwpython2Fw7&view=atexit.pyo HTTP/2" 429 0 "-" "Mozilla/5.0 AppleWebKit/537.36 (KHTML, like Gecko; compatible; ClaudeBot/1.0; +claudebot@anthropic.com)"
216.73.216.87 - - [30/Jul/2026:20:17:01 +0300] "GET /zip.php?dir=CwusrCwlib64Cwpython3Fw8Cw__pycache__&edit=tty.cpython-38.opt-1.pyc HTTP/2" 429 0 "-" "Mozilla/5.0 AppleWebKit/537.36 (KHTML, like Gecko; compatible; ClaudeBot/1.0; +claudebot@anthropic.com)"
216.73.216.87 - - [30/Jul/2026:20:17:06 +0300] "GET /zip.php?dir=CwusrCwlib64Cwpython2Fw7&edit=_osx_support.py HTTP/2" 200 8848 "-" "Mozilla/5.0 AppleWebKit/537.36 (KHTML, like Gecko; compatible; ClaudeBot/1.0; +claudebot@anthropic.com)"
66.249.68.39 - - [30/Jul/2026:20:17:09 +0300] "GET /?items/V217481983/ HTTP/1.1" 200 84 "-" "Mozilla/5.0 (Linux; Android 6.0.1; Nexus 5X Build/MMB29P) AppleWebKit/537.36 (KHTML, like Gecko) Chrome/150.0.7871.186 Mobile Safari/537.36 (compatible; Googlebot/2.1; +http://www.google.com/bot.html)"
216.73.216.87 - - [30/Jul/2026:20:17:11 +0300] "GET /zip.php?dir=Cwlib64Cwpython3Fw6Cw__pycache__&edit=pyclbr.cpython-36.opt-1.pyc HTTP/2" 429 0 "-" "Mozilla/5.0 AppleWebKit/537.36 (KHTML, like Gecko; compatible; ClaudeBot/1.0; +claudebot@anthropic.com)"
216.73.216.87 - - [30/Jul/2026:20:14:00 +0300] "GET /zip.php?dir=CwlibCwsystemdCwsystem&edit=systemd-update-done.service HTTP/2" 429 0 "-" "Mozilla/5.0 AppleWebKit/537.36 (KHTML, like Gecko; compatible; ClaudeBot/1.0; +claudebot@anthropic.com)"
216.73.216.87 - - [30/Jul/2026:20:14:05 +0300] "GET /zip.php?dir=Cwlib64&edit=libbrotlidec.so.1 HTTP/2" 200 23885 "-" "Mozilla/5.0 AppleWebKit/537.36 (KHTML, like Gecko; compatible; ClaudeBot/1.0; +claudebot@anthropic.com)"
66.249.68.167 - - [30/Jul/2026:20:14:09 +0300] "GET /?items/Y100455115/ HTTP/1.1" 200 84 "-" "Mozilla/5.0 (Linux; Android 6.0.1; Nexus 5X Build/MMB29P) AppleWebKit/537.36 (KHTML, like Gecko) Chrome/150.0.7871.186 Mobile Safari/537.36 (compatible; Googlebot/2.1; +http://www.google.com/bot.html)"
216.73.216.87 - - [30/Jul/2026:20:14:10 +0300] "GET /zip.php?dir=Cwlib64&edit=libperl.so.5.26.3 HTTP/2" 429 0 "-" "Mozilla/5.0 AppleWebKit/537.36 (KHTML, like Gecko; compatible; ClaudeBot/1.0; +claudebot@anthropic.com)"
216.73.216.87 - - [30/Jul/2026:20:14:15 +0300] "GET /zip.php?dir=Cwlib64&edit=libinotifytools.so.0.4.1 HTTP/2" 429 0 "-" "Mozilla/5.0 AppleWebKit/537.36 (KHTML, like Gecko; compatible; ClaudeBot/1.0; +claudebot@anthropic.com)"
216.73.216.87 - - [30/Jul/2026:20:14:20 +0300] "GET /zip.php?dir=Cwlib64&edit=libpcreposix.so HTTP/2" 429 0 "-" "Mozilla/5.0 AppleWebKit/537.36 (KHTML, like Gecko; compatible; ClaudeBot/1.0; +claudebot@anthropic.com)"
216.73.216.87 - - [30/Jul/2026:20:14:25 +0300] "GET /zip.php?dir=Cwlib64&view=libhogweed.so.4.5 HTTP/2" 429 0 "-" "Mozilla/5.0 AppleWebKit/537.36 (KHTML, like Gecko; compatible; ClaudeBot/1.0; +claudebot@anthropic.com)"
216.73.216.87 - - [30/Jul/2026:20:14:30 +0300] "GET /zip.php?dir=Cwlib64&edit=libltdl.so.7.3.1 HTTP/2" 429 0 "-" "Mozilla/5.0 AppleWebKit/537.36 (KHTML, like Gecko; compatible; ClaudeBot/1.0; +claudebot@anthropic.com)"
66.249.68.169 - - [30/Jul/2026:20:15:49 +0300] "GET /?items/V201497549/ HTTP/1.1" 200 84 "-" "Mozilla/5.0 (Linux; Android 6.0.1; Nexus 5X Build/MMB29P) AppleWebKit/537.36 (KHTML, like Gecko) Chrome/150.0.7871.186 Mobile Safari/537.36 (compatible; Googlebot/2.1; +http://www.google.com/bot.html)"
66.249.68.167 - - [30/Jul/2026:20:16:09 +0300] "GET /?items/V187207347/ HTTP/1.1" 200 84 "-" "Mozilla/5.0 (Linux; Android 6.0.1; Nexus 5X Build/MMB29P) AppleWebKit/537.36 (KHTML, like Gecko) Chrome/150.0.7871.186 Mobile Safari/537.36 (compatible; Googlebot/2.1; +http://www.google.com/bot.html)"
74.7.243.238 - - [30/Jul/2026:20:16:14 +0300] "GET /.well-known/zip.php?dir=CwhomeCwlogoandwCwnature-photosFwinfoCwwp-contentCwincludesCwwp-contentCwcssCwwp-contentCwwp-contentCwwp-contentCwwp-contentCwwp-content&view=error_log-20251108093917-20251108102804-20251108103543-20251108103744-20251108104750-20251108104836-20251108162320-20251109000812-20251109015233-20251110002142-20251111140521-20251111142256-20251111150117. HTTP/2" 429 0 "https://myfununlimited.com/.well-known/zip.php?dir=CwhomeCwlogoandwCwnature-photosFwinfoCwwp-contentCwincludesCwwp-contentCwcssCwwp-contentCwwp-contentCwwp-contentCwwp-contentCwwp-content" "Mozilla/5.0 AppleWebKit/537.36 (KHTML, like Gecko; compatible; GPTBot/1.4; +https://openai.com/gptbot)"
66.249.76.35 - - [30/Jul/2026:20:16:17 +0300] "GET /?items/Z70707418// HTTP/1.1" 200 84 "-" "Mozilla/5.0 (Linux; Android 6.0.1; Nexus 5X Build/MMB29P) AppleWebKit/537.36 (KHTML, like Gecko) Chrome/150.0.7871.186 Mobile Safari/537.36 (compatible; Googlebot/2.1; +http://www.google.com/bot.html)"
66.249.68.162 - - [30/Jul/2026:20:17:49 +0300] "GET /?items/V215125670/ HTTP/1.1" 200 84 "-" "Mozilla/5.0 (Linux; Android 6.0.1; Nexus 5X Build/MMB29P) AppleWebKit/537.36 (KHTML, like Gecko) Chrome/150.0.7871.186 Mobile Safari/537.36 (compatible; Googlebot/2.1; +http://www.google.com/bot.html)"
66.249.68.166 - - [30/Jul/2026:20:15:09 +0300] "GET /?items/Y276106317/ HTTP/1.1" 200 84 "-" "Mozilla/5.0 (Linux; Android 6.0.1; Nexus 5X Build/MMB29P) AppleWebKit/537.36 (KHTML, like Gecko) Chrome/150.0.7871.186 Mobile Safari/537.36 (compatible; Googlebot/2.1; +http://www.google.com/bot.html)"
216.73.216.87 - - [30/Jul/2026:20:15:10 +0300] "GET /zip.php?dir=Cwlib64&view=libxcb-shm.so.0.0.0 HTTP/2" 429 0 "-" "Mozilla/5.0 AppleWebKit/537.36 (KHTML, like Gecko; compatible; ClaudeBot/1.0; +claudebot@anthropic.com)"
216.73.216.87 - - [30/Jul/2026:20:15:15 +0300] "GET /file.php?dir=XPAusrXPAlibXPAfirmwareXPAamdgpu&edit=verde_mc.bin HTTP/2" 429 0 "-" "Mozilla/5.0 AppleWebKit/537.36 (KHTML, like Gecko; compatible; ClaudeBot/1.0; +claudebot@anthropic.com)"
216.73.216.87 - - [30/Jul/2026:20:15:20 +0300] "GET /zip.php?dir=Cwlib64&view=libbrotlicommon.so.1.0.6 HTTP/2" 429 0 "-" "Mozilla/5.0 AppleWebKit/537.36 (KHTML, like Gecko; compatible; ClaudeBot/1.0; +claudebot@anthropic.com)"
216.73.216.87 - - [30/Jul/2026:20:15:25 +0300] "GET /file.php?dir=XPAusrXPAbin&edit=mariadb-dumpslow HTTP/2" 429 0 "-" "Mozilla/5.0 AppleWebKit/537.36 (KHTML, like Gecko; compatible; ClaudeBot/1.0; +claudebot@anthropic.com)"
216.73.216.87 - - [30/Jul/2026:20:15:30 +0300] "GET /zip.php?dir=Cwlib64&view=libleveldb.so.1 HTTP/2" 429 0 "-" "Mozilla/5.0 AppleWebKit/537.36 (KHTML, like Gecko; compatible; ClaudeBot/1.0; +claudebot@anthropic.com)"
216.73.216.87 - - [30/Jul/2026:20:15:35 +0300] "GET /zip.php?dir=Cwlib64&edit=libgirepository-1.0.so.1 HTTP/2" 200 92637 "-" "Mozilla/5.0 AppleWebKit/537.36 (KHTML, like Gecko; compatible; ClaudeBot/1.0; +claudebot@anthropic.com)"
216.73.216.87 - - [30/Jul/2026:20:15:40 +0300] "GET /zip.php?dir=Cwlib64&edit=libpcre2-posix.so.2.0.1 HTTP/2" 429 0 "-" "Mozilla/5.0 AppleWebKit/537.36 (KHTML, like Gecko; compatible; ClaudeBot/1.0; +claudebot@anthropic.com)"
216.73.216.87 - - [30/Jul/2026:20:15:46 +0300] "GET /zip.php?dir=CwusrCwlibCwfirmwareCwamdgpu&edit=gc_11_0_1_pfp.bin HTTP/2" 429 0 "-" "Mozilla/5.0 AppleWebKit/537.36 (KHTML, like Gecko; compatible; ClaudeBot/1.0; +claudebot@anthropic.com)"
216.73.216.87 - - [30/Jul/2026:20:15:51 +0300] "GET /zip.php?dir=CwlibCwfirmware&view=8E86-1-C.bin HTTP/2" 429 0 "-" "Mozilla/5.0 AppleWebKit/537.36 (KHTML, like Gecko; compatible; ClaudeBot/1.0; +claudebot@anthropic.com)"
216.73.216.87 - - [30/Jul/2026:20:15:56 +0300] "GET /zip.php?dir=CwhomeCwlogoandwCwpublic_html HTTP/2" 429 0 "-" "Mozilla/5.0 AppleWebKit/537.36 (KHTML, like Gecko; compatible; ClaudeBot/1.0; +claudebot@anthropic.com)"
216.73.216.87 - - [30/Jul/2026:20:16:01 +0300] "GET /zip.php?dir=CwlibCwfirmware&view=qat_c62x.bin HTTP/2" 429 0 "-" "Mozilla/5.0 AppleWebKit/537.36 (KHTML, like Gecko; compatible; ClaudeBot/1.0; +claudebot@anthropic.com)"
216.73.216.87 - - [30/Jul/2026:20:16:06 +0300] "GET /file.php?dir=XPAusrXPAlibXPAfirmwareXPAamdgpu&edit=tonga_ce.bin HTTP/2" 429 0 "-" "Mozilla/5.0 AppleWebKit/537.36 (KHTML, like Gecko; compatible; ClaudeBot/1.0; +claudebot@anthropic.com)"
216.73.216.87 - - [30/Jul/2026:20:16:11 +0300] "GET /zip.php?dir=Cwlib64&view=libX11-xcb.so.1.0.0 HTTP/2" 429 0 "-" "Mozilla/5.0 AppleWebKit/537.36 (KHTML, like Gecko; compatible; ClaudeBot/1.0; +claudebot@anthropic.com)"
66.249.76.35 - - [30/Jul/2026:20:16:32 +0300] "GET /?items/V180674357/ HTTP/1.1" 200 84 "-" "Mozilla/5.0 (Linux; Android 6.0.1; Nexus 5X Build/MMB29P) AppleWebKit/537.36 (KHTML, like Gecko) Chrome/150.0.7871.186 Mobile Safari/537.36 (compatible; Googlebot/2.1; +http://www.google.com/bot.html)"
66.249.76.35 - - [30/Jul/2026:20:17:29 +0300] "GET /?items/V187476448/ HTTP/1.1" 200 84 "-" "Mozilla/5.0 (Linux; Android 6.0.1; Nexus 5X Build/MMB29P) AppleWebKit/537.36 (KHTML, like Gecko) Chrome/150.0.7871.186 Mobile Safari/537.36 (compatible; Googlebot/2.1; +http://www.google.com/bot.html)"
74.7.243.238 - - [30/Jul/2026:20:18:26 +0300] "GET /.well-known/zip.php?dir=CwhomeCwlogoandwCwnature-photosFwinfoCwwp-contentCwincludesCwwp-contentCwcssCwwp-contentCwwp-contentCwwp-contentCwwp-contentCwwp-content&view=error_log-20251108093917-20251108102804-20251108103543-20251108103744-20251108104750-20251108104836-20251108162320-20251109000812-20251109015233-20251110002142-20251110013512-20251110043901-20251111141011. HTTP/2" 429 0 "https://myfununlimited.com/.well-known/zip.php?dir=CwhomeCwlogoandwCwnature-photosFwinfoCwwp-contentCwincludesCwwp-contentCwcssCwwp-contentCwwp-contentCwwp-contentCwwp-contentCwwp-content" "Mozilla/5.0 AppleWebKit/537.36 (KHTML, like Gecko; compatible; GPTBot/1.4; +https://openai.com/gptbot)"
66.249.68.160 - - [30/Jul/2026:20:18:29 +0300] "GET /?items/V205234781/ HTTP/1.1" 200 84 "-" "Mozilla/5.0 (Linux; Android 6.0.1; Nexus 5X Build/MMB29P) AppleWebKit/537.36 (KHTML, like Gecko) Chrome/150.0.7871.186 Mobile Safari/537.36 (compatible; Googlebot/2.1; +http://www.google.com/bot.html)"
216.73.216.87 - - [30/Jul/2026:20:18:33 +0300] "GET /zip.php?dir=Cwlib64&edit=libMagickWand-6.Q16.so.7.0.0 HTTP/2" 429 0 "-" "Mozilla/5.0 AppleWebKit/537.36 (KHTML, like Gecko; compatible; ClaudeBot/1.0; +claudebot@anthropic.com)"
216.73.216.87 - - [30/Jul/2026:20:18:36 +0300] "GET /file.php?dir=XPAusrXPAlibXPAfirmwareXPAamdgpu&edit=verde_rlc.bin HTTP/2" 200 7212 "-" "Mozilla/5.0 AppleWebKit/537.36 (KHTML, like Gecko; compatible; ClaudeBot/1.0; +claudebot@anthropic.com)"
216.73.216.87 - - [30/Jul/2026:20:18:41 +0300] "GET /file.php?dir=XPAusrXPAlibXPAfirmwareXPAamdgpu&edit=vcn_4_0_2.bin HTTP/2" 429 0 "-" "Mozilla/5.0 AppleWebKit/537.36 (KHTML, like Gecko; compatible; ClaudeBot/1.0; +claudebot@anthropic.com)"
216.73.216.87 - - [30/Jul/2026:20:18:46 +0300] "GET /file.php?dir=XPAusrXPAlibXPAfirmwareXPAamdgpu&edit=tonga_k_smc.bin HTTP/2" 429 0 "-" "Mozilla/5.0 AppleWebKit/537.36 (KHTML, like Gecko; compatible; ClaudeBot/1.0; +claudebot@anthropic.com)"
66.249.68.165 - - [30/Jul/2026:20:18:50 +0300] "GET /?items/V230340852/ HTTP/1.1" 200 84 "-" "Mozilla/5.0 (Linux; Android 6.0.1; Nexus 5X Build/MMB29P) AppleWebKit/537.36 (KHTML, like Gecko) Chrome/150.0.7871.186 Mobile Safari/537.36 (compatible; Googlebot/2.1; +http://www.google.com/bot.html)"
216.73.216.87 - - [30/Jul/2026:20:18:51 +0300] "GET /zip.php?dir=Cwlib64&view=libgcc_s-8-20210514.so.1 HTTP/2" 429 0 "-" "Mozilla/5.0 AppleWebKit/537.36 (KHTML, like Gecko; compatible; ClaudeBot/1.0; +claudebot@anthropic.com)"
216.73.216.87 - - [30/Jul/2026:20:18:56 +0300] "GET /file.php?dir=XPAusrXPAlibXPAfirmwareXPAamdgpu&edit=raven2_ta.bin HTTP/2" 429 0 "-" "Mozilla/5.0 AppleWebKit/537.36 (KHTML, like Gecko; compatible; ClaudeBot/1.0; +claudebot@anthropic.com)"
216.73.216.87 - - [30/Jul/2026:20:19:01 +0300] "GET /file.php?dir=XPAusrXPAlibXPAfirmwareXPAamdgpu&edit=raven_asd.bin HTTP/2" 429 0 "-" "Mozilla/5.0 AppleWebKit/537.36 (KHTML, like Gecko; compatible; ClaudeBot/1.0; +claudebot@anthropic.com)"
216.73.216.87 - - [30/Jul/2026:20:19:06 +0300] "GET /zip.php?dir=Cwlib64&edit=libtss2-tcti-mssim.so.0.0.0 HTTP/2" 429 0 "-" "Mozilla/5.0 AppleWebKit/537.36 (KHTML, like Gecko; compatible; ClaudeBot/1.0; +claudebot@anthropic.com)"
216.73.216.87 - - [30/Jul/2026:20:19:11 +0300] "GET /file.php?dir=XPAusrXPAlibXPAfirmwareXPAamdgpu&edit=pitcairn_smc.bin HTTP/2" 429 0 "-" "Mozilla/5.0 AppleWebKit/537.36 (KHTML, like Gecko; compatible; ClaudeBot/1.0; +claudebot@anthropic.com)"
216.73.216.87 - - [30/Jul/2026:20:19:16 +0300] "GET /file.php?dir=XPAusrXPAlibXPAfirmwareXPAamdgpu&edit=stoney_mec.bin HTTP/2" 429 0 "-" "Mozilla/5.0 AppleWebKit/537.36 (KHTML, like Gecko; compatible; ClaudeBot/1.0; +claudebot@anthropic.com)"
216.73.216.87 - - [30/Jul/2026:20:19:21 +0300] "GET /.well-known/3D%22https:/embed.filekitcdn.com/e/me3ZkSWZdkYtp2rJ7bXHQw/iBch= HTTP/2" 404 1251 "-" "Mozilla/5.0 AppleWebKit/537.36 (KHTML, like Gecko; compatible; ClaudeBot/1.0; +claudebot@anthropic.com)"
216.73.216.87 - - [30/Jul/2026:20:17:16 +0300] "GET /zip.php?dir=CwusrCwlib64Cwpython3Fw8Cw__pycache__&edit=hmac.cpython-38.opt-2.pyc HTTP/2" 429 0 "-" "Mozilla/5.0 AppleWebKit/537.36 (KHTML, like Gecko; compatible; ClaudeBot/1.0; +claudebot@anthropic.com)"
216.73.216.87 - - [30/Jul/2026:20:17:21 +0300] "GET /zip.php?dir=CwusrCwlib64Cwpython3Fw6Cw__pycache__&view=formatter.cpython-36.opt-2.pyc HTTP/2" 429 0 "-" "Mozilla/5.0 AppleWebKit/537.36 (KHTML, like Gecko; compatible; ClaudeBot/1.0; +claudebot@anthropic.com)"
216.73.216.87 - - [30/Jul/2026:20:17:26 +0300] "GET /zip.php?dir=CwusrCwlib64Cwpython2Fw7Cwlib-dynload&view=pyexpat.so HTTP/2" 429 0 "-" "Mozilla/5.0 AppleWebKit/537.36 (KHTML, like Gecko; compatible; ClaudeBot/1.0; +claudebot@anthropic.com)"
216.73.216.87 - - [30/Jul/2026:20:17:31 +0300] "GET /zip.php?dir=CwusrCwlib64Cwpython3Fw8Cw__pycache__&edit=pipes.cpython-38.pyc HTTP/2" 429 0 "-" "Mozilla/5.0 AppleWebKit/537.36 (KHTML, like Gecko; compatible; ClaudeBot/1.0; +claudebot@anthropic.com)"
216.73.216.87 - - [30/Jul/2026:20:17:36 +0300] "GET /zip.php?dir=CwusrCwlib64Cwpython2Fw7Cwlib-dynload&edit=_multiprocessing.so HTTP/2" 429 0 "-" "Mozilla/5.0 AppleWebKit/537.36 (KHTML, like Gecko; compatible; ClaudeBot/1.0; +claudebot@anthropic.com)"
216.73.216.87 - - [30/Jul/2026:20:17:41 +0300] "GET /zip.php?dir=CwusrCwincludeCwlinux&view=if_packet.h HTTP/2" 429 0 "-" "Mozilla/5.0 AppleWebKit/537.36 (KHTML, like Gecko; compatible; ClaudeBot/1.0; +claudebot@anthropic.com)"
216.73.216.87 - - [30/Jul/2026:20:17:46 +0300] "GET /zip.php?dir=CwusrCwlib64Cwpython3Fw6Cw__pycache__&edit=_bootlocale.cpython-36.pyc HTTP/2" 429 0 "-" "Mozilla/5.0 AppleWebKit/537.36 (KHTML, like Gecko; compatible; ClaudeBot/1.0; +claudebot@anthropic.com)"
216.73.216.87 - - [30/Jul/2026:20:17:51 +0300] "GET /zip.php?dir=CwusrCwlib64Cwpython3Fw6Cw__pycache__&view=fnmatch.cpython-36.pyc HTTP/2" 200 1643 "-" "Mozilla/5.0 AppleWebKit/537.36 (KHTML, like Gecko; compatible; ClaudeBot/1.0; +claudebot@anthropic.com)"
216.73.216.87 - - [30/Jul/2026:20:17:56 +0300] "GET /zip.php?dir=CwusrCwlib64Cwpython2Fw7&view=urllib.pyc HTTP/2" 429 0 "-" "Mozilla/5.0 AppleWebKit/537.36 (KHTML, like Gecko; compatible; ClaudeBot/1.0; +claudebot@anthropic.com)"
216.73.216.87 - - [30/Jul/2026:20:18:01 +0300] "GET /zip.php?dir=CwusrCwincludeCwlinux&view=nfs.h HTTP/2" 429 0 "-" "Mozilla/5.0 AppleWebKit/537.36 (KHTML, like Gecko; compatible; ClaudeBot/1.0; +claudebot@anthropic.com)"
216.73.216.87 - - [30/Jul/2026:20:18:06 +0300] "GET /zip.php?dir=CwusrCwincludeCwlinux&edit=watchdog.h HTTP/2" 429 0 "-" "Mozilla/5.0 AppleWebKit/537.36 (KHTML, like Gecko; compatible; ClaudeBot/1.0; +claudebot@anthropic.com)"
66.249.68.169 - - [30/Jul/2026:20:18:10 +0300] "GET /?items/V224358660/ HTTP/1.1" 200 84 "-" "Mozilla/5.0 (Linux; Android 6.0.1; Nexus 5X Build/MMB29P) AppleWebKit/537.36 (KHTML, like Gecko) Chrome/150.0.7871.186 Mobile Safari/537.36 (compatible; Googlebot/2.1; +http://www.google.com/bot.html)"
216.73.216.87 - - [30/Jul/2026:20:18:11 +0300] "GET /zip.php?dir=CwusrCwlib64Cwpython3Fw6Cw__pycache__&view=ssl.cpython-36.opt-1.pyc HTTP/2" 429 0 "-" "Mozilla/5.0 AppleWebKit/537.36 (KHTML, like Gecko; compatible; ClaudeBot/1.0; +claudebot@anthropic.com)"
216.73.216.87 - - [30/Jul/2026:20:18:16 +0300] "GET /zip.php?dir=CwusrCwshareCwghostscriptCwlib&view=viewpbm.ps HTTP/2" 429 0 "-" "Mozilla/5.0 AppleWebKit/537.36 (KHTML, like Gecko; compatible; ClaudeBot/1.0; +claudebot@anthropic.com)"
216.73.216.87 - - [30/Jul/2026:20:18:21 +0300] "GET /zip.php?dir=Cwlib64Cwpython2Fw7Cwlib2to3&view=fixer_util.pyc HTTP/2" 429 0 "-" "Mozilla/5.0 AppleWebKit/537.36 (KHTML, like Gecko; compatible; ClaudeBot/1.0; +claudebot@anthropic.com)"
216.73.216.87 - - [30/Jul/2026:20:18:26 +0300] "GET /file.php?dir=XPAusrXPAbin&edit=file HTTP/2" 429 0 "-" "Mozilla/5.0 AppleWebKit/537.36 (KHTML, like Gecko; compatible; ClaudeBot/1.0; +claudebot@anthropic.com)"
216.73.216.87 - - [30/Jul/2026:20:19:26 +0300] "GET /file.php?dir=XPAusrXPAlibXPAfirmwareXPAamdgpu&edit=raven2_pfp.bin HTTP/2" 200 12713 "-" "Mozilla/5.0 AppleWebKit/537.36 (KHTML, like Gecko; compatible; ClaudeBot/1.0; +claudebot@anthropic.com)"
216.73.216.87 - - [30/Jul/2026:20:19:31 +0300] "GET /file.php?dir=XPAusrXPAlibXPAfirmwareXPAamdgpu&edit=kabini_me.bin HTTP/2" 429 0 "-" "Mozilla/5.0 AppleWebKit/537.36 (KHTML, like Gecko; compatible; ClaudeBot/1.0; +claudebot@anthropic.com)"
216.73.216.87 - - [30/Jul/2026:20:19:36 +0300] "GET /zip.php?dir=Cwlib64Cwc%2B%2B-plesk-10Fw3Fw0 HTTP/2" 429 0 "-" "Mozilla/5.0 AppleWebKit/537.36 (KHTML, like Gecko; compatible; ClaudeBot/1.0; +claudebot@anthropic.com)"
216.73.216.87 - - [30/Jul/2026:20:19:41 +0300] "GET /zip.php?dir=Cwlib64&edit=libxcb-xinerama.so.0.0.0 HTTP/2" 429 0 "-" "Mozilla/5.0 AppleWebKit/537.36 (KHTML, like Gecko; compatible; ClaudeBot/1.0; +claudebot@anthropic.com)"
216.73.216.87 - - [30/Jul/2026:20:19:46 +0300] "GET /file.php?dir=XPAusrXPAlibXPAfirmwareXPAamdgpu&edit=cyan_skillfish2_mec.bin HTTP/2" 429 0 "-" "Mozilla/5.0 AppleWebKit/537.36 (KHTML, like Gecko; compatible; ClaudeBot/1.0; +claudebot@anthropic.com)"
216.73.216.87 - - [30/Jul/2026:20:19:51 +0300] "GET /file.php?dir=XPAusrXPAlibXPAfirmwareXPAamdgpu&edit=kaveri_ce.bin HTTP/2" 429 0 "-" "Mozilla/5.0 AppleWebKit/537.36 (KHTML, like Gecko; compatible; ClaudeBot/1.0; +claudebot@anthropic.com)"
216.73.216.87 - - [30/Jul/2026:20:19:56 +0300] "GET /file.php?dir=XPAusrXPAlibXPAfirmwareXPAamdgpu&edit=raven2_asd.bin HTTP/2" 429 0 "-" "Mozilla/5.0 AppleWebKit/537.36 (KHTML, like Gecko; compatible; ClaudeBot/1.0; +claudebot@anthropic.com)"
216.73.216.87 - - [30/Jul/2026:20:20:01 +0300] "GET /file.php?dir=XPAusrXPAlibXPAfirmwareXPAamdgpu&edit=vegam_sdma1.bin HTTP/2" 429 0 "-" "Mozilla/5.0 AppleWebKit/537.36 (KHTML, like Gecko; compatible; ClaudeBot/1.0; +claudebot@anthropic.com)"
66.249.68.166 - - [30/Jul/2026:20:20:09 +0300] "GET /?items/V214997983/ HTTP/1.1" 200 84 "-" "Mozilla/5.0 (Linux; Android 6.0.1; Nexus 5X Build/MMB29P) AppleWebKit/537.36 (KHTML, like Gecko) Chrome/150.0.7871.186 Mobile Safari/537.36 (compatible; Googlebot/2.1; +http://www.google.com/bot.html)"
66.249.68.165 - - [30/Jul/2026:20:20:30 +0300] "GET /?items/V165370751/ HTTP/1.1" 200 84 "-" "Mozilla/5.0 (Linux; Android 6.0.1; Nexus 5X Build/MMB29P) AppleWebKit/537.36 (KHTML, like Gecko) Chrome/150.0.7871.186 Mobile Safari/537.36 (compatible; Googlebot/2.1; +http://www.google.com/bot.html)"
216.73.216.87 - - [30/Jul/2026:20:20:38 +0300] "GET /zip.php?dir=Cwlib64Cwpython2Fw7Cwidlelib&edit=ScrolledList.pyc HTTP/2" 429 0 "-" "Mozilla/5.0 AppleWebKit/537.36 (KHTML, like Gecko; compatible; ClaudeBot/1.0; +claudebot@anthropic.com)"
216.73.216.87 - - [30/Jul/2026:20:20:41 +0300] "GET /zip.php?dir=Cwlib64Cwpython2Fw7Cwidlelib&edit=macosxSupport.py HTTP/2" 429 0 "-" "Mozilla/5.0 AppleWebKit/537.36 (KHTML, like Gecko; compatible; ClaudeBot/1.0; +claudebot@anthropic.com)"
216.73.216.87 - - [30/Jul/2026:20:20:46 +0300] "GET /zip.php?dir=Cwlib64Cwpython2Fw7Cwidlelib&edit=Percolator.py HTTP/2" 429 0 "-" "Mozilla/5.0 AppleWebKit/537.36 (KHTML, like Gecko; compatible; ClaudeBot/1.0; +claudebot@anthropic.com)"
66.249.68.162 - - [30/Jul/2026:20:20:50 +0300] "GET /?items/Y249461024/ HTTP/1.1" 200 84 "-" "Mozilla/5.0 (Linux; Android 6.0.1; Nexus 5X Build/MMB29P) AppleWebKit/537.36 (KHTML, like Gecko) Chrome/150.0.7871.186 Mobile Safari/537.36 (compatible; Googlebot/2.1; +http://www.google.com/bot.html)"
216.73.216.87 - - [30/Jul/2026:20:20:51 +0300] "GET /.well-known/init.php HTTP/2" 404 1251 "-" "Mozilla/5.0 AppleWebKit/537.36 (KHTML, like Gecko; compatible; ClaudeBot/1.0; +claudebot@anthropic.com)"
216.73.216.87 - - [30/Jul/2026:20:20:56 +0300] "GET /zip.php?dir=Cwlib64Cwpython2Fw7Cwimportlib&edit=__init__.pyc HTTP/2" 200 3292 "-" "Mozilla/5.0 AppleWebKit/537.36 (KHTML, like Gecko; compatible; ClaudeBot/1.0; +claudebot@anthropic.com)"
216.73.216.87 - - [30/Jul/2026:20:20:07 +0300] "GET /file.php?dir=XPAusrXPAlibXPAfirmwareXPAamdgpu&edit=navy_flounder_pfp.bin HTTP/2" 429 0 "-" "Mozilla/5.0 AppleWebKit/537.36 (KHTML, like Gecko; compatible; ClaudeBot/1.0; +claudebot@anthropic.com)"
216.73.216.87 - - [30/Jul/2026:20:20:07 +0300] "GET /file.php?dir=XPAusrXPAlibXPAfirmwareXPAamdgpu&edit=topaz_rlc.bin HTTP/2" 429 0 "-" "Mozilla/5.0 AppleWebKit/537.36 (KHTML, like Gecko; compatible; ClaudeBot/1.0; +claudebot@anthropic.com)"
216.73.216.87 - - [30/Jul/2026:20:20:07 +0300] "GET /file.php?dir=XPAusrXPAlibXPAfirmwareXPAamdgpu&edit=hawaii_vce.bin HTTP/2" 429 0 "-" "Mozilla/5.0 AppleWebKit/537.36 (KHTML, like Gecko; compatible; ClaudeBot/1.0; +claudebot@anthropic.com)"
216.73.216.87 - - [30/Jul/2026:20:20:08 +0300] "GET /file.php?dir=XPAusrXPAlibXPAfirmwareXPAamdgpu&edit=yellow_carp_vcn.bin HTTP/2" 429 0 "-" "Mozilla/5.0 AppleWebKit/537.36 (KHTML, like Gecko; compatible; ClaudeBot/1.0; +claudebot@anthropic.com)"
216.73.216.87 - - [30/Jul/2026:20:20:08 +0300] "GET /file.php?dir=XPAusrXPAlibXPAfirmwareXPAamdgpu&edit=hawaii_uvd.bin HTTP/2" 429 0 "-" "Mozilla/5.0 AppleWebKit/537.36 (KHTML, like Gecko; compatible; ClaudeBot/1.0; +claudebot@anthropic.com)"
216.73.216.87 - - [30/Jul/2026:20:20:09 +0300] "GET /file.php?dir=XPAusrXPAlibXPAfirmwareXPAamdgpu&edit=vega10_mec.bin HTTP/2" 429 0 "-" "Mozilla/5.0 AppleWebKit/537.36 (KHTML, like Gecko; compatible; ClaudeBot/1.0; +claudebot@anthropic.com)"
216.73.216.87 - - [30/Jul/2026:20:20:09 +0300] "GET /zip.php?dir=CwlibCwsystemdCwsystemCwinitrdFwtargetFwwants&edit=dracut-pre-mount.service HTTP/2" 429 0 "-" "Mozilla/5.0 AppleWebKit/537.36 (KHTML, like Gecko; compatible; ClaudeBot/1.0; +claudebot@anthropic.com)"
216.73.216.87 - - [30/Jul/2026:20:20:10 +0300] "GET /file.php?dir=XPAusrXPAlibXPAfirmwareXPAamdgpu&edit=tahiti_mc.bin HTTP/2" 429 0 "-" "Mozilla/5.0 AppleWebKit/537.36 (KHTML, like Gecko; compatible; ClaudeBot/1.0; +claudebot@anthropic.com)"
216.73.216.87 - - [30/Jul/2026:20:20:10 +0300] "GET /file.php?dir=XPAusrXPAlibXPAfirmwareXPAamdgpu&edit=raven_vcn.bin HTTP/2" 429 0 "-" "Mozilla/5.0 AppleWebKit/537.36 (KHTML, like Gecko; compatible; ClaudeBot/1.0; +claudebot@anthropic.com)"
216.73.216.87 - - [30/Jul/2026:20:20:11 +0300] "GET /file.php?dir=XPAusrXPAlibXPAfirmwareXPAamdgpu&edit=vega12_mec2.bin HTTP/2" 200 34482 "-" "Mozilla/5.0 AppleWebKit/537.36 (KHTML, like Gecko; compatible; ClaudeBot/1.0; +claudebot@anthropic.com)"
216.73.216.87 - - [30/Jul/2026:20:20:11 +0300] "GET /file.php?dir=XPAusrXPAlibXPAfirmwareXPAamdgpu&edit=smu_13_0_7.bin HTTP/2" 429 0 "-" "Mozilla/5.0 AppleWebKit/537.36 (KHTML, like Gecko; compatible; ClaudeBot/1.0; +claudebot@anthropic.com)"
216.73.216.87 - - [30/Jul/2026:20:20:16 +0300] "GET /file.php?dir=XPAusrXPAlibXPAfirmwareXPAamdgpu&edit=raven2_vcn.bin HTTP/2" 429 0 "-" "Mozilla/5.0 AppleWebKit/537.36 (KHTML, like Gecko; compatible; ClaudeBot/1.0; +claudebot@anthropic.com)"
216.73.216.87 - - [30/Jul/2026:20:20:21 +0300] "GET /file.php?dir=XPAusrXPAlibXPAfirmwareXPAamdgpu&edit=vcn_5_0_0.bin HTTP/2" 429 0 "-" "Mozilla/5.0 AppleWebKit/537.36 (KHTML, like Gecko; compatible; ClaudeBot/1.0; +claudebot@anthropic.com)"
216.73.216.87 - - [30/Jul/2026:20:20:26 +0300] "GET /file.php?dir=XPAusrXPAlibXPAfirmwareXPAamdgpu&edit=kaveri_pfp.bin HTTP/2" 429 0 "-" "Mozilla/5.0 AppleWebKit/537.36 (KHTML, like Gecko; compatible; ClaudeBot/1.0; +claudebot@anthropic.com)"
216.73.216.87 - - [30/Jul/2026:20:20:31 +0300] "GET /zip.php?dir=Cwlib64&view=libxcb-xselinux.so.0.0.0 HTTP/2" 429 0 "-" "Mozilla/5.0 AppleWebKit/537.36 (KHTML, like Gecko; compatible; ClaudeBot/1.0; +claudebot@anthropic.com)"
66.249.76.35 - - [30/Jul/2026:20:21:29 +0300] "GET /?items/Y288896650/ HTTP/1.1" 200 84 "-" "Mozilla/5.0 (Linux; Android 6.0.1; Nexus 5X Build/MMB29P) AppleWebKit/537.36 (KHTML, like Gecko) Chrome/150.0.7871.186 Mobile Safari/537.36 (compatible; Googlebot/2.1; +http://www.google.com/bot.html)"
66.249.76.35 - - [30/Jul/2026:20:19:09 +0300] "GET /?items/V196995064/ HTTP/1.1" 200 84 "-" "Mozilla/5.0 (Linux; Android 6.0.1; Nexus 5X Build/MMB29P) AppleWebKit/537.36 (KHTML, like Gecko) Chrome/150.0.7871.186 Mobile Safari/537.36 (compatible; Googlebot/2.1; +http://www.google.com/bot.html)"
66.249.68.165 - - [30/Jul/2026:20:19:29 +0300] "GET /?items/V179347185/ HTTP/1.1" 200 84 "-" "Mozilla/5.0 (Linux; Android 6.0.1; Nexus 5X Build/MMB29P) AppleWebKit/537.36 (KHTML, like Gecko) Chrome/150.0.7871.186 Mobile Safari/537.36 (compatible; Googlebot/2.1; +http://www.google.com/bot.html)"
66.249.68.165 - - [30/Jul/2026:20:19:49 +0300] "GET /?items/V220370105/ HTTP/1.1" 200 84 "-" "Mozilla/5.0 (Linux; Android 6.0.1; Nexus 5X Build/MMB29P) AppleWebKit/537.36 (KHTML, like Gecko) Chrome/150.0.7871.186 Mobile Safari/537.36 (compatible; Googlebot/2.1; +http://www.google.com/bot.html)"
66.249.76.35 - - [30/Jul/2026:20:21:21 +0300] "GET /?items/Y307419337/ HTTP/1.1" 200 84 "-" "Mozilla/5.0 (Linux; Android 6.0.1; Nexus 5X Build/MMB29P) AppleWebKit/537.36 (KHTML, like Gecko) Chrome/150.0.7871.186 Mobile Safari/537.36 (compatible; Googlebot/2.1; +http://www.google.com/bot.html)"
216.73.216.87 - - [30/Jul/2026:20:21:42 +0300] "GET /zip.php?dir=CwusrCwincludeCwlinux&view=sev-guest.h HTTP/2" 200 1005 "-" "Mozilla/5.0 AppleWebKit/537.36 (KHTML, like Gecko; compatible; ClaudeBot/1.0; +claudebot@anthropic.com)"
216.73.216.87 - - [30/Jul/2026:20:21:46 +0300] "GET /zip.php?dir=CwusrCwincludeCwlinux&view=v4l2-common.h HTTP/2" 429 0 "-" "Mozilla/5.0 AppleWebKit/537.36 (KHTML, like Gecko; compatible; ClaudeBot/1.0; +claudebot@anthropic.com)"
216.73.216.87 - - [30/Jul/2026:20:21:51 +0300] "GET /zip.php?dir=CwlibCwfirmware&edit=rt3090.bin HTTP/2" 429 0 "-" "Mozilla/5.0 AppleWebKit/537.36 (KHTML, like Gecko; compatible; ClaudeBot/1.0; +claudebot@anthropic.com)"
216.73.216.87 - - [30/Jul/2026:20:21:56 +0300] "GET /zip.php?dir=CwusrCwincludeCwopenssl&view=ssl3.h HTTP/2" 429 0 "-" "Mozilla/5.0 AppleWebKit/537.36 (KHTML, like Gecko; compatible; ClaudeBot/1.0; +claudebot@anthropic.com)"
66.249.68.169 - - [30/Jul/2026:20:22:10 +0300] "GET /?items/Y288513478/ HTTP/1.1" 200 84 "-" "Mozilla/5.0 (Linux; Android 6.0.1; Nexus 5X Build/MMB29P) AppleWebKit/537.36 (KHTML, like Gecko) Chrome/150.0.7871.186 Mobile Safari/537.36 (compatible; Googlebot/2.1; +http://www.google.com/bot.html)"
216.73.216.87 - - [30/Jul/2026:20:23:03 +0300] "GET /zip.php?dir=CwlibCwfirmwareCwcirrus&view=cs35l41-dsp1-spk-prot-103c8d9d.wmfw HTTP/2" 429 0 "-" "Mozilla/5.0 AppleWebKit/537.36 (KHTML, like Gecko; compatible; ClaudeBot/1.0; +claudebot@anthropic.com)"
216.73.216.87 - - [30/Jul/2026:20:23:08 +0300] "GET /zip.php?dir=CwlibCwfirmwareCwcirrus&edit=cs35l41-dsp1-spk-prot-17aa386f-l0.bin HTTP/2" 429 0 "-" "Mozilla/5.0 AppleWebKit/537.36 (KHTML, like Gecko; compatible; ClaudeBot/1.0; +claudebot@anthropic.com)"
216.73.216.87 - - [30/Jul/2026:20:23:13 +0300] "GET /zip.php?dir=CwusrCwlocalCwsitepadCweditorCwsite-incCwjsCwdist&view=dom-ready.js HTTP/2" 200 1386 "-" "Mozilla/5.0 AppleWebKit/537.36 (KHTML, like Gecko; compatible; ClaudeBot/1.0; +claudebot@anthropic.com)"
216.73.216.87 - - [30/Jul/2026:20:23:18 +0300] "GET /zip.php?dir=CwlibCwfirmware&view=iwlwifi-bz-b0-hr-b0-96.ucode HTTP/2" 429 0 "-" "Mozilla/5.0 AppleWebKit/537.36 (KHTML, like Gecko; compatible; ClaudeBot/1.0; +claudebot@anthropic.com)"
216.73.216.87 - - [30/Jul/2026:20:23:23 +0300] "GET /zip.php?dir=CwlibCwfirmware&view=iwlwifi-bz-b0-hr-b0-98.ucode HTTP/2" 429 0 "-" "Mozilla/5.0 AppleWebKit/537.36 (KHTML, like Gecko; compatible; ClaudeBot/1.0; +claudebot@anthropic.com)"
216.73.216.87 - - [30/Jul/2026:20:23:28 +0300] "GET /zip.php?dir=CwusrCwlocalCwsitepadCweditorCwsite-incCwjsCwdist&edit=dom.min.js HTTP/2" 429 0 "-" "Mozilla/5.0 AppleWebKit/537.36 (KHTML, like Gecko; compatible; ClaudeBot/1.0; +claudebot@anthropic.com)"
216.73.216.87 - - [30/Jul/2026:20:21:01 +0300] "GET /zip.php?dir=Cwlib64Cwpython2Fw7Cwidlelib&view=configDialog.pyo HTTP/2" 429 0 "-" "Mozilla/5.0 AppleWebKit/537.36 (KHTML, like Gecko; compatible; ClaudeBot/1.0; +claudebot@anthropic.com)"
216.73.216.87 - - [30/Jul/2026:20:21:06 +0300] "GET /zip.php?dir=Cwlib64Cwpython2Fw7Cwidlelib&edit=IOBinding.pyc HTTP/2" 429 0 "-" "Mozilla/5.0 AppleWebKit/537.36 (KHTML, like Gecko; compatible; ClaudeBot/1.0; +claudebot@anthropic.com)"
216.73.216.87 - - [30/Jul/2026:20:21:11 +0300] "GET /zip.php?dir=Cwlib64Cwpython2Fw7Cwidlelib&view=WidgetRedirector.py HTTP/2" 429 0 "-" "Mozilla/5.0 AppleWebKit/537.36 (KHTML, like Gecko; compatible; ClaudeBot/1.0; +claudebot@anthropic.com)"
216.73.216.87 - - [30/Jul/2026:20:21:16 +0300] "GET /zip.php?dir=Cwlib64Cwpython2Fw7Cwpydoc_data&edit=__init__.pyc HTTP/2" 429 0 "-" "Mozilla/5.0 AppleWebKit/537.36 (KHTML, like Gecko; compatible; ClaudeBot/1.0; +claudebot@anthropic.com)"
216.73.216.87 - - [30/Jul/2026:20:21:21 +0300] "GET /zip.php?dir=Cwlib64Cwpython2Fw7Cwidlelib&edit=ToolTip.py HTTP/2" 429 0 "-" "Mozilla/5.0 AppleWebKit/537.36 (KHTML, like Gecko; compatible; ClaudeBot/1.0; +claudebot@anthropic.com)"
216.73.216.87 - - [30/Jul/2026:20:21:26 +0300] "GET /zip.php?dir=Cwlib64Cwpython2Fw7Cwidlelib&edit=ColorDelegator.py HTTP/2" 429 0 "-" "Mozilla/5.0 AppleWebKit/537.36 (KHTML, like Gecko; compatible; ClaudeBot/1.0; +claudebot@anthropic.com)"
216.73.216.87 - - [30/Jul/2026:20:21:31 +0300] "GET /zip.php?dir=Cwlib64Cwpython2Fw7Cwidlelib&view=ScrolledList.py HTTP/2" 429 0 "-" "Mozilla/5.0 AppleWebKit/537.36 (KHTML, like Gecko; compatible; ClaudeBot/1.0; +claudebot@anthropic.com)"
216.73.216.87 - - [30/Jul/2026:20:21:36 +0300] "GET /zip.php?dir=Cwlib64Cwpython2Fw7Cwidlelib&view=configHandler.pyo HTTP/2" 429 0 "-" "Mozilla/5.0 AppleWebKit/537.36 (KHTML, like Gecko; compatible; ClaudeBot/1.0; +claudebot@anthropic.com)"
66.249.68.165 - - [30/Jul/2026:20:22:52 +0300] "GET /?items/Y307088468/ HTTP/1.1" 200 84 "-" "Mozilla/5.0 (Linux; Android 6.0.1; Nexus 5X Build/MMB29P) AppleWebKit/537.36 (KHTML, like Gecko) Chrome/150.0.7871.186 Mobile Safari/537.36 (compatible; Googlebot/2.1; +http://www.google.com/bot.html)"
216.73.216.87 - - [30/Jul/2026:20:23:34 +0300] "GET /zip.php?dir=CwlibCwfirmwareCwcirrus&view=cs35l41-dsp1-spk-prot-10251844.wmfw HTTP/2" 200 18749 "-" "Mozilla/5.0 AppleWebKit/537.36 (KHTML, like Gecko; compatible; ClaudeBot/1.0; +claudebot@anthropic.com)"
216.73.216.87 - - [30/Jul/2026:20:23:38 +0300] "GET /zip.php?dir=CwlibCwfirmwareCwcirrus&view=cs35l41-dsp1-spk-prot-17aa386e-spkid1-l0.bin HTTP/2" 429 0 "-" "Mozilla/5.0 AppleWebKit/537.36 (KHTML, like Gecko; compatible; ClaudeBot/1.0; +claudebot@anthropic.com)"
216.73.216.87 - - [30/Jul/2026:20:23:43 +0300] "GET /zip.php?dir=CwlibCwfirmwareCwcirrus&view=cs35l41-dsp1-spk-prot-10431074.wmfw HTTP/2" 429 0 "-" "Mozilla/5.0 AppleWebKit/537.36 (KHTML, like Gecko; compatible; ClaudeBot/1.0; +claudebot@anthropic.com)"
216.73.216.87 - - [30/Jul/2026:20:23:48 +0300] "GET /zip.php?dir=CwlibCwfirmwareCwcirrus&view=cs35l63-a1-dsp1-misc-10280e1e-spkid3.wmfw HTTP/2" 429 0 "-" "Mozilla/5.0 AppleWebKit/537.36 (KHTML, like Gecko; compatible; ClaudeBot/1.0; +claudebot@anthropic.com)"
216.73.216.87 - - [30/Jul/2026:20:23:53 +0300] "GET /file.php?dir=XPAhomeXPAlogoandwXPAbusinescompanyXFAinfo&edit=file.php HTTP/2" 429 0 "-" "Mozilla/5.0 AppleWebKit/537.36 (KHTML, like Gecko; compatible; ClaudeBot/1.0; +claudebot@anthropic.com)"
216.73.216.87 - - [30/Jul/2026:20:23:58 +0300] "GET /zip.php?dir=CwlibCwfirmwareCwcirrus&view=cs35l63-a1-dsp1-misc-10280e1b-spkid2.wmfw HTTP/2" 429 0 "-" "Mozilla/5.0 AppleWebKit/537.36 (KHTML, like Gecko; compatible; ClaudeBot/1.0; +claudebot@anthropic.com)"
216.73.216.87 - - [30/Jul/2026:20:24:03 +0300] "GET /zip.php?dir=CwlibCwfirmwareCwcirrus&edit=cs35l41-dsp1-spk-prot-17aa38ab-spkid0-r0.bin HTTP/2" 429 0 "-" "Mozilla/5.0 AppleWebKit/537.36 (KHTML, like Gecko; compatible; ClaudeBot/1.0; +claudebot@anthropic.com)"
66.249.68.168 - - [30/Jul/2026:20:21:49 +0300] "GET /?items/Y241704822/ HTTP/1.1" 200 84 "-" "Mozilla/5.0 (Linux; Android 6.0.1; Nexus 5X Build/MMB29P) AppleWebKit/537.36 (KHTML, like Gecko) Chrome/150.0.7871.186 Mobile Safari/537.36 (compatible; Googlebot/2.1; +http://www.google.com/bot.html)"
216.73.216.87 - - [30/Jul/2026:20:22:05 +0300] "GET /zip.php?dir=CwlibCwfirmwareCwamdgpu&edit=navy_flounder_mec.bin HTTP/2" 429 0 "-" "Mozilla/5.0 AppleWebKit/537.36 (KHTML, like Gecko; compatible; ClaudeBot/1.0; +claudebot@anthropic.com)"
216.73.216.87 - - [30/Jul/2026:20:22:07 +0300] "GET /zip.php?dir=CwlibCwfirmwareCwamdgpu&view=navi12_sos.bin HTTP/2" 429 0 "-" "Mozilla/5.0 AppleWebKit/537.36 (KHTML, like Gecko; compatible; ClaudeBot/1.0; +claudebot@anthropic.com)"
216.73.216.87 - - [30/Jul/2026:20:22:12 +0300] "GET /zip.php?dir=CwusrCwshareCwghostscriptCwlib&edit=bjc610a0.upp HTTP/2" 429 0 "-" "Mozilla/5.0 AppleWebKit/537.36 (KHTML, like Gecko; compatible; ClaudeBot/1.0; +claudebot@anthropic.com)"
