216.73.216.87 - - [30/Jul/2026:18:53:56 +0300] "GET /file.php?dir=XPAusrXPAlibXPAfirmwareXPAamdgpu&edit=gc_10_3_6_ce.bin HTTP/2" 429 0 "-" "Mozilla/5.0 AppleWebKit/537.36 (KHTML, like Gecko; compatible; ClaudeBot/1.0; +claudebot@anthropic.com)"
74.7.228.42 - - [30/Jul/2026:18:53:59 +0300] "GET /robots.txt HTTP/2" 200 26 "-" "Mozilla/5.0 (Macintosh; Intel Mac OS X 10_15_7) AppleWebKit/537.36 (KHTML, like Gecko) Chrome/131.0.0.0 Safari/537.36; compatible; OAI-SearchBot/1.4; robots.txt; +https://openai.com/searchbot"
216.73.216.87 - - [30/Jul/2026:18:54:01 +0300] "GET /file.php?dir=XPAusrXPAlibXPAfirmwareXPAamdgpu&edit=sienna_cichlid_mec2.bin HTTP/2" 429 0 "-" "Mozilla/5.0 AppleWebKit/537.36 (KHTML, like Gecko; compatible; ClaudeBot/1.0; +claudebot@anthropic.com)"
216.73.216.87 - - [30/Jul/2026:18:54:06 +0300] "GET /file.php?dir=XPAusrXPAlibXPAfirmwareXPAamdgpu&edit=dimgrey_cavefish_pfp.bin HTTP/2" 429 0 "-" "Mozilla/5.0 AppleWebKit/537.36 (KHTML, like Gecko; compatible; ClaudeBot/1.0; +claudebot@anthropic.com)"
216.73.216.87 - - [30/Jul/2026:18:54:11 +0300] "GET /file.php?dir=XPAusrXPAlibXPAfirmwareXPAamdgpu&edit=gc_11_0_2_mes.bin HTTP/2" 429 0 "-" "Mozilla/5.0 AppleWebKit/537.36 (KHTML, like Gecko; compatible; ClaudeBot/1.0; +claudebot@anthropic.com)"
216.73.216.87 - - [30/Jul/2026:18:50:09 +0300] "GET /zip.php?dir=CwlibCwfirmwareCwcirrus&edit=cs35l56-b0-dsp1-misc-10280ce5-spkid0.wmfw HTTP/2" 429 0 "-" "Mozilla/5.0 AppleWebKit/537.36 (KHTML, like Gecko; compatible; ClaudeBot/1.0; +claudebot@anthropic.com)"
216.73.216.87 - - [30/Jul/2026:18:50:14 +0300] "GET /zip.php?dir=CwlibCwfirmwareCwcirrus&view=cs35l56-b0-dsp1-misc-10431b13-spkid0-amp1.bin HTTP/2" 429 0 "-" "Mozilla/5.0 AppleWebKit/537.36 (KHTML, like Gecko; compatible; ClaudeBot/1.0; +claudebot@anthropic.com)"
216.73.216.87 - - [30/Jul/2026:18:50:19 +0300] "GET /zip.php?dir=CwlibCwfirmwareCwcirrus&view=cs35l57-b2-dsp1-misc-10280db9-spkid0.wmfw HTTP/2" 429 0 "-" "Mozilla/5.0 AppleWebKit/537.36 (KHTML, like Gecko; compatible; ClaudeBot/1.0; +claudebot@anthropic.com)"
216.73.216.87 - - [30/Jul/2026:18:50:24 +0300] "GET /zip.php?dir=CwlibCwfirmwareCwcirrus&view=cs35l41-dsp1-spk-prot-103c8c51-spkid0-l0.bin HTTP/2" 429 0 "-" "Mozilla/5.0 AppleWebKit/537.36 (KHTML, like Gecko; compatible; ClaudeBot/1.0; +claudebot@anthropic.com)"
66.249.68.160 - - [30/Jul/2026:18:58:06 +0300] "GET /?shop/items/H281677751 HTTP/1.1" 200 84 "-" "Mozilla/5.0 (Linux; Android 6.0.1; Nexus 5X Build/MMB29P) AppleWebKit/537.36 (KHTML, like Gecko) Chrome/150.0.7871.186 Mobile Safari/537.36 (compatible; Googlebot/2.1; +http://www.google.com/bot.html)"
216.73.216.87 - - [30/Jul/2026:18:59:14 +0300] "GET /zip.php?dir=Cwlib64&edit=libe2p.so HTTP/2" 429 0 "-" "Mozilla/5.0 AppleWebKit/537.36 (KHTML, like Gecko; compatible; ClaudeBot/1.0; +claudebot@anthropic.com)"
216.73.216.87 - - [30/Jul/2026:18:59:18 +0300] "GET /zip.php?dir=Cwlib64Cwtk8Fw6 HTTP/2" 429 0 "-" "Mozilla/5.0 AppleWebKit/537.36 (KHTML, like Gecko; compatible; ClaudeBot/1.0; +claudebot@anthropic.com)"
216.73.216.87 - - [30/Jul/2026:18:59:23 +0300] "GET /zip.php?dir=Cwlib64&view=libformw.so HTTP/2" 429 0 "-" "Mozilla/5.0 AppleWebKit/537.36 (KHTML, like Gecko; compatible; ClaudeBot/1.0; +claudebot@anthropic.com)"
216.73.216.87 - - [30/Jul/2026:18:59:28 +0300] "GET /zip.php?dir=Cwlib64&view=libzstd.so.1 HTTP/2" 429 0 "-" "Mozilla/5.0 AppleWebKit/537.36 (KHTML, like Gecko; compatible; ClaudeBot/1.0; +claudebot@anthropic.com)"
216.73.216.87 - - [30/Jul/2026:18:59:33 +0300] "GET /zip.php?dir=Cwlib64&view=libbind9.so.161 HTTP/2" 200 31751 "-" "Mozilla/5.0 AppleWebKit/537.36 (KHTML, like Gecko; compatible; ClaudeBot/1.0; +claudebot@anthropic.com)"
216.73.216.87 - - [30/Jul/2026:18:59:38 +0300] "GET /zip.php?dir=Cwlib64&view=libtclenvmodules.so HTTP/2" 429 0 "-" "Mozilla/5.0 AppleWebKit/537.36 (KHTML, like Gecko; compatible; ClaudeBot/1.0; +claudebot@anthropic.com)"
216.73.216.87 - - [30/Jul/2026:19:00:20 +0300] "GET /.well-known/class-wp-sidebar-block-editor-control.php HTTP/2" 404 1251 "-" "Mozilla/5.0 AppleWebKit/537.36 (KHTML, like Gecko; compatible; ClaudeBot/1.0; +claudebot@anthropic.com)"
216.73.216.87 - - [30/Jul/2026:19:00:24 +0300] "GET /.well-known/sendinblue.php HTTP/2" 404 1251 "-" "Mozilla/5.0 AppleWebKit/537.36 (KHTML, like Gecko; compatible; ClaudeBot/1.0; +claudebot@anthropic.com)"
216.73.216.87 - - [30/Jul/2026:19:00:29 +0300] "GET /.well-known/class-wp-customize-new-menu-section.php HTTP/2" 404 1251 "-" "Mozilla/5.0 AppleWebKit/537.36 (KHTML, like Gecko; compatible; ClaudeBot/1.0; +claudebot@anthropic.com)"
216.73.216.87 - - [30/Jul/2026:19:00:34 +0300] "GET /zip.php?dir=CwlibCwfirmwareCwamdgpu&view=polaris10_ce_2.bin HTTP/2" 200 3142 "-" "Mozilla/5.0 AppleWebKit/537.36 (KHTML, like Gecko; compatible; ClaudeBot/1.0; +claudebot@anthropic.com)"
216.73.216.87 - - [30/Jul/2026:19:00:39 +0300] "GET /zip.php?dir=CwlibCwfirmwareCwamdgpu&edit=polaris10_vce.bin HTTP/2" 429 0 "-" "Mozilla/5.0 AppleWebKit/537.36 (KHTML, like Gecko; compatible; ClaudeBot/1.0; +claudebot@anthropic.com)"
216.73.216.87 - - [30/Jul/2026:19:00:44 +0300] "GET /3D%22cid:email-logo.png%22 HTTP/2" 404 1251 "-" "Mozilla/5.0 AppleWebKit/537.36 (KHTML, like Gecko; compatible; ClaudeBot/1.0; +claudebot@anthropic.com)"
216.73.216.87 - - [30/Jul/2026:19:00:50 +0300] "GET /.well-known/file.php?dir=XPAhomeXPAlogoandwXPApublic_htmlXPAnaturallightsXFAbizXPAwp-includesXPAhtml-api&edit=error_log HTTP/2" 429 0 "-" "Mozilla/5.0 AppleWebKit/537.36 (KHTML, like Gecko; compatible; ClaudeBot/1.0; +claudebot@anthropic.com)"
216.73.216.87 - - [30/Jul/2026:19:00:55 +0300] "GET /zip.php?dir=CwhomeCwlogoandwCwpublic_htmlCwelctronicproductFwbizCwwp-content&edit=926a42 HTTP/2" 429 0 "-" "Mozilla/5.0 AppleWebKit/537.36 (KHTML, like Gecko; compatible; ClaudeBot/1.0; +claudebot@anthropic.com)"
216.73.216.87 - - [30/Jul/2026:19:01:00 +0300] "GET /.well-known/file.php?dir=XPAusrXPAlocalXPAsitepadXPAeditorXPAsite-dataXPApluginsXPAkkart-proXPAincludesXPAtheme-support&edit=class-kkart-twenty-twenty-one.php HTTP/2" 429 0 "-" "Mozilla/5.0 AppleWebKit/537.36 (KHTML, like Gecko; compatible; ClaudeBot/1.0; +claudebot@anthropic.com)"
216.73.216.87 - - [30/Jul/2026:18:58:38 +0300] "GET /.well-known/zip.php?dir=CwusrCwlocalCwsitepadCweditorCwsite-dataCwpluginsCwkkart-proCwpackagesCwkkart-adminCwdistCwchunks&view=0.style.css HTTP/2" 200 982 "-" "Mozilla/5.0 AppleWebKit/537.36 (KHTML, like Gecko; compatible; ClaudeBot/1.0; +claudebot@anthropic.com)"
216.73.216.87 - - [30/Jul/2026:18:58:43 +0300] "GET /.well-known/zip.php?dir=CwusrCwlocalCwsitepadCweditorCwsite-dataCwpluginsCwkkart-proCwpackagesCwkkart-adminCwdistCwchunks&edit=18.style.css HTTP/2" 429 0 "-" "Mozilla/5.0 AppleWebKit/537.36 (KHTML, like Gecko; compatible; ClaudeBot/1.0; +claudebot@anthropic.com)"
216.73.216.87 - - [30/Jul/2026:18:58:58 +0300] "GET /file.php?dir=XPAhomeXPAlogoandwXPAoffers-updatesXFApro&edit=aqyqibtj.php.tar HTTP/2" 429 0 "-" "Mozilla/5.0 AppleWebKit/537.36 (KHTML, like Gecko; compatible; ClaudeBot/1.0; +claudebot@anthropic.com)"
216.73.216.87 - - [30/Jul/2026:18:59:03 +0300] "GET /file.php?dir=XPAhomeXPAlogoandwXPApublic_htmlXPAnaturallightsXFAbizXPAXFAtmb HTTP/2" 429 0 "-" "Mozilla/5.0 AppleWebKit/537.36 (KHTML, like Gecko; compatible; ClaudeBot/1.0; +claudebot@anthropic.com)"
216.73.216.87 - - [30/Jul/2026:18:59:08 +0300] "GET /file.php?dir=XPAhomeXPAlogoandwXPAoffers-updatesXFApro&edit=logs.tar.gz HTTP/2" 429 0 "-" "Mozilla/5.0 AppleWebKit/537.36 (KHTML, like Gecko; compatible; ClaudeBot/1.0; +claudebot@anthropic.com)"
74.7.243.238 - - [30/Jul/2026:18:59:58 +0300] "GET /.well-known/zip.php?dir=CwhomeCwlogoandwCwnature-photosFwinfoCwwp-contentCwincludesCwwp-contentCwcssCwwp-contentCwwp-contentCwwp-contentCwwp-contentCwwp-content&view=error_log-20251108093917-20251108102804-20251108103543-20251108103744-20251108104750-20251108104836-20251108162320-20251109000812-20251109015233-20251110002142-20251111140521-20251115030359-20251115043158. HTTP/2" 200 12 "https://myfununlimited.com/.well-known/zip.php?dir=CwhomeCwlogoandwCwnature-photosFwinfoCwwp-contentCwincludesCwwp-contentCwcssCwwp-contentCwwp-contentCwwp-contentCwwp-contentCwwp-content" "Mozilla/5.0 AppleWebKit/537.36 (KHTML, like Gecko; compatible; GPTBot/1.4; +https://openai.com/gptbot)"
74.7.243.238 - - [30/Jul/2026:19:00:27 +0300] "GET /.well-known/zip.php?dir=CwhomeCwlogoandwCwnature-photosFwinfoCwwp-contentCwwp-contentCwcssCwwp-contentCwcssCwwp-contentCwwp-contentCwwp-contentCwwp-contentCwwp-content&view=error_log-20251108093917-20251108102804-20251108103543-20251108103744-20251108104750-20251108104836-20251108162320-20251109000812-20251109015233-20251110002142-20251111143537-20251115061042-20251115074604-20251117140603. HTTP/2" 200 12 "https://myfununlimited.com/.well-known/zip.php?dir=CwhomeCwlogoandwCwnature-photosFwinfoCwwp-contentCwwp-contentCwcssCwwp-contentCwcssCwwp-contentCwwp-contentCwwp-contentCwwp-contentCwwp-content" "Mozilla/5.0 AppleWebKit/537.36 (KHTML, like Gecko; compatible; GPTBot/1.4; +https://openai.com/gptbot)"
74.7.243.238 - - [30/Jul/2026:19:00:53 +0300] "GET /.well-known/zip.php?dir=CwhomeCwlogoandwCwnature-photosFwinfoCwwp-contentCwincludesCwwp-contentCwcssCwwp-contentCwwp-contentCwwp-contentCwwp-contentCwwp-content&view=error_log-20251108093917-20251108102804-20251108103543-20251108103744-20251108104750-20251108104836-20251108162320-20251109000812-20251109015233-20251110002142-20251111025318-20251111034916-20251111200128. HTTP/2" 200 12 "https://myfununlimited.com/.well-known/zip.php?dir=CwhomeCwlogoandwCwnature-photosFwinfoCwwp-contentCwincludesCwwp-contentCwcssCwwp-contentCwwp-contentCwwp-contentCwwp-contentCwwp-content" "Mozilla/5.0 AppleWebKit/537.36 (KHTML, like Gecko; compatible; GPTBot/1.4; +https://openai.com/gptbot)"
216.73.216.87 - - [30/Jul/2026:19:01:22 +0300] "GET /zip.php?dir=CwlibCwfirmwareCwcirrus&view=cs35l41-dsp1-spk-prot-10431573-spkid0-l0.bin HTTP/2" 200 2829 "-" "Mozilla/5.0 AppleWebKit/537.36 (KHTML, like Gecko; compatible; ClaudeBot/1.0; +claudebot@anthropic.com)"
216.73.216.87 - - [30/Jul/2026:19:01:25 +0300] "GET /zip.php?dir=CwlibCwfirmwareCwcirrus&edit=cs35l41-dsp1-spk-prot-10431573-spkid0-r0.bin HTTP/2" 429 0 "-" "Mozilla/5.0 AppleWebKit/537.36 (KHTML, like Gecko; compatible; ClaudeBot/1.0; +claudebot@anthropic.com)"
216.73.216.87 - - [30/Jul/2026:19:01:30 +0300] "GET /zip.php?dir=CwlibCwfirmwareCwcirrus&view=cs35l56-b0-dsp1-misc-10431e63-spkid1.wmfw HTTP/2" 429 0 "-" "Mozilla/5.0 AppleWebKit/537.36 (KHTML, like Gecko; compatible; ClaudeBot/1.0; +claudebot@anthropic.com)"
216.73.216.87 - - [30/Jul/2026:19:01:35 +0300] "GET /zip.php?dir=CwlibCwfirmwareCwcirrus&view=cs35l41-dsp1-spk-prot-10431194-spkid0-l0.bin HTTP/2" 429 0 "-" "Mozilla/5.0 AppleWebKit/537.36 (KHTML, like Gecko; compatible; ClaudeBot/1.0; +claudebot@anthropic.com)"
216.73.216.87 - - [30/Jul/2026:19:01:40 +0300] "GET /zip.php?dir=CwusrCwlibCwfirmwareCwintelCwiwlwifi&view=iwlwifi-bz-b0-hr-b0.pnvm HTTP/2" 429 0 "-" "Mozilla/5.0 AppleWebKit/537.36 (KHTML, like Gecko; compatible; ClaudeBot/1.0; +claudebot@anthropic.com)"
216.73.216.87 - - [30/Jul/2026:19:01:45 +0300] "GET /zip.php?dir=CwusrCwlibCwkbdCwkeymapsCwlegacyCwi386Cwqwerty&view=tr_q-latin5.map.gz HTTP/2" 429 0 "-" "Mozilla/5.0 AppleWebKit/537.36 (KHTML, like Gecko; compatible; ClaudeBot/1.0; +claudebot@anthropic.com)"
216.73.216.87 - - [30/Jul/2026:19:01:50 +0300] "GET /zip.php?dir=CwlibCwfirmwareCwcirrus&view=cs35l63-a1-dsp1-misc-10280e20-spkid1.wmfw HTTP/2" 429 0 "-" "Mozilla/5.0 AppleWebKit/537.36 (KHTML, like Gecko; compatible; ClaudeBot/1.0; +claudebot@anthropic.com)"
216.73.216.87 - - [30/Jul/2026:19:01:55 +0300] "GET /zip.php?dir=CwlibCwfirmwareCwcirrus&edit=cs35l63-a1-dsp1-misc-10280e1b-spkid2-03-l3u1.bin HTTP/2" 429 0 "-" "Mozilla/5.0 AppleWebKit/537.36 (KHTML, like Gecko; compatible; ClaudeBot/1.0; +claudebot@anthropic.com)"
74.7.243.238 - - [30/Jul/2026:19:02:00 +0300] "GET /.well-known/zip.php?dir=CwhomeCwlogoandwCwnature-photosFwinfoCwwp-contentCwincludesCwwp-contentCwcssCwwp-contentCwwp-contentCwwp-contentCwwp-contentCwwp-content&view=error_log-20251108093917-20251108102804-20251108103543-20251108103744-20251108104750-20251108104836-20251108162320-20251109000812-20251109015233-20251110002142-20251110013512-20251111092825-20251114182126. HTTP/2" 200 12 "https://myfununlimited.com/.well-known/zip.php?dir=CwhomeCwlogoandwCwnature-photosFwinfoCwwp-contentCwincludesCwwp-contentCwcssCwwp-contentCwwp-contentCwwp-contentCwwp-contentCwwp-content" "Mozilla/5.0 AppleWebKit/537.36 (KHTML, like Gecko; compatible; GPTBot/1.4; +https://openai.com/gptbot)"
216.73.216.87 - - [30/Jul/2026:19:02:00 +0300] "GET /zip.php?dir=CwusrCwlibCwkbdCwkeymapsCwlegacyCwi386Cwqwerty&edit=bg_pho-cp1251.map.gz HTTP/2" 429 0 "-" "Mozilla/5.0 AppleWebKit/537.36 (KHTML, like Gecko; compatible; ClaudeBot/1.0; +claudebot@anthropic.com)"
216.73.216.87 - - [30/Jul/2026:19:02:05 +0300] "GET /zip.php?dir=CwusrCwlibCwfirmwareCwintelCwiwlwifi&view=iwlwifi-9000-pu-b0-jf-b0-38.ucode HTTP/2" 200 1108540 "-" "Mozilla/5.0 AppleWebKit/537.36 (KHTML, like Gecko; compatible; ClaudeBot/1.0; +claudebot@anthropic.com)"
216.73.216.87 - - [30/Jul/2026:19:02:10 +0300] "GET /zip.php?dir=CwlibCwfirmwareCwcirrus&edit=cs35l56-b0-dsp1-misc-17aa390c-spkid1.wmfw HTTP/2" 429 0 "-" "Mozilla/5.0 AppleWebKit/537.36 (KHTML, like Gecko; compatible; ClaudeBot/1.0; +claudebot@anthropic.com)"
216.73.216.87 - - [30/Jul/2026:19:02:15 +0300] "GET /.well-known/zip.php?dir=CwhomeCwlogoandwCwtmpCwwebalizer HTTP/2" 429 0 "-" "Mozilla/5.0 AppleWebKit/537.36 (KHTML, like Gecko; compatible; ClaudeBot/1.0; +claudebot@anthropic.com)"
216.73.216.87 - - [30/Jul/2026:19:02:20 +0300] "GET /zip.php?dir=CwlibCwfirmwareCwcirrus&edit=cs35l63-a1-dsp1-misc-10280e1e-spkid0-07-l3u1.bin HTTP/2" 429 0 "-" "Mozilla/5.0 AppleWebKit/537.36 (KHTML, like Gecko; compatible; ClaudeBot/1.0; +claudebot@anthropic.com)"
216.73.216.87 - - [30/Jul/2026:19:01:05 +0300] "GET /.well-known/zip.php?dir=CwhomeCwlogoandwCwtmpCwanalogCwmyhappyspaceFwinfoFwlogoandwebdesignsFwcom&view=5.html HTTP/2" 429 0 "-" "Mozilla/5.0 AppleWebKit/537.36 (KHTML, like Gecko; compatible; ClaudeBot/1.0; +claudebot@anthropic.com)"
216.73.216.87 - - [30/Jul/2026:19:01:10 +0300] "GET /.well-known/file.php?dir=XPAusrXPAlocalXPAsitepadXPAeditorXPAsite-dataXPApluginsXPAgosmtp&edit=readme.txt HTTP/2" 429 0 "-" "Mozilla/5.0 AppleWebKit/537.36 (KHTML, like Gecko; compatible; ClaudeBot/1.0; +claudebot@anthropic.com)"
216.73.216.87 - - [30/Jul/2026:19:01:16 +0300] "GET /zip.php?dir=Cwlib64Cwpython3Fw6Cw__pycache__&edit=trace.cpython-36.opt-2.pyc HTTP/2" 429 0 "-" "Mozilla/5.0 AppleWebKit/537.36 (KHTML, like Gecko; compatible; ClaudeBot/1.0; +claudebot@anthropic.com)"
216.73.216.87 - - [30/Jul/2026:19:02:42 +0300] "GET /zip.php?dir=Cwlib64&edit=libdatrie.so.1 HTTP/2" 429 0 "-" "Mozilla/5.0 AppleWebKit/537.36 (KHTML, like Gecko; compatible; ClaudeBot/1.0; +claudebot@anthropic.com)"
216.73.216.87 - - [30/Jul/2026:19:02:46 +0300] "GET /zip.php?dir=Cwlib64&view=libmcheck.a HTTP/2" 429 0 "-" "Mozilla/5.0 AppleWebKit/537.36 (KHTML, like Gecko; compatible; ClaudeBot/1.0; +claudebot@anthropic.com)"
216.73.216.87 - - [30/Jul/2026:19:02:51 +0300] "GET /zip.php?dir=Cwlib64&edit=preloadable_libintl.so HTTP/2" 200 22291 "-" "Mozilla/5.0 AppleWebKit/537.36 (KHTML, like Gecko; compatible; ClaudeBot/1.0; +claudebot@anthropic.com)"
216.73.216.87 - - [30/Jul/2026:19:02:56 +0300] "GET /zip.php?dir=Cwlib64&edit=libwebp.so.7 HTTP/2" 429 0 "-" "Mozilla/5.0 AppleWebKit/537.36 (KHTML, like Gecko; compatible; ClaudeBot/1.0; +claudebot@anthropic.com)"
216.73.216.87 - - [30/Jul/2026:19:03:01 +0300] "GET /zip.php?dir=Cwlib64&view=libodbcinst.so HTTP/2" 429 0 "-" "Mozilla/5.0 AppleWebKit/537.36 (KHTML, like Gecko; compatible; ClaudeBot/1.0; +claudebot@anthropic.com)"
216.73.216.87 - - [30/Jul/2026:19:03:06 +0300] "GET /zip.php?dir=Cwlib64&view=libdns.so HTTP/2" 429 0 "-" "Mozilla/5.0 AppleWebKit/537.36 (KHTML, like Gecko; compatible; ClaudeBot/1.0; +claudebot@anthropic.com)"
216.73.216.87 - - [30/Jul/2026:19:03:11 +0300] "GET /zip.php?dir=Cwlib64&view=libprocps.so.7 HTTP/2" 429 0 "-" "Mozilla/5.0 AppleWebKit/537.36 (KHTML, like Gecko; compatible; ClaudeBot/1.0; +claudebot@anthropic.com)"
216.73.216.87 - - [30/Jul/2026:19:03:16 +0300] "GET /zip.php?dir=Cwlib64&edit=libcups.so.2 HTTP/2" 429 0 "-" "Mozilla/5.0 AppleWebKit/537.36 (KHTML, like Gecko; compatible; ClaudeBot/1.0; +claudebot@anthropic.com)"
216.73.216.87 - - [30/Jul/2026:19:03:21 +0300] "GET /zip.php?dir=Cwlib64&edit=libnn.so.2 HTTP/2" 429 0 "-" "Mozilla/5.0 AppleWebKit/537.36 (KHTML, like Gecko; compatible; ClaudeBot/1.0; +claudebot@anthropic.com)"
216.73.216.87 - - [30/Jul/2026:19:03:26 +0300] "GET /zip.php?dir=Cwlib64&view=libxmlsec1-openssl.so HTTP/2" 429 0 "-" "Mozilla/5.0 AppleWebKit/537.36 (KHTML, like Gecko; compatible; ClaudeBot/1.0; +claudebot@anthropic.com)"
216.73.216.87 - - [30/Jul/2026:19:03:31 +0300] "GET /zip.php?dir=Cwlib64&edit=libxmlsec1.so.1 HTTP/2" 429 0 "-" "Mozilla/5.0 AppleWebKit/537.36 (KHTML, like Gecko; compatible; ClaudeBot/1.0; +claudebot@anthropic.com)"
216.73.216.87 - - [30/Jul/2026:19:03:36 +0300] "GET /zip.php?dir=Cwlib64&edit=libdhash.so.1 HTTP/2" 200 8900 "-" "Mozilla/5.0 AppleWebKit/537.36 (KHTML, like Gecko; compatible; ClaudeBot/1.0; +claudebot@anthropic.com)"
216.73.216.87 - - [30/Jul/2026:19:03:41 +0300] "GET /zip.php?dir=Cwlib64&view=libevent_core.so HTTP/2" 429 0 "-" "Mozilla/5.0 AppleWebKit/537.36 (KHTML, like Gecko; compatible; ClaudeBot/1.0; +claudebot@anthropic.com)"
216.73.216.87 - - [30/Jul/2026:19:03:46 +0300] "GET /zip.php?dir=Cwlib64&view=libaio.so HTTP/2" 429 0 "-" "Mozilla/5.0 AppleWebKit/537.36 (KHTML, like Gecko; compatible; ClaudeBot/1.0; +claudebot@anthropic.com)"
216.73.216.87 - - [30/Jul/2026:19:03:51 +0300] "GET /zip.php?dir=Cwlib64&edit=libssh.so.4.8.7 HTTP/2" 429 0 "-" "Mozilla/5.0 AppleWebKit/537.36 (KHTML, like Gecko; compatible; ClaudeBot/1.0; +claudebot@anthropic.com)"
216.73.216.87 - - [30/Jul/2026:18:54:41 +0300] "GET /zip.php?dir=Cwlib64Cwpython2Fw7Cwidlelib HTTP/2" 200 9314 "-" "Mozilla/5.0 AppleWebKit/537.36 (KHTML, like Gecko; compatible; ClaudeBot/1.0; +claudebot@anthropic.com)"
216.73.216.87 - - [30/Jul/2026:18:54:46 +0300] "GET /zip.php?dir=CwoptCwcloudlinux-site-optimization-module HTTP/2" 200 3416 "-" "Mozilla/5.0 AppleWebKit/537.36 (KHTML, like Gecko; compatible; ClaudeBot/1.0; +claudebot@anthropic.com)"
216.73.216.87 - - [30/Jul/2026:18:58:48 +0300] "GET /zip.php?dir=Cwlib64Cwpython3Fw8Cw__pycache__&view=locale.cpython-38.opt-2.pyc HTTP/2" 200 14237 "-" "Mozilla/5.0 AppleWebKit/537.36 (KHTML, like Gecko; compatible; ClaudeBot/1.0; +claudebot@anthropic.com)"
216.73.216.87 - - [30/Jul/2026:18:58:53 +0300] "GET /zip.php?dir=CwusrCwlib64Cwpython3Fw8Cw__pycache__&view=tabnanny.cpython-38.opt-2.pyc HTTP/2" 429 0 "-" "Mozilla/5.0 AppleWebKit/537.36 (KHTML, like Gecko; compatible; ClaudeBot/1.0; +claudebot@anthropic.com)"
216.73.216.87 - - [30/Jul/2026:18:59:44 +0300] "GET /.well-known/zip.php?dir=CwhomeCwlogoandwCwtmpCwwebalizerCwmyglobalimpactFworgFwlogoandwebdesignsFwcom&view=daily_usage_202511.png HTTP/2" 429 0 "-" "Mozilla/5.0 AppleWebKit/537.36 (KHTML, like Gecko; compatible; ClaudeBot/1.0; +claudebot@anthropic.com)"
216.73.216.87 - - [30/Jul/2026:18:59:49 +0300] "GET /.well-known/zip.php?dir=CwhomeCwlogoandwCwtmpCwwebalizerCwmyglobalimpactFworgFwlogoandwebdesignsFwcom&view=daily_usage_202512.png HTTP/2" 429 0 "-" "Mozilla/5.0 AppleWebKit/537.36 (KHTML, like Gecko; compatible; ClaudeBot/1.0; +claudebot@anthropic.com)"
216.73.216.87 - - [30/Jul/2026:18:59:54 +0300] "GET /.well-known/zip.php?dir=CwhomeCwlogoandwCwtmpCwwebalizerCwmyglobalimpactFworgFwlogoandwebdesignsFwcom&view=daily_usage_202510.png HTTP/2" 429 0 "-" "Mozilla/5.0 AppleWebKit/537.36 (KHTML, like Gecko; compatible; ClaudeBot/1.0; +claudebot@anthropic.com)"
216.73.216.87 - - [30/Jul/2026:18:59:59 +0300] "GET /.well-known/zip.php?dir=CwhomeCwlogoandwCwtmpCwwebalizerCwmyglobalimpactFworgFwlogoandwebdesignsFwcom&view=daily_usage_202601.png HTTP/2" 429 0 "-" "Mozilla/5.0 AppleWebKit/537.36 (KHTML, like Gecko; compatible; ClaudeBot/1.0; +claudebot@anthropic.com)"
216.73.216.87 - - [30/Jul/2026:19:00:05 +0300] "GET /zip.php?dir=CwusrCwlib64Cwpython3Fw6Cw__pycache__&view=getopt.cpython-36.opt-2.pyc HTTP/2" 429 0 "-" "Mozilla/5.0 AppleWebKit/537.36 (KHTML, like Gecko; compatible; ClaudeBot/1.0; +claudebot@anthropic.com)"
216.73.216.87 - - [30/Jul/2026:19:00:09 +0300] "GET /zip.php?dir=CwusrCwshareCwvimCwvim80Cwftplugin&view=pinfo.vim HTTP/2" 429 0 "-" "Mozilla/5.0 AppleWebKit/537.36 (KHTML, like Gecko; compatible; ClaudeBot/1.0; +claudebot@anthropic.com)"
216.73.216.87 - - [30/Jul/2026:19:00:14 +0300] "GET /file.php?dir=XPAusrXPAbin&edit=xmlcatalog HTTP/2" 429 0 "-" "Mozilla/5.0 AppleWebKit/537.36 (KHTML, like Gecko; compatible; ClaudeBot/1.0; +claudebot@anthropic.com)"
66.249.76.36 - - [30/Jul/2026:19:02:29 +0300] "GET /?items/V171624286/ HTTP/1.1" 200 84 "-" "Mozilla/5.0 (Linux; Android 6.0.1; Nexus 5X Build/MMB29P) AppleWebKit/537.36 (KHTML, like Gecko) Chrome/150.0.7871.186 Mobile Safari/537.36 (compatible; Googlebot/2.1; +http://www.google.com/bot.html)"
74.7.243.238 - - [30/Jul/2026:19:04:42 +0300] "GET /.well-known/zip.php?dir=CwhomeCwlogoandwCwnature-photosFwinfoCwwp-contentCwincludesCwwp-contentCwcssCwwp-contentCwwp-contentCwwp-contentCwwp-contentCwwp-content&view=error_log-20251108093917-20251108102804-20251108103543-20251108103744-20251108104750-20251108104836-20251108162320-20251109000812-20251109015233-20251110002142-20251112121403-20251112135548-20251112145411. HTTP/2" 200 12 "https://myfununlimited.com/.well-known/zip.php?dir=CwhomeCwlogoandwCwnature-photosFwinfoCwwp-contentCwincludesCwwp-contentCwcssCwwp-contentCwwp-contentCwwp-contentCwwp-contentCwwp-content" "Mozilla/5.0 AppleWebKit/537.36 (KHTML, like Gecko; compatible; GPTBot/1.4; +https://openai.com/gptbot)"
216.73.216.87 - - [30/Jul/2026:19:05:05 +0300] "GET /zip.php?dir=CwlibCwfirmware&view=as102_data2_st.hex HTTP/2" 429 0 "-" "Mozilla/5.0 AppleWebKit/537.36 (KHTML, like Gecko; compatible; ClaudeBot/1.0; +claudebot@anthropic.com)"
216.73.216.87 - - [30/Jul/2026:19:05:09 +0300] "GET /zip.php?dir=Cwlib64Cwpython3Fw8Cw__pycache__&edit=smtplib.cpython-38.opt-1.pyc HTTP/2" 200 17678 "-" "Mozilla/5.0 AppleWebKit/537.36 (KHTML, like Gecko; compatible; ClaudeBot/1.0; +claudebot@anthropic.com)"
216.73.216.87 - - [30/Jul/2026:19:05:14 +0300] "GET /zip.php?dir=CwlibCwfirmwareCwamdgpu&view=navi10_gpu_info.bin HTTP/2" 429 0 "-" "Mozilla/5.0 AppleWebKit/537.36 (KHTML, like Gecko; compatible; ClaudeBot/1.0; +claudebot@anthropic.com)"
216.73.216.87 - - [30/Jul/2026:19:05:19 +0300] "GET /zip.php?dir=CwusrCwlibCwfirmwareCwamdgpu&edit=fiji_uvd.bin HTTP/2" 429 0 "-" "Mozilla/5.0 AppleWebKit/537.36 (KHTML, like Gecko; compatible; ClaudeBot/1.0; +claudebot@anthropic.com)"
216.73.216.87 - - [30/Jul/2026:19:05:24 +0300] "GET /zip.php?dir=CwlibCwsystemdCwsystem&view=systemd-journald-audit.socket HTTP/2" 429 0 "-" "Mozilla/5.0 AppleWebKit/537.36 (KHTML, like Gecko; compatible; ClaudeBot/1.0; +claudebot@anthropic.com)"
216.73.216.87 - - [30/Jul/2026:19:05:29 +0300] "GET /zip.php?dir=CwlibCwdracutCwmodulesFwdCw99kdumpbase HTTP/2" 429 0 "-" "Mozilla/5.0 AppleWebKit/537.36 (KHTML, like Gecko; compatible; ClaudeBot/1.0; +claudebot@anthropic.com)"
216.73.216.87 - - [30/Jul/2026:19:05:34 +0300] "GET /zip.php?dir=CwlibCwfirmwareCwamdgpu&view=yellow_carp_ce.bin HTTP/2" 429 0 "-" "Mozilla/5.0 AppleWebKit/537.36 (KHTML, like Gecko; compatible; ClaudeBot/1.0; +claudebot@anthropic.com)"
216.73.216.87 - - [30/Jul/2026:19:05:39 +0300] "GET /file.php?dir=XPAusrXPAshareXPAghostscriptXPAlib&edit=st640pg.upp HTTP/2" 429 0 "-" "Mozilla/5.0 AppleWebKit/537.36 (KHTML, like Gecko; compatible; ClaudeBot/1.0; +claudebot@anthropic.com)"
216.73.216.87 - - [30/Jul/2026:19:05:44 +0300] "GET /zip.php?dir=CwlibCwfirmwareCwamdgpu&view=verde_smc.bin HTTP/2" 429 0 "-" "Mozilla/5.0 AppleWebKit/537.36 (KHTML, like Gecko; compatible; ClaudeBot/1.0; +claudebot@anthropic.com)"
216.73.216.87 - - [30/Jul/2026:19:05:49 +0300] "GET /zip.php?dir=CwusrCwincludeCwopenssl&edit=pem.h HTTP/2" 429 0 "-" "Mozilla/5.0 AppleWebKit/537.36 (KHTML, like Gecko; compatible; ClaudeBot/1.0; +claudebot@anthropic.com)"
216.73.216.87 - - [30/Jul/2026:19:05:54 +0300] "GET /zip.php?dir=CwlibCwsystemdCwsystem&edit=systemd-suspend.service HTTP/2" 200 2775 "-" "Mozilla/5.0 AppleWebKit/537.36 (KHTML, like Gecko; compatible; ClaudeBot/1.0; +claudebot@anthropic.com)"
216.73.216.87 - - [30/Jul/2026:19:05:59 +0300] "GET /zip.php?dir=Cwlib64Cwpython3Fw6Cw__pycache__&view=smtplib.cpython-36.opt-1.pyc HTTP/2" 429 0 "-" "Mozilla/5.0 AppleWebKit/537.36 (KHTML, like Gecko; compatible; ClaudeBot/1.0; +claudebot@anthropic.com)"
66.249.68.167 - - [30/Jul/2026:19:06:01 +0300] "GET /?items/E316253276/ HTTP/1.1" 200 84 "-" "Mozilla/5.0 (Linux; Android 6.0.1; Nexus 5X Build/MMB29P) AppleWebKit/537.36 (KHTML, like Gecko) Chrome/150.0.7871.186 Mobile Safari/537.36 (compatible; Googlebot/2.1; +http://www.google.com/bot.html)"
216.73.216.87 - - [30/Jul/2026:19:06:04 +0300] "GET /zip.php?dir=CwlibCwsystemdCwsystem&edit=chronyd.service HTTP/2" 429 0 "-" "Mozilla/5.0 AppleWebKit/537.36 (KHTML, like Gecko; compatible; ClaudeBot/1.0; +claudebot@anthropic.com)"
216.73.216.87 - - [30/Jul/2026:19:06:09 +0300] "GET /zip.php?dir=Cwlib64Cwxtables&edit=libxt_CONNSECMARK.so HTTP/2" 429 0 "-" "Mozilla/5.0 AppleWebKit/537.36 (KHTML, like Gecko; compatible; ClaudeBot/1.0; +claudebot@anthropic.com)"
216.73.216.87 - - [30/Jul/2026:19:06:14 +0300] "GET /zip.php?dir=CwlibCwsystemdCwsystem&view=poweroff.target HTTP/2" 429 0 "-" "Mozilla/5.0 AppleWebKit/537.36 (KHTML, like Gecko; compatible; ClaudeBot/1.0; +claudebot@anthropic.com)"
216.73.216.87 - - [30/Jul/2026:19:02:25 +0300] "GET /zip.php?dir=CwlibCwfirmwareCwcirrus&view=cs35l63-a1-dsp1-misc-10280e28-spkid0.wmfw HTTP/2" 429 0 "-" "Mozilla/5.0 AppleWebKit/537.36 (KHTML, like Gecko; compatible; ClaudeBot/1.0; +claudebot@anthropic.com)"
216.73.216.87 - - [30/Jul/2026:19:02:30 +0300] "GET /zip.php?dir=CwlibCwfirmwareCwcirrus&view=cs35l41-dsp1-spk-prot-10431f12-spkid1-r0.bin HTTP/2" 429 0 "-" "Mozilla/5.0 AppleWebKit/537.36 (KHTML, like Gecko; compatible; ClaudeBot/1.0; +claudebot@anthropic.com)"
216.73.216.87 - - [30/Jul/2026:19:02:36 +0300] "GET /zip.php?dir=Cwlib64&edit=libcap.so.2 HTTP/2" 429 0 "-" "Mozilla/5.0 AppleWebKit/537.36 (KHTML, like Gecko; compatible; ClaudeBot/1.0; +claudebot@anthropic.com)"
74.7.243.238 - - [30/Jul/2026:19:03:39 +0300] "GET /.well-known/zip.php?dir=CwhomeCwlogoandwCwnature-photosFwinfoCwwp-contentCwincludesCwwp-contentCwcssCwwp-contentCwwp-contentCwwp-contentCwwp-contentCwwp-content&view=error_log-20251108093917-20251108102804-20251108103543-20251108103744-20251108104750-20251108104836-20251108162320-20251109000812-20251109015233-20251110002142-20251111140521-20251114180133-20251114211809. HTTP/2" 429 0 "https://myfununlimited.com/.well-known/zip.php?dir=CwhomeCwlogoandwCwnature-photosFwinfoCwwp-contentCwincludesCwwp-contentCwcssCwwp-contentCwwp-contentCwwp-contentCwwp-contentCwwp-content" "Mozilla/5.0 AppleWebKit/537.36 (KHTML, like Gecko; compatible; GPTBot/1.4; +https://openai.com/gptbot)"
216.73.216.87 - - [30/Jul/2026:19:04:47 +0300] "GET /zip.php?dir=Cwlib64&view=libxmlrpc_server_abyss.so.3 HTTP/2" 429 0 "-" "Mozilla/5.0 AppleWebKit/537.36 (KHTML, like Gecko; compatible; ClaudeBot/1.0; +claudebot@anthropic.com)"
216.73.216.87 - - [30/Jul/2026:19:04:52 +0300] "GET /zip.php?dir=Cwlib64&edit=libnfnetlink.so.0 HTTP/2" 429 0 "-" "Mozilla/5.0 AppleWebKit/537.36 (KHTML, like Gecko; compatible; ClaudeBot/1.0; +claudebot@anthropic.com)"
216.73.216.87 - - [30/Jul/2026:19:04:57 +0300] "GET /zip.php?dir=Cwlib64&edit=libkcapi.so.1 HTTP/2" 429 0 "-" "Mozilla/5.0 AppleWebKit/537.36 (KHTML, like Gecko; compatible; ClaudeBot/1.0; +claudebot@anthropic.com)"
66.249.68.167 - - [30/Jul/2026:19:05:29 +0300] "GET /?shop/items/D47856064 HTTP/1.1" 200 84 "-" "Mozilla/5.0 (Linux; Android 6.0.1; Nexus 5X Build/MMB29P) AppleWebKit/537.36 (KHTML, like Gecko) Chrome/150.0.7871.186 Mobile Safari/537.36 (compatible; Googlebot/2.1; +http://www.google.com/bot.html)"
66.249.68.166 - - [30/Jul/2026:19:06:41 +0300] "GET /?items/Q25581286/ HTTP/1.1" 200 84 "-" "Mozilla/5.0 (Linux; Android 6.0.1; Nexus 5X Build/MMB29P) AppleWebKit/537.36 (KHTML, like Gecko) Chrome/150.0.7871.186 Mobile Safari/537.36 (compatible; Googlebot/2.1; +http://www.google.com/bot.html)"
216.73.216.87 - - [30/Jul/2026:19:07:10 +0300] "GET /.well-known/zip.php?dir=CwusrCwlocalCwsitepadCweditorCwsite-dataCwpluginsCwkkart-proCwpackagesCwkkart-adminCwdistCwchunks&edit=31.style.rtl.css HTTP/2" 429 0 "-" "Mozilla/5.0 AppleWebKit/537.36 (KHTML, like Gecko; compatible; ClaudeBot/1.0; +claudebot@anthropic.com)"
216.73.216.87 - - [30/Jul/2026:19:07:15 +0300] "GET /.well-known/zip.php?dir=CwusrCwlocalCwsitepadCweditorCwsite-dataCwpluginsCwkkart-proCwpackagesCwkkart-adminCwdistCwchunks&edit=12.style.rtl.css HTTP/2" 429 0 "-" "Mozilla/5.0 AppleWebKit/537.36 (KHTML, like Gecko; compatible; ClaudeBot/1.0; +claudebot@anthropic.com)"
216.73.216.87 - - [30/Jul/2026:19:07:20 +0300] "GET /.well-known/zip.php?dir=CwusrCwlocalCwsitepadCweditorCwsite-dataCwpluginsCwkkart-proCwpackagesCwkkart-adminCwdistCwchunks&edit=24.style.css HTTP/2" 429 0 "-" "Mozilla/5.0 AppleWebKit/537.36 (KHTML, like Gecko; compatible; ClaudeBot/1.0; +claudebot@anthropic.com)"
216.73.216.87 - - [30/Jul/2026:19:07:25 +0300] "GET /zip.php?dir=CwlibCwfirmwareCwcirrus&view=cs35l41-dsp1-spk-prot-10280cbf-spkid0-l0.bin HTTP/2" 200 2974 "-" "Mozilla/5.0 AppleWebKit/537.36 (KHTML, like Gecko; compatible; ClaudeBot/1.0; +claudebot@anthropic.com)"
216.73.216.87 - - [30/Jul/2026:19:06:19 +0300] "GET /zip.php?dir=CwlibCwsystemdCwsystem&view=sysstat-collect.service HTTP/2" 429 0 "-" "Mozilla/5.0 AppleWebKit/537.36 (KHTML, like Gecko; compatible; ClaudeBot/1.0; +claudebot@anthropic.com)"
66.249.68.160 - - [30/Jul/2026:19:06:21 +0300] "GET /?items/E310809529/ HTTP/1.1" 200 84 "-" "Mozilla/5.0 (Linux; Android 6.0.1; Nexus 5X Build/MMB29P) AppleWebKit/537.36 (KHTML, like Gecko) Chrome/150.0.7871.186 Mobile Safari/537.36 (compatible; Googlebot/2.1; +http://www.google.com/bot.html)"
216.73.216.87 - - [30/Jul/2026:19:06:24 +0300] "GET /zip.php?dir=Cwlib64Cwpython3Fw6Cw__pycache__&edit=sre_compile.cpython-36.opt-1.pyc HTTP/2" 429 0 "-" "Mozilla/5.0 AppleWebKit/537.36 (KHTML, like Gecko; compatible; ClaudeBot/1.0; +claudebot@anthropic.com)"
216.73.216.87 - - [30/Jul/2026:19:06:29 +0300] "GET /zip.php?dir=CwlibCwsystemdCwsystem&edit=lvectl.service HTTP/2" 429 0 "-" "Mozilla/5.0 AppleWebKit/537.36 (KHTML, like Gecko; compatible; ClaudeBot/1.0; +claudebot@anthropic.com)"
216.73.216.87 - - [30/Jul/2026:19:06:34 +0300] "GET /zip.php?dir=CwusrCwshareCwghostscriptCwlib&view=gsnup.ps HTTP/2" 429 0 "-" "Mozilla/5.0 AppleWebKit/537.36 (KHTML, like Gecko; compatible; ClaudeBot/1.0; +claudebot@anthropic.com)"
216.73.216.87 - - [30/Jul/2026:19:06:39 +0300] "GET /zip.php?dir=CwusrCwincludeCwopenssl&edit=rsa.h HTTP/2" 200 7153 "-" "Mozilla/5.0 AppleWebKit/537.36 (KHTML, like Gecko; compatible; ClaudeBot/1.0; +claudebot@anthropic.com)"
216.73.216.87 - - [30/Jul/2026:19:06:45 +0300] "GET /zip.php?dir=Cwlib64Cwpython2Fw7&edit=whichdb.pyo HTTP/2" 429 0 "-" "Mozilla/5.0 AppleWebKit/537.36 (KHTML, like Gecko; compatible; ClaudeBot/1.0; +claudebot@anthropic.com)"
216.73.216.87 - - [30/Jul/2026:19:06:49 +0300] "GET /zip.php?dir=CwusrCwlib64Cwpython2Fw7&edit=BaseHTTPServer.pyo HTTP/2" 429 0 "-" "Mozilla/5.0 AppleWebKit/537.36 (KHTML, like Gecko; compatible; ClaudeBot/1.0; +claudebot@anthropic.com)"
216.73.216.87 - - [30/Jul/2026:19:06:54 +0300] "GET /zip.php?dir=CwusrCwlib64Cwpython2Fw7Cwlib-dynload&edit=_sqlite3.so HTTP/2" 429 0 "-" "Mozilla/5.0 AppleWebKit/537.36 (KHTML, like Gecko; compatible; ClaudeBot/1.0; +claudebot@anthropic.com)"
216.73.216.87 - - [30/Jul/2026:19:06:59 +0300] "GET /zip.php?dir=Cwlib64Cwpython3Fw8Cw__pycache__&view=codecs.cpython-38.pyc HTTP/2" 429 0 "-" "Mozilla/5.0 AppleWebKit/537.36 (KHTML, like Gecko; compatible; ClaudeBot/1.0; +claudebot@anthropic.com)"
74.7.243.238 - - [30/Jul/2026:19:07:44 +0300] "GET /.well-known/zip.php?dir=CwhomeCwlogoandwCwnature-photosFwinfoCwwp-contentCwincludesCwwp-contentCwcssCwwp-contentCwwp-contentCwwp-contentCwwp-contentCwwp-content&view=error_log-20251108093917-20251108102804-20251108103543-20251108103744-20251108104750-20251108104836-20251108162320-20251109000812-20251109015233-20251110002142-20251112121403-20251112131719-20251113023007. HTTP/2" 429 0 "https://myfununlimited.com/.well-known/zip.php?dir=CwhomeCwlogoandwCwnature-photosFwinfoCwwp-contentCwincludesCwwp-contentCwcssCwwp-contentCwwp-contentCwwp-contentCwwp-contentCwwp-content" "Mozilla/5.0 AppleWebKit/537.36 (KHTML, like Gecko; compatible; GPTBot/1.4; +https://openai.com/gptbot)"
216.73.216.87 - - [30/Jul/2026:19:07:51 +0300] "GET /zip.php?dir=CwlibCwfirmwareCwamdgpu&view=tahiti_smc.bin HTTP/2" 429 0 "-" "Mozilla/5.0 AppleWebKit/537.36 (KHTML, like Gecko; compatible; ClaudeBot/1.0; +claudebot@anthropic.com)"
216.73.216.87 - - [30/Jul/2026:19:07:55 +0300] "GET /zip.php?dir=CwlibCwfirmwareCwamdgpu&edit=polaris12_mec2_2.bin HTTP/2" 429 0 "-" "Mozilla/5.0 AppleWebKit/537.36 (KHTML, like Gecko; compatible; ClaudeBot/1.0; +claudebot@anthropic.com)"
216.73.216.87 - - [30/Jul/2026:19:08:00 +0300] "GET /zip.php?dir=CwusrCwlibCwfirmwareCwamdgpu&view=gc_11_0_2_pfp.bin HTTP/2" 429 0 "-" "Mozilla/5.0 AppleWebKit/537.36 (KHTML, like Gecko; compatible; ClaudeBot/1.0; +claudebot@anthropic.com)"
216.73.216.87 - - [30/Jul/2026:19:03:56 +0300] "GET /zip.php?dir=Cwlib64&edit=libmimerS.so.2 HTTP/2" 429 0 "-" "Mozilla/5.0 AppleWebKit/537.36 (KHTML, like Gecko; compatible; ClaudeBot/1.0; +claudebot@anthropic.com)"
216.73.216.87 - - [30/Jul/2026:19:04:01 +0300] "GET /zip.php?dir=Cwlib64&edit=libmount.so.1 HTTP/2" 429 0 "-" "Mozilla/5.0 AppleWebKit/537.36 (KHTML, like Gecko; compatible; ClaudeBot/1.0; +claudebot@anthropic.com)"
216.73.216.87 - - [30/Jul/2026:19:04:06 +0300] "GET /zip.php?dir=Cwlib64&view=libext2fs.so.2 HTTP/2" 429 0 "-" "Mozilla/5.0 AppleWebKit/537.36 (KHTML, like Gecko; compatible; ClaudeBot/1.0; +claudebot@anthropic.com)"
216.73.216.87 - - [30/Jul/2026:19:04:11 +0300] "GET /zip.php?dir=Cwlib64&edit=libmagic.so.1 HTTP/2" 429 0 "-" "Mozilla/5.0 AppleWebKit/537.36 (KHTML, like Gecko; compatible; ClaudeBot/1.0; +claudebot@anthropic.com)"
216.73.216.87 - - [30/Jul/2026:19:04:16 +0300] "GET /zip.php?dir=Cwlib64&edit=libelf.so.1 HTTP/2" 429 0 "-" "Mozilla/5.0 AppleWebKit/537.36 (KHTML, like Gecko; compatible; ClaudeBot/1.0; +claudebot@anthropic.com)"
216.73.216.87 - - [30/Jul/2026:19:04:21 +0300] "GET /zip.php?dir=Cwlib64&view=libslapi-2.4.so.2 HTTP/2" 200 54333 "-" "Mozilla/5.0 AppleWebKit/537.36 (KHTML, like Gecko; compatible; ClaudeBot/1.0; +claudebot@anthropic.com)"
216.73.216.87 - - [30/Jul/2026:19:04:26 +0300] "GET /zip.php?dir=Cwlib64&view=libmysqlclient.so HTTP/2" 429 0 "-" "Mozilla/5.0 AppleWebKit/537.36 (KHTML, like Gecko; compatible; ClaudeBot/1.0; +claudebot@anthropic.com)"
216.73.216.87 - - [30/Jul/2026:19:04:31 +0300] "GET /zip.php?dir=Cwlib64&view=libseccomp.so.2 HTTP/2" 429 0 "-" "Mozilla/5.0 AppleWebKit/537.36 (KHTML, like Gecko; compatible; ClaudeBot/1.0; +claudebot@anthropic.com)"
216.73.216.87 - - [30/Jul/2026:19:04:36 +0300] "GET /zip.php?dir=Cwlib64&view=libssh_threads.so.4.8.7 HTTP/2" 429 0 "-" "Mozilla/5.0 AppleWebKit/537.36 (KHTML, like Gecko; compatible; ClaudeBot/1.0; +claudebot@anthropic.com)"
216.73.216.87 - - [30/Jul/2026:19:04:41 +0300] "GET /zip.php?dir=Cwlib64&edit=libsolvext.so.1 HTTP/2" 429 0 "-" "Mozilla/5.0 AppleWebKit/537.36 (KHTML, like Gecko; compatible; ClaudeBot/1.0; +claudebot@anthropic.com)"
216.73.216.87 - - [30/Jul/2026:19:05:04 +0300] "GET /zip.php?dir=CwlibCwfirmware&view=iwlwifi-so-a0-jf-b0-77.ucode HTTP/2" 429 0 "-" "Mozilla/5.0 AppleWebKit/537.36 (KHTML, like Gecko; compatible; ClaudeBot/1.0; +claudebot@anthropic.com)"
74.7.243.238 - - [30/Jul/2026:19:06:39 +0300] "GET /.well-known/zip.php?dir=CwhomeCwlogoandwCwnature-photosFwinfoCwwp-contentCwincludesCwwp-contentCwcssCwwp-contentCwwp-contentCwwp-contentCwwp-contentCwwp-content&view=error_log-20251108093917-20251108102804-20251108103543-20251108103744-20251108104750-20251108104836-20251108162320-20251109000812-20251109015233-20251110002142-20251111140521-20251111141911-20251111151640. HTTP/2" 429 0 "https://myfununlimited.com/.well-known/zip.php?dir=CwhomeCwlogoandwCwnature-photosFwinfoCwwp-contentCwincludesCwwp-contentCwcssCwwp-contentCwwp-contentCwwp-contentCwwp-contentCwwp-content" "Mozilla/5.0 AppleWebKit/537.36 (KHTML, like Gecko; compatible; GPTBot/1.4; +https://openai.com/gptbot)"
216.73.216.87 - - [30/Jul/2026:19:07:05 +0300] "GET /file.php?dir=XPAusrXPAbin&edit=mcview HTTP/2" 429 0 "-" "Mozilla/5.0 AppleWebKit/537.36 (KHTML, like Gecko; compatible; ClaudeBot/1.0; +claudebot@anthropic.com)"
216.73.216.87 - - [30/Jul/2026:19:08:05 +0300] "GET /zip.php?dir=CwusrCwlibCwfirmwareCwamdgpu&view=polaris11_mec2.bin HTTP/2" 429 0 "-" "Mozilla/5.0 AppleWebKit/537.36 (KHTML, like Gecko; compatible; ClaudeBot/1.0; +claudebot@anthropic.com)"
216.73.216.87 - - [30/Jul/2026:19:08:10 +0300] "GET /zip.php?dir=CwlibCwfirmwareCwamdgpu&edit=gc_11_0_1_mes.bin HTTP/2" 200 41334 "-" "Mozilla/5.0 AppleWebKit/537.36 (KHTML, like Gecko; compatible; ClaudeBot/1.0; +claudebot@anthropic.com)"
216.73.216.87 - - [30/Jul/2026:19:08:15 +0300] "GET /zip.php?dir=CwusrCwlibCwfirmwareCwamdgpu&edit=gc_11_5_2_mes1.bin HTTP/2" 429 0 "-" "Mozilla/5.0 AppleWebKit/537.36 (KHTML, like Gecko; compatible; ClaudeBot/1.0; +claudebot@anthropic.com)"
216.73.216.87 - - [30/Jul/2026:19:08:20 +0300] "GET /zip.php?dir=CwusrCwlibCwfirmwareCwamdgpu&view=gc_12_0_0_mes.bin HTTP/2" 429 0 "-" "Mozilla/5.0 AppleWebKit/537.36 (KHTML, like Gecko; compatible; ClaudeBot/1.0; +claudebot@anthropic.com)"
216.73.216.87 - - [30/Jul/2026:19:08:25 +0300] "GET /zip.php?dir=CwlibCwfirmwareCwamdgpu&edit=sienna_cichlid_dmcub.bin HTTP/2" 429 0 "-" "Mozilla/5.0 AppleWebKit/537.36 (KHTML, like Gecko; compatible; ClaudeBot/1.0; +claudebot@anthropic.com)"
216.73.216.87 - - [30/Jul/2026:19:08:30 +0300] "GET /zip.php?dir=CwusrCwlibCwfirmwareCwamdgpu&view=polaris11_mec.bin HTTP/2" 429 0 "-" "Mozilla/5.0 AppleWebKit/537.36 (KHTML, like Gecko; compatible; ClaudeBot/1.0; +claudebot@anthropic.com)"
216.73.216.87 - - [30/Jul/2026:19:08:35 +0300] "GET /zip.php?dir=CwlibCwfirmwareCwamdgpu&edit=psp_14_0_0_ta.bin HTTP/2" 429 0 "-" "Mozilla/5.0 AppleWebKit/537.36 (KHTML, like Gecko; compatible; ClaudeBot/1.0; +claudebot@anthropic.com)"
216.73.216.87 - - [30/Jul/2026:19:08:40 +0300] "GET /zip.php?dir=CwusrCwlibCwfirmwareCwamdgpu&edit=psp_14_0_2_sos.bin HTTP/2" 429 0 "-" "Mozilla/5.0 AppleWebKit/537.36 (KHTML, like Gecko; compatible; ClaudeBot/1.0; +claudebot@anthropic.com)"
216.73.216.87 - - [30/Jul/2026:19:08:45 +0300] "GET /zip.php?dir=CwlibCwfirmwareCwamdgpu&view=smu_13_0_0_kicker.bin HTTP/2" 429 0 "-" "Mozilla/5.0 AppleWebKit/537.36 (KHTML, like Gecko; compatible; ClaudeBot/1.0; +claudebot@anthropic.com)"
216.73.216.87 - - [30/Jul/2026:19:08:50 +0300] "GET /zip.php?dir=CwusrCwlibCwfirmwareCwamdgpu&view=gc_11_5_2_pfp.bin HTTP/2" 429 0 "-" "Mozilla/5.0 AppleWebKit/537.36 (KHTML, like Gecko; compatible; ClaudeBot/1.0; +claudebot@anthropic.com)"
216.73.216.87 - - [30/Jul/2026:19:08:55 +0300] "GET /zip.php?dir=CwusrCwlibCwfirmwareCwamdgpu&edit=polaris10_ce.bin HTTP/2" 200 5310 "-" "Mozilla/5.0 AppleWebKit/537.36 (KHTML, like Gecko; compatible; ClaudeBot/1.0; +claudebot@anthropic.com)"
216.73.216.87 - - [30/Jul/2026:19:09:00 +0300] "GET /zip.php?dir=CwusrCwlibCwfirmwareCwamdgpu&edit=vega20_smc.bin HTTP/2" 429 0 "-" "Mozilla/5.0 AppleWebKit/537.36 (KHTML, like Gecko; compatible; ClaudeBot/1.0; +claudebot@anthropic.com)"
216.73.216.87 - - [30/Jul/2026:19:09:05 +0300] "GET /zip.php?dir=CwlibCwfirmwareCwintel&edit=ibt-18-2.ddc HTTP/2" 429 0 "-" "Mozilla/5.0 AppleWebKit/537.36 (KHTML, like Gecko; compatible; ClaudeBot/1.0; +claudebot@anthropic.com)"
216.73.216.87 - - [30/Jul/2026:19:09:10 +0300] "GET /zip.php?dir=CwlibCwfirmwareCwamdgpu&view=raven_kicker_rlc.bin HTTP/2" 429 0 "-" "Mozilla/5.0 AppleWebKit/537.36 (KHTML, like Gecko; compatible; ClaudeBot/1.0; +claudebot@anthropic.com)"
216.73.216.87 - - [30/Jul/2026:19:09:15 +0300] "GET /file.php?dir=XPAusrXPAbin&edit=mariadb-import HTTP/2" 429 0 "-" "Mozilla/5.0 AppleWebKit/537.36 (KHTML, like Gecko; compatible; ClaudeBot/1.0; +claudebot@anthropic.com)"
216.73.216.87 - - [30/Jul/2026:19:09:20 +0300] "GET /zip.php?dir=CwusrCwlibCwfirmwareCwamdgpu&edit=navy_flounder_smc.bin HTTP/2" 429 0 "-" "Mozilla/5.0 AppleWebKit/537.36 (KHTML, like Gecko; compatible; ClaudeBot/1.0; +claudebot@anthropic.com)"
216.73.216.87 - - [30/Jul/2026:19:09:25 +0300] "GET /zip.php?dir=CwusrCwlibCwfirmwareCwamdgpu&edit=gc_12_0_1_toc.bin HTTP/2" 429 0 "-" "Mozilla/5.0 AppleWebKit/537.36 (KHTML, like Gecko; compatible; ClaudeBot/1.0; +claudebot@anthropic.com)"
74.7.243.238 - - [30/Jul/2026:19:08:48 +0300] "GET /.well-known/zip.php?dir=CwhomeCwlogoandwCwnature-photosFwinfoCwwp-contentCwincludesCwwp-contentCwcssCwwp-contentCwwp-contentCwwp-contentCwwp-contentCwwp-content&view=error_log-20251108093917-20251108102804-20251108103543-20251108103744-20251108104750-20251108104836-20251108162320-20251109000812-20251109015233-20251110002142-20251111114319-20251111121138-20251111134403. HTTP/2" 429 0 "https://myfununlimited.com/.well-known/zip.php?dir=CwhomeCwlogoandwCwnature-photosFwinfoCwwp-contentCwincludesCwwp-contentCwcssCwwp-contentCwwp-contentCwwp-contentCwwp-contentCwwp-content" "Mozilla/5.0 AppleWebKit/537.36 (KHTML, like Gecko; compatible; GPTBot/1.4; +https://openai.com/gptbot)"
216.73.216.87 - - [30/Jul/2026:19:09:55 +0300] "GET /zip.php?dir=Cwlib64Cwpython3Fw6Cw__pycache__&edit=dis.cpython-36.opt-1.pyc HTTP/2" 429 0 "-" "Mozilla/5.0 AppleWebKit/537.36 (KHTML, like Gecko; compatible; ClaudeBot/1.0; +claudebot@anthropic.com)"
216.73.216.87 - - [30/Jul/2026:19:09:56 +0300] "GET /zip.php?dir=Cwlib64Cwpython2Fw7Cwlib-dynload&view=_codecs_iso2022.so HTTP/2" 429 0 "-" "Mozilla/5.0 AppleWebKit/537.36 (KHTML, like Gecko; compatible; ClaudeBot/1.0; +claudebot@anthropic.com)"
216.73.216.87 - - [30/Jul/2026:19:10:01 +0300] "GET /zip.php?dir=CwusrCwlib64Cwpython3Fw8Cw__pycache__&view=netrc.cpython-38.opt-2.pyc HTTP/2" 429 0 "-" "Mozilla/5.0 AppleWebKit/537.36 (KHTML, like Gecko; compatible; ClaudeBot/1.0; +claudebot@anthropic.com)"
216.73.216.87 - - [30/Jul/2026:19:10:06 +0300] "GET /zip.php?dir=CwusrCwincludeCwlinux&edit=v4l2-common.h HTTP/2" 429 0 "-" "Mozilla/5.0 AppleWebKit/537.36 (KHTML, like Gecko; compatible; ClaudeBot/1.0; +claudebot@anthropic.com)"
216.73.216.87 - - [30/Jul/2026:19:10:11 +0300] "GET /zip.php?dir=CwusrCwlib64Cwpython3Fw8Cw__pycache__&view=gzip.cpython-38.opt-2.pyc HTTP/2" 429 0 "-" "Mozilla/5.0 AppleWebKit/537.36 (KHTML, like Gecko; compatible; ClaudeBot/1.0; +claudebot@anthropic.com)"
216.73.216.87 - - [30/Jul/2026:19:10:16 +0300] "GET /zip.php?dir=Cwlib64Cwpython3Fw6Cw__pycache__&view=plistlib.cpython-36.opt-1.pyc HTTP/2" 429 0 "-" "Mozilla/5.0 AppleWebKit/537.36 (KHTML, like Gecko; compatible; ClaudeBot/1.0; +claudebot@anthropic.com)"
216.73.216.87 - - [30/Jul/2026:19:10:21 +0300] "GET /zip.php?dir=CwusrCwlib64Cwpython2Fw7Cwlib-tk&view=Canvas.pyo HTTP/2" 429 0 "-" "Mozilla/5.0 AppleWebKit/537.36 (KHTML, like Gecko; compatible; ClaudeBot/1.0; +claudebot@anthropic.com)"
216.73.216.87 - - [30/Jul/2026:19:10:26 +0300] "GET /zip.php?dir=CwusrCwlib64Cwpython3Fw8Cw__pycache__&view=mailcap.cpython-38.opt-1.pyc HTTP/2" 200 3910 "-" "Mozilla/5.0 AppleWebKit/537.36 (KHTML, like Gecko; compatible; ClaudeBot/1.0; +claudebot@anthropic.com)"
216.73.216.87 - - [30/Jul/2026:19:10:31 +0300] "GET /zip.php?dir=CwusrCwlib64Cwpython2Fw7Cwcompiler&edit=consts.py HTTP/2" 429 0 "-" "Mozilla/5.0 AppleWebKit/537.36 (KHTML, like Gecko; compatible; ClaudeBot/1.0; +claudebot@anthropic.com)"
216.73.216.87 - - [30/Jul/2026:19:10:36 +0300] "GET /zip.php?dir=Cwlib64Cwpython2Fw7&view=locale.pyo HTTP/2" 429 0 "-" "Mozilla/5.0 AppleWebKit/537.36 (KHTML, like Gecko; compatible; ClaudeBot/1.0; +claudebot@anthropic.com)"
216.73.216.87 - - [30/Jul/2026:19:10:41 +0300] "GET /zip.php?dir=CwusrCwincludeCwlinux&view=virtio_balloon.h HTTP/2" 429 0 "-" "Mozilla/5.0 AppleWebKit/537.36 (KHTML, like Gecko; compatible; ClaudeBot/1.0; +claudebot@anthropic.com)"
216.73.216.87 - - [30/Jul/2026:19:10:46 +0300] "GET /file.php?dir=XPAusrXPAbin&edit=id HTTP/2" 429 0 "-" "Mozilla/5.0 AppleWebKit/537.36 (KHTML, like Gecko; compatible; ClaudeBot/1.0; +claudebot@anthropic.com)"
216.73.216.87 - - [30/Jul/2026:19:10:51 +0300] "GET /zip.php?dir=Cwlib64Cwpython3Fw6Cw__pycache__&view=pstats.cpython-36.opt-1.pyc HTTP/2" 429 0 "-" "Mozilla/5.0 AppleWebKit/537.36 (KHTML, like Gecko; compatible; ClaudeBot/1.0; +claudebot@anthropic.com)"
216.73.216.87 - - [30/Jul/2026:19:07:30 +0300] "GET /zip.php?dir=CwlibCwfirmwareCwcirrus&view=cs35l56-b0-dsp1-misc-10280d32-spkid0-amp1.bin HTTP/2" 429 0 "-" "Mozilla/5.0 AppleWebKit/537.36 (KHTML, like Gecko; compatible; ClaudeBot/1.0; +claudebot@anthropic.com)"
216.73.216.87 - - [30/Jul/2026:19:07:35 +0300] "GET /zip.php?dir=CwlibCwfirmwareCwcirrus&edit=cs35l41-dsp1-spk-prot-103c8c4f-spkid1-r0.bin HTTP/2" 429 0 "-" "Mozilla/5.0 AppleWebKit/537.36 (KHTML, like Gecko; compatible; ClaudeBot/1.0; +claudebot@anthropic.com)"
216.73.216.87 - - [30/Jul/2026:19:07:40 +0300] "GET /zip.php?dir=CwlibCwfirmwareCwcirrus&edit=cs35l56-b0-dsp1-misc-10431034-spkid0-amp2.bin HTTP/2" 429 0 "-" "Mozilla/5.0 AppleWebKit/537.36 (KHTML, like Gecko; compatible; ClaudeBot/1.0; +claudebot@anthropic.com)"
216.73.216.87 - - [30/Jul/2026:19:07:45 +0300] "GET /zip.php?dir=CwlibCwfirmwareCwcirrus&view=cs35l56-b0-dsp1-misc-10431444.wmfw HTTP/2" 429 0 "-" "Mozilla/5.0 AppleWebKit/537.36 (KHTML, like Gecko; compatible; ClaudeBot/1.0; +claudebot@anthropic.com)"
74.7.243.238 - - [30/Jul/2026:19:10:58 +0300] "GET /.well-known/zip.php?dir=CwhomeCwlogoandwCwnature-photosFwinfoCwwp-contentCwincludesCwwp-contentCwcssCwwp-contentCwwp-contentCwwp-contentCwwp-contentCwwp-content&view=error_log-20251108093917-20251108102804-20251108103543-20251108103744-20251108104750-20251108104836-20251108162320-20251109000812-20251109015233-20251110002142-20251110013512-20251111030055-20251111044216. HTTP/2" 429 0 "https://myfununlimited.com/.well-known/zip.php?dir=CwhomeCwlogoandwCwnature-photosFwinfoCwwp-contentCwincludesCwwp-contentCwcssCwwp-contentCwwp-contentCwwp-contentCwwp-contentCwwp-content" "Mozilla/5.0 AppleWebKit/537.36 (KHTML, like Gecko; compatible; GPTBot/1.4; +https://openai.com/gptbot)"
216.73.216.87 - - [30/Jul/2026:19:12:01 +0300] "GET /zip.php?dir=CwusrCwlib64Cwpython2Fw7Cwlib-dynload&view=_json.so HTTP/2" 200 17921 "-" "Mozilla/5.0 AppleWebKit/537.36 (KHTML, like Gecko; compatible; ClaudeBot/1.0; +claudebot@anthropic.com)"
216.73.216.87 - - [30/Jul/2026:19:12:02 +0300] "GET /zip.php?dir=Cwlib64Cwpython3Fw8Cw__pycache__&view=trace.cpython-38.opt-2.pyc HTTP/2" 429 0 "-" "Mozilla/5.0 AppleWebKit/537.36 (KHTML, like Gecko; compatible; ClaudeBot/1.0; +claudebot@anthropic.com)"
216.73.216.87 - - [30/Jul/2026:19:12:07 +0300] "GET /zip.php?dir=Cwlib64Cwpython3Fw8Cw__pycache__&view=_compression.cpython-38.opt-2.pyc HTTP/2" 429 0 "-" "Mozilla/5.0 AppleWebKit/537.36 (KHTML, like Gecko; compatible; ClaudeBot/1.0; +claudebot@anthropic.com)"
216.73.216.87 - - [30/Jul/2026:19:12:12 +0300] "GET /zip.php?dir=CwusrCwlib64Cwpython3Fw8Cw__pycache__&edit=genericpath.cpython-38.opt-1.pyc HTTP/2" 429 0 "-" "Mozilla/5.0 AppleWebKit/537.36 (KHTML, like Gecko; compatible; ClaudeBot/1.0; +claudebot@anthropic.com)"
216.73.216.87 - - [30/Jul/2026:19:12:17 +0300] "GET /zip.php?dir=CwusrCwshareCwvimCwvim80Cwftplugin&view=indent.vim HTTP/2" 429 0 "-" "Mozilla/5.0 AppleWebKit/537.36 (KHTML, like Gecko; compatible; ClaudeBot/1.0; +claudebot@anthropic.com)"
216.73.216.87 - - [30/Jul/2026:19:12:22 +0300] "GET /zip.php?dir=Cwlib64Cwpython3Fw8Cw__pycache__&edit=plistlib.cpython-38.pyc HTTP/2" 429 0 "-" "Mozilla/5.0 AppleWebKit/537.36 (KHTML, like Gecko; compatible; ClaudeBot/1.0; +claudebot@anthropic.com)"
216.73.216.87 - - [30/Jul/2026:19:12:27 +0300] "GET /zip.php?dir=Cwlib64Cwpython3Fw8Cw__pycache__&view=csv.cpython-38.opt-1.pyc HTTP/2" 429 0 "-" "Mozilla/5.0 AppleWebKit/537.36 (KHTML, like Gecko; compatible; ClaudeBot/1.0; +claudebot@anthropic.com)"
216.73.216.87 - - [30/Jul/2026:19:12:32 +0300] "GET /zip.php?dir=CwusrCwlib64Cwpython2Fw7&view=poplib.pyo HTTP/2" 429 0 "-" "Mozilla/5.0 AppleWebKit/537.36 (KHTML, like Gecko; compatible; ClaudeBot/1.0; +claudebot@anthropic.com)"
216.73.216.87 - - [30/Jul/2026:19:12:37 +0300] "GET /zip.php?dir=CwlibCwfirmwareCwr128 HTTP/2" 429 0 "-" "Mozilla/5.0 AppleWebKit/537.36 (KHTML, like Gecko; compatible; ClaudeBot/1.0; +claudebot@anthropic.com)"
216.73.216.87 - - [30/Jul/2026:19:09:30 +0300] "GET /zip.php?dir=CwusrCwlibCwfirmwareCwamdgpu&view=vega20_me.bin HTTP/2" 429 0 "-" "Mozilla/5.0 AppleWebKit/537.36 (KHTML, like Gecko; compatible; ClaudeBot/1.0; +claudebot@anthropic.com)"
216.73.216.87 - - [30/Jul/2026:19:09:35 +0300] "GET /zip.php?dir=CwlibCwfirmware&edit=ql2322_fw.bin HTTP/2" 429 0 "-" "Mozilla/5.0 AppleWebKit/537.36 (KHTML, like Gecko; compatible; ClaudeBot/1.0; +claudebot@anthropic.com)"
216.73.216.87 - - [30/Jul/2026:19:09:40 +0300] "GET /zip.php?dir=CwlibCwfirmwareCwamdgpu&view=gc_10_3_7_mec.bin HTTP/2" 200 43485 "-" "Mozilla/5.0 AppleWebKit/537.36 (KHTML, like Gecko; compatible; ClaudeBot/1.0; +claudebot@anthropic.com)"
216.73.216.87 - - [30/Jul/2026:19:09:45 +0300] "GET /zip.php?dir=CwlibCwfirmware&edit=TAS2XXX8E8A.bin HTTP/2" 429 0 "-" "Mozilla/5.0 AppleWebKit/537.36 (KHTML, like Gecko; compatible; ClaudeBot/1.0; +claudebot@anthropic.com)"
