74.7.243.195 - - [29/Jul/2026:17:38:20 +0300] "GET /log/?path=//proc/self/root/proc/thread-self/root/proc/thread-self/root/proc/thread-self/root/proc/self/root/proc/thread-self/root/proc/self/root/proc/thread-self/root/proc/thread-self/root/proc/thread-self/root/proc/thread-self/root/proc/self/root/proc/self/root/proc/thread-self/root/proc/thread-self/root/proc/self/root/proc/self/root/proc/self/root/proc/thread-self/root/proc/thread-self/root/var/lib/mysql/mcmexpert HTTP/1.1" 429 0 "http://datesgeorgia.com.logoandwebdesigns.com/log/?path=//proc/self/root/proc/thread-self/root/proc/thread-self/root/proc/thread-self/root/proc/self/root/proc/thread-self/root/proc/self/root/proc/thread-self/root/proc/thread-self/root/proc/thread-self/root/proc/thread-self/root/proc/self/root/proc/self/root/proc/thread-self/root/proc/thread-self/root/proc/self/root/proc/self/root/proc/self/root/proc/thread-self/root/proc/thread-self/root/var/lib/mysql" "Mozilla/5.0 AppleWebKit/537.36 (KHTML, like Gecko; compatible; GPTBot/1.4; +https://openai.com/gptbot)"
74.7.243.195 - - [29/Jul/2026:17:39:25 +0300] "GET /log/?path=//proc/self/root/proc/thread-self/root/proc/thread-self/root/proc/thread-self/root/proc/self/root/proc/thread-self/root/proc/thread-self/root/proc/self/root/proc/self/root/proc/thread-self/root/proc/self/root/proc/self/root/proc/self/root/proc/self/root/proc/thread-self/root/proc/thread-self/root/proc/self/root/proc/thread-self/root/proc/self/root/proc/self/root/var/lib/mysql/exofurni_db HTTP/1.1" 429 0 "http://datesgeorgia.com.logoandwebdesigns.com/log/?path=//proc/self/root/proc/thread-self/root/proc/thread-self/root/proc/thread-self/root/proc/self/root/proc/thread-self/root/proc/thread-self/root/proc/self/root/proc/self/root/proc/thread-self/root/proc/self/root/proc/self/root/proc/self/root/proc/self/root/proc/thread-self/root/proc/thread-self/root/proc/self/root/proc/thread-self/root/proc/self/root/proc/self/root/var/lib/mysql" "Mozilla/5.0 AppleWebKit/537.36 (KHTML, like Gecko; compatible; GPTBot/1.4; +https://openai.com/gptbot)"
74.7.241.42 - - [29/Jul/2026:17:39:29 +0300] "GET /log/index.php?filesrc=//proc/thread-self/root/proc/self/root/proc/thread-self/root/proc/self/root/proc/self/root/proc/thread-self/root/usr/local/sitepad/editor/site-inc/js/mediaelement/mediaelement.min.js&path=//proc/thread-self/root/proc/self/root/proc/thread-self/root/proc/self/root/proc/self/root/proc/thread-self/root/usr/local/sitepad/editor/site-inc/js/mediaelement HTTP/1.1" 429 0 "http://datesgeorgia.com/log/index.php?path=//proc/thread-self/root/proc/self/root/proc/thread-self/root/proc/self/root/proc/self/root/proc/thread-self/root/usr/local/sitepad/editor/site-inc/js/mediaelement" "Mozilla/5.0 AppleWebKit/537.36 (KHTML, like Gecko; compatible; GPTBot/1.4; +https://openai.com/gptbot)"
216.73.216.89 - - [29/Jul/2026:17:42:49 +0300] "GET /log/?filesrc=%2F%2Fusr%2Flib64%2Flibauthselect.so.3.1.1&path=%2F%2Fusr%2Flib64 HTTP/1.1" 429 0 "-" "Mozilla/5.0 AppleWebKit/537.36 (KHTML, like Gecko; compatible; ClaudeBot/1.0; +claudebot@anthropic.com)"
216.73.216.89 - - [29/Jul/2026:17:42:54 +0300] "GET /log/?filesrc=%2F%2Fbin%2Frmdir&path=%2F%2Fbin HTTP/1.1" 429 0 "-" "Mozilla/5.0 AppleWebKit/537.36 (KHTML, like Gecko; compatible; ClaudeBot/1.0; +claudebot@anthropic.com)"
216.73.216.89 - - [29/Jul/2026:17:42:59 +0300] "GET /log/?filesrc=%2F%2Fbin%2Fperl&path=%2F%2Fbin HTTP/1.1" 429 0 "-" "Mozilla/5.0 AppleWebKit/537.36 (KHTML, like Gecko; compatible; ClaudeBot/1.0; +claudebot@anthropic.com)"
216.73.216.89 - - [29/Jul/2026:17:43:04 +0300] "GET /log/?filesrc=%2F%2Fproc%2Fkpagecgroup&path=%2F%2Fproc HTTP/1.1" 429 0 "-" "Mozilla/5.0 AppleWebKit/537.36 (KHTML, like Gecko; compatible; ClaudeBot/1.0; +claudebot@anthropic.com)"
216.73.216.89 - - [29/Jul/2026:17:43:09 +0300] "GET /log/?filesrc=%2F%2Fbin%2Fmv&path=%2F%2Fbin HTTP/1.1" 200 64685 "-" "Mozilla/5.0 AppleWebKit/537.36 (KHTML, like Gecko; compatible; ClaudeBot/1.0; +claudebot@anthropic.com)"
216.73.216.89 - - [29/Jul/2026:17:43:14 +0300] "GET /log/?filesrc=%2F%2Fusr%2Flib%2Ffirmware%2FTAS2XXX11541.bin&path=%2F%2Fusr%2Flib%2Ffirmware HTTP/1.1" 429 0 "-" "Mozilla/5.0 AppleWebKit/537.36 (KHTML, like Gecko; compatible; ClaudeBot/1.0; +claudebot@anthropic.com)"
216.73.216.89 - - [29/Jul/2026:17:43:19 +0300] "GET /log/?filesrc=%2F%2Fusr%2Flib%2Ftmpfiles.d%2Fportables.conf&path=%2F%2Fusr%2Flib%2Ftmpfiles.d HTTP/1.1" 429 0 "-" "Mozilla/5.0 AppleWebKit/537.36 (KHTML, like Gecko; compatible; ClaudeBot/1.0; +claudebot@anthropic.com)"
216.73.216.89 - - [29/Jul/2026:17:43:24 +0300] "GET /log/?filesrc=%2F%2Fusr%2Flib64%2Fpkgconfig%2Fxcb-record.pc&path=%2F%2Fusr%2Flib64%2Fpkgconfig HTTP/1.1" 429 0 "-" "Mozilla/5.0 AppleWebKit/537.36 (KHTML, like Gecko; compatible; ClaudeBot/1.0; +claudebot@anthropic.com)"
216.73.216.89 - - [29/Jul/2026:17:43:29 +0300] "GET /log/?filesrc=%2F%2Fusr%2Flib%2Ffirmware%2Famdgpu%2Fpolaris10_sdma1.bin&path=%2F%2Fusr%2Flib%2Ffirmware%2Famdgpu HTTP/1.1" 429 0 "-" "Mozilla/5.0 AppleWebKit/537.36 (KHTML, like Gecko; compatible; ClaudeBot/1.0; +claudebot@anthropic.com)"
216.73.216.89 - - [29/Jul/2026:17:43:34 +0300] "GET /log/?filesrc=%2F%2Fusr%2Flib%2Ffirmware%2Famdgpu%2Fpolaris12_me_2.bin&path=%2F%2Fusr%2Flib%2Ffirmware%2Famdgpu HTTP/1.1" 429 0 "-" "Mozilla/5.0 AppleWebKit/537.36 (KHTML, like Gecko; compatible; ClaudeBot/1.0; +claudebot@anthropic.com)"
216.73.216.89 - - [29/Jul/2026:17:43:39 +0300] "GET /log/?filesrc=%2F%2Fusr%2Flib%2Ffirmware%2Famdgpu%2Fpolaris12_smc.bin&path=%2F%2Fusr%2Flib%2Ffirmware%2Famdgpu HTTP/1.1" 429 0 "-" "Mozilla/5.0 AppleWebKit/537.36 (KHTML, like Gecko; compatible; ClaudeBot/1.0; +claudebot@anthropic.com)"
216.73.216.89 - - [29/Jul/2026:17:43:44 +0300] "GET /log/?filesrc=%2F%2Fusr%2Flib%2Ffirmware%2Famdgpu%2Fpolaris12_me.bin&path=%2F%2Fusr%2Flib%2Ffirmware%2Famdgpu HTTP/1.1" 429 0 "-" "Mozilla/5.0 AppleWebKit/537.36 (KHTML, like Gecko; compatible; ClaudeBot/1.0; +claudebot@anthropic.com)"
74.7.241.42 - - [29/Jul/2026:17:43:44 +0300] "GET /log/index.php?filesrc=//proc/thread-self/root/proc/self/root/proc/thread-self/root/proc/self/root/proc/self/root/proc/self/root/proc/thread-self/root/usr/lib/tmpfiles.d/rpcbind.conf&path=//proc/thread-self/root/proc/self/root/proc/thread-self/root/proc/self/root/proc/self/root/proc/self/root/proc/thread-self/root/usr/lib/tmpfiles.d HTTP/1.1" 429 0 "http://datesgeorgia.com/log/index.php?path=//proc/thread-self/root/proc/self/root/proc/thread-self/root/proc/self/root/proc/self/root/proc/self/root/proc/thread-self/root/usr/lib/tmpfiles.d" "Mozilla/5.0 AppleWebKit/537.36 (KHTML, like Gecko; compatible; GPTBot/1.4; +https://openai.com/gptbot)"
216.73.216.89 - - [29/Jul/2026:17:43:49 +0300] "GET /log/?filesrc=%2F%2Fusr%2Flib%2Ffirmware%2Famdgpu%2Fgc_12_0_1_imu_kicker.bin&path=%2F%2Fusr%2Flib%2Ffirmware%2Famdgpu HTTP/1.1" 429 0 "-" "Mozilla/5.0 AppleWebKit/537.36 (KHTML, like Gecko; compatible; ClaudeBot/1.0; +claudebot@anthropic.com)"
216.73.216.89 - - [29/Jul/2026:17:43:54 +0300] "GET /log/?filesrc=%2F%2Fusr%2Flib%2Ffirmware%2Ftsse_firmware.bin&path=%2F%2Fusr%2Flib%2Ffirmware HTTP/1.1" 200 125833 "-" "Mozilla/5.0 AppleWebKit/537.36 (KHTML, like Gecko; compatible; ClaudeBot/1.0; +claudebot@anthropic.com)"
216.73.216.89 - - [29/Jul/2026:17:43:59 +0300] "GET /log/?path=%2F%2Fusr%2Fshare%2Flocale%2Fbal%2FLC_MESSAGES HTTP/1.1" 429 0 "-" "Mozilla/5.0 AppleWebKit/537.36 (KHTML, like Gecko; compatible; ClaudeBot/1.0; +claudebot@anthropic.com)"
216.73.216.89 - - [29/Jul/2026:17:44:04 +0300] "GET /log/?filesrc=%2F%2Fbin%2Ftic&path=%2F%2Fbin HTTP/1.1" 429 0 "-" "Mozilla/5.0 AppleWebKit/537.36 (KHTML, like Gecko; compatible; ClaudeBot/1.0; +claudebot@anthropic.com)"
216.73.216.89 - - [29/Jul/2026:17:44:09 +0300] "GET /log/?filesrc=%2F%2Fusr%2Flib%2Ffirmware%2FTAS2XXX38D3.bin&path=%2F%2Fusr%2Flib%2Ffirmware HTTP/1.1" 429 0 "-" "Mozilla/5.0 AppleWebKit/537.36 (KHTML, like Gecko; compatible; ClaudeBot/1.0; +claudebot@anthropic.com)"
216.73.216.89 - - [29/Jul/2026:17:44:14 +0300] "GET /log/?filesrc=%2F%2Fbin%2Fgcc-ranlib&path=%2F%2Fbin HTTP/1.1" 429 0 "-" "Mozilla/5.0 AppleWebKit/537.36 (KHTML, like Gecko; compatible; ClaudeBot/1.0; +claudebot@anthropic.com)"
216.73.216.89 - - [29/Jul/2026:17:44:19 +0300] "GET /log/?filesrc=%2F%2Fusr%2Fshare%2Ftcl8.6%2Fencoding%2Fiso8859-7.enc&path=%2F%2Fusr%2Fshare%2Ftcl8.6%2Fencoding HTTP/1.1" 429 0 "-" "Mozilla/5.0 AppleWebKit/537.36 (KHTML, like Gecko; compatible; ClaudeBot/1.0; +claudebot@anthropic.com)"
216.73.216.89 - - [29/Jul/2026:17:44:24 +0300] "GET /log/?filesrc=%2F%2Fusr%2Flib%2Ffirmware%2Fiwlwifi-QuZ-a0-jf-b0-77.ucode&path=%2F%2Fusr%2Flib%2Ffirmware HTTP/1.1" 429 0 "-" "Mozilla/5.0 AppleWebKit/537.36 (KHTML, like Gecko; compatible; ClaudeBot/1.0; +claudebot@anthropic.com)"
216.73.216.89 - - [29/Jul/2026:17:44:24 +0300] "GET /log/?filesrc=%2F%2Fusr%2Flib64%2Flibisccfg.so.163&path=%2F%2Fusr%2Flib64 HTTP/1.1" 429 0 "-" "Mozilla/5.0 AppleWebKit/537.36 (KHTML, like Gecko; compatible; ClaudeBot/1.0; +claudebot@anthropic.com)"
216.73.216.89 - - [29/Jul/2026:17:44:25 +0300] "GET /log/?filesrc=%2F%2Fusr%2Flib64%2Flibfontenc.so.1&path=%2F%2Fusr%2Flib64 HTTP/1.1" 429 0 "-" "Mozilla/5.0 AppleWebKit/537.36 (KHTML, like Gecko; compatible; ClaudeBot/1.0; +claudebot@anthropic.com)"
216.73.216.89 - - [29/Jul/2026:17:44:25 +0300] "GET /log/?filesrc=%2F%2Fusr%2Flib%2Ffirmware%2Fiwlwifi-Qu-b0-jf-b0-74.ucode&path=%2F%2Fusr%2Flib%2Ffirmware HTTP/1.1" 429 0 "-" "Mozilla/5.0 AppleWebKit/537.36 (KHTML, like Gecko; compatible; ClaudeBot/1.0; +claudebot@anthropic.com)"
216.73.216.89 - - [29/Jul/2026:17:44:26 +0300] "GET /log/?filesrc=%2F%2Fusr%2Flib64%2Flibsigsegv.so.2&path=%2F%2Fusr%2Flib64 HTTP/1.1" 429 0 "-" "Mozilla/5.0 AppleWebKit/537.36 (KHTML, like Gecko; compatible; ClaudeBot/1.0; +claudebot@anthropic.com)"
216.73.216.89 - - [29/Jul/2026:17:44:26 +0300] "GET /log/?filesrc=%2Fhome%2Flogoandw%2Frabactech.com%2Fdovecot-uidvalidity.66ea824c.tar&path=%2Fhome%2Flogoandw%2Frabactech.com HTTP/1.1" 429 0 "-" "Mozilla/5.0 AppleWebKit/537.36 (KHTML, like Gecko; compatible; ClaudeBot/1.0; +claudebot@anthropic.com)"
216.73.216.89 - - [29/Jul/2026:17:44:27 +0300] "GET /log/?filesrc=%2F%2Flib64%2Fgconv%2FIBM5347.so&path=%2F%2Flib64%2Fgconv HTTP/1.1" 429 0 "-" "Mozilla/5.0 AppleWebKit/537.36 (KHTML, like Gecko; compatible; ClaudeBot/1.0; +claudebot@anthropic.com)"
216.73.216.89 - - [29/Jul/2026:17:44:27 +0300] "GET /log/?filesrc=%2F%2Fusr%2Flib64%2Flibirs.so.161.0.1&path=%2F%2Fusr%2Flib64 HTTP/1.1" 429 0 "-" "Mozilla/5.0 AppleWebKit/537.36 (KHTML, like Gecko; compatible; ClaudeBot/1.0; +claudebot@anthropic.com)"
74.7.241.42 - - [29/Jul/2026:17:38:33 +0300] "GET /log/index.php?filesrc=//proc/thread-self/root/proc/self/root/proc/thread-self/root/proc/self/root/proc/self/root/proc/self/root/proc/thread-self/root/usr/lib/firmware/amdgpu/stoney_pfp.bin&path=//proc/thread-self/root/proc/self/root/proc/thread-self/root/proc/self/root/proc/self/root/proc/self/root/proc/thread-self/root/usr/lib/firmware/amdgpu HTTP/1.1" 429 0 "http://datesgeorgia.com/log/index.php?path=//proc/thread-self/root/proc/self/root/proc/thread-self/root/proc/self/root/proc/self/root/proc/self/root/proc/thread-self/root/usr/lib/firmware/amdgpu" "Mozilla/5.0 AppleWebKit/537.36 (KHTML, like Gecko; compatible; GPTBot/1.4; +https://openai.com/gptbot)"
74.7.243.195 - - [29/Jul/2026:17:41:30 +0300] "GET /log/?path=//proc/self/root/proc/thread-self/root/proc/thread-self/root/proc/thread-self/root/proc/self/root/proc/self/root/proc/self/root/proc/thread-self/root/proc/self/root/proc/thread-self/root/proc/self/root/proc/self/root/proc/self/root/proc/self/root/proc/self/root/proc/self/root/proc/thread-self/root/var/lib/mysql/onair_extravergine HTTP/1.1" 429 0 "http://datesgeorgia.com.logoandwebdesigns.com/log/?path=//proc/self/root/proc/thread-self/root/proc/thread-self/root/proc/thread-self/root/proc/self/root/proc/self/root/proc/self/root/proc/thread-self/root/proc/self/root/proc/thread-self/root/proc/self/root/proc/self/root/proc/self/root/proc/self/root/proc/self/root/proc/self/root/proc/thread-self/root/var/lib/mysql" "Mozilla/5.0 AppleWebKit/537.36 (KHTML, like Gecko; compatible; GPTBot/1.4; +https://openai.com/gptbot)"
74.7.243.195 - - [29/Jul/2026:17:42:34 +0300] "GET /log/?path=//proc/self/root/proc/thread-self/root/proc/thread-self/root/proc/thread-self/root/proc/self/root/proc/thread-self/root/proc/self/root/proc/thread-self/root/proc/thread-self/root/proc/thread-self/root/proc/thread-self/root/proc/self/root/proc/self/root/proc/thread-self/root/proc/thread-self/root/proc/self/root/proc/self/root/proc/self/root/proc/self/root/proc/thread-self/root/usr/local/lsws/add-ons/snmp_monitoring HTTP/1.1" 429 0 "http://datesgeorgia.com.logoandwebdesigns.com/log/?path=//proc/self/root/proc/thread-self/root/proc/thread-self/root/proc/thread-self/root/proc/self/root/proc/thread-self/root/proc/self/root/proc/thread-self/root/proc/thread-self/root/proc/thread-self/root/proc/thread-self/root/proc/self/root/proc/self/root/proc/thread-self/root/proc/thread-self/root/proc/self/root/proc/self/root/proc/self/root/proc/self/root/proc/thread-self/root/usr/local/lsws/add-ons" "Mozilla/5.0 AppleWebKit/537.36 (KHTML, like Gecko; compatible; GPTBot/1.4; +https://openai.com/gptbot)"
216.73.216.89 - - [29/Jul/2026:17:44:39 +0300] "GET /log/?filesrc=%2F%2Fusr%2Flib64%2Flibacl.so.1&path=%2F%2Fusr%2Flib64 HTTP/1.1" 200 16638 "-" "Mozilla/5.0 AppleWebKit/537.36 (KHTML, like Gecko; compatible; ClaudeBot/1.0; +claudebot@anthropic.com)"
216.73.216.89 - - [29/Jul/2026:17:44:39 +0300] "GET /log/?filesrc=%2F%2Fbin%2Frenew-dummy-cert&path=%2F%2Fbin HTTP/1.1" 429 0 "-" "Mozilla/5.0 AppleWebKit/537.36 (KHTML, like Gecko; compatible; ClaudeBot/1.0; +claudebot@anthropic.com)"
216.73.216.89 - - [29/Jul/2026:17:44:39 +0300] "GET /log/?filesrc=%2F%2Fusr%2Flib64%2Flibpanelw.so&path=%2F%2Fusr%2Flib64 HTTP/1.1" 429 0 "-" "Mozilla/5.0 AppleWebKit/537.36 (KHTML, like Gecko; compatible; ClaudeBot/1.0; +claudebot@anthropic.com)"
216.73.216.89 - - [29/Jul/2026:17:44:40 +0300] "GET /log/?filesrc=%2F%2Fusr%2Flib64%2Flibreadline.so.7&path=%2F%2Fusr%2Flib64 HTTP/1.1" 429 0 "-" "Mozilla/5.0 AppleWebKit/537.36 (KHTML, like Gecko; compatible; ClaudeBot/1.0; +claudebot@anthropic.com)"
216.73.216.89 - - [29/Jul/2026:17:44:40 +0300] "GET /log/?filesrc=%2F%2Fusr%2Flib64%2Flibuser%2Flibuser_files.so&path=%2F%2Fusr%2Flib64%2Flibuser HTTP/1.1" 429 0 "-" "Mozilla/5.0 AppleWebKit/537.36 (KHTML, like Gecko; compatible; ClaudeBot/1.0; +claudebot@anthropic.com)"
216.73.216.89 - - [29/Jul/2026:17:44:41 +0300] "GET /log/?filesrc=%2F%2Fusr%2Flib64%2Flibsubid_sss.so&path=%2F%2Fusr%2Flib64 HTTP/1.1" 429 0 "-" "Mozilla/5.0 AppleWebKit/537.36 (KHTML, like Gecko; compatible; ClaudeBot/1.0; +claudebot@anthropic.com)"
216.73.216.89 - - [29/Jul/2026:17:44:41 +0300] "GET /log/?filesrc=%2F%2Fusr%2Flib64%2FlibXdamage.so.1&path=%2F%2Fusr%2Flib64 HTTP/1.1" 429 0 "-" "Mozilla/5.0 AppleWebKit/537.36 (KHTML, like Gecko; compatible; ClaudeBot/1.0; +claudebot@anthropic.com)"
216.73.216.89 - - [29/Jul/2026:17:44:42 +0300] "GET /log/?filesrc=%2F%2Flib64%2Fgettext%2Fproject-id&path=%2F%2Flib64%2Fgettext HTTP/1.1" 429 0 "-" "Mozilla/5.0 AppleWebKit/537.36 (KHTML, like Gecko; compatible; ClaudeBot/1.0; +claudebot@anthropic.com)"
216.73.216.89 - - [29/Jul/2026:17:44:42 +0300] "GET /log/?filesrc=%2F%2Fusr%2Flib64%2FlibSvtAv1Enc.so.0&path=%2F%2Fusr%2Flib64 HTTP/1.1" 429 0 "-" "Mozilla/5.0 AppleWebKit/537.36 (KHTML, like Gecko; compatible; ClaudeBot/1.0; +claudebot@anthropic.com)"
74.7.243.195 - - [29/Jul/2026:17:44:43 +0300] "GET /log/?path=//proc/self/root/proc/thread-self/root/proc/thread-self/root/proc/thread-self/root/proc/self/root/proc/self/root/proc/thread-self/root/proc/self/root/proc/thread-self/root/proc/self/root/proc/self/root/proc/self/root/proc/self/root/proc/thread-self/root/proc/thread-self/root/proc/thread-self/root/var/lib/proxyexec/cagefs.sock HTTP/1.1" 429 0 "http://datesgeorgia.com.logoandwebdesigns.com/log/?path=//proc/self/root/proc/thread-self/root/proc/thread-self/root/proc/thread-self/root/proc/self/root/proc/self/root/proc/thread-self/root/proc/self/root/proc/thread-self/root/proc/self/root/proc/self/root/proc/self/root/proc/self/root/proc/thread-self/root/proc/thread-self/root/proc/thread-self/root/var/lib/proxyexec" "Mozilla/5.0 AppleWebKit/537.36 (KHTML, like Gecko; compatible; GPTBot/1.4; +https://openai.com/gptbot)"
216.73.216.89 - - [29/Jul/2026:17:44:43 +0300] "GET /log/?filesrc=%2F%2Fusr%2Flib64%2Fpkgconfig%2Flibpcre32.pc&path=%2F%2Fusr%2Flib64%2Fpkgconfig HTTP/1.1" 429 0 "-" "Mozilla/5.0 AppleWebKit/537.36 (KHTML, like Gecko; compatible; ClaudeBot/1.0; +claudebot@anthropic.com)"
216.73.216.89 - - [29/Jul/2026:17:44:44 +0300] "GET /log/?path=%2F%2Fusr%2Flib%2Ffirmware%2Fkeyspan_pda HTTP/1.1" 429 0 "-" "Mozilla/5.0 AppleWebKit/537.36 (KHTML, like Gecko; compatible; ClaudeBot/1.0; +claudebot@anthropic.com)"
216.73.216.89 - - [29/Jul/2026:17:44:45 +0300] "GET /log/?filesrc=%2F%2Fusr%2Flib%2Ffirmware%2Famdgpu%2Fvangogh_ce.bin&path=%2F%2Fusr%2Flib%2Ffirmware%2Famdgpu HTTP/1.1" 429 0 "-" "Mozilla/5.0 AppleWebKit/537.36 (KHTML, like Gecko; compatible; ClaudeBot/1.0; +claudebot@anthropic.com)"
216.73.216.89 - - [29/Jul/2026:17:44:45 +0300] "GET /log/?filesrc=%2F%2Fusr%2Flib%2Ffirmware%2Famdgpu%2Fpitcairn_mc.bin&path=%2F%2Fusr%2Flib%2Ffirmware%2Famdgpu HTTP/1.1" 429 0 "-" "Mozilla/5.0 AppleWebKit/537.36 (KHTML, like Gecko; compatible; ClaudeBot/1.0; +claudebot@anthropic.com)"
216.73.216.89 - - [29/Jul/2026:17:44:46 +0300] "GET /log/?path=%2F%2Fusr%2Flib%2Ffirmware%2Fslicoss HTTP/1.1" 429 0 "-" "Mozilla/5.0 AppleWebKit/537.36 (KHTML, like Gecko; compatible; ClaudeBot/1.0; +claudebot@anthropic.com)"
216.73.216.89 - - [29/Jul/2026:17:44:46 +0300] "GET /log/?path=%2F%2Fusr%2Flib%2Ffirmware%2Fnvidia%2Fad104 HTTP/1.1" 429 0 "-" "Mozilla/5.0 AppleWebKit/537.36 (KHTML, like Gecko; compatible; ClaudeBot/1.0; +claudebot@anthropic.com)"
216.73.216.89 - - [29/Jul/2026:17:44:47 +0300] "GET /log/?path=%2F%2Fusr%2Flib%2Ffirmware%2Fdell HTTP/1.1" 429 0 "-" "Mozilla/5.0 AppleWebKit/537.36 (KHTML, like Gecko; compatible; ClaudeBot/1.0; +claudebot@anthropic.com)"
216.73.216.89 - - [29/Jul/2026:17:44:47 +0300] "GET /log/?filesrc=%2F%2Fusr%2Flib%2Ffirmware%2Famdgpu%2Ftonga_ce.bin&path=%2F%2Fusr%2Flib%2Ffirmware%2Famdgpu HTTP/1.1" 429 0 "-" "Mozilla/5.0 AppleWebKit/537.36 (KHTML, like Gecko; compatible; ClaudeBot/1.0; +claudebot@anthropic.com)"
74.7.243.195 - - [29/Jul/2026:17:43:37 +0300] "GET /log/?path=//proc/self/root/proc/thread-self/root/proc/thread-self/root/proc/thread-self/root/proc/self/root/proc/self/root/proc/self/root/proc/thread-self/root/proc/self/root/proc/thread-self/root/proc/self/root/proc/self/root/proc/self/root/proc/self/root/proc/self/root/proc/self/root/proc/thread-self/root/proc/thread-self/root/var/lib/mysql/narmedic_new HTTP/1.1" 429 0 "http://datesgeorgia.com.logoandwebdesigns.com/log/?path=//proc/self/root/proc/thread-self/root/proc/thread-self/root/proc/thread-self/root/proc/self/root/proc/self/root/proc/self/root/proc/thread-self/root/proc/self/root/proc/thread-self/root/proc/self/root/proc/self/root/proc/self/root/proc/self/root/proc/self/root/proc/self/root/proc/thread-self/root/proc/thread-self/root/var/lib/mysql" "Mozilla/5.0 AppleWebKit/537.36 (KHTML, like Gecko; compatible; GPTBot/1.4; +https://openai.com/gptbot)"
74.7.241.42 - - [29/Jul/2026:17:44:43 +0300] "GET /log/index.php?filesrc=//proc/thread-self/root/proc/self/root/proc/thread-self/root/proc/self/root/proc/self/root/proc/thread-self/root/proc/thread-self/root/proc/self/root/proc/sys/vm/zone_reclaim_mode&path=//proc/thread-self/root/proc/self/root/proc/thread-self/root/proc/self/root/proc/self/root/proc/thread-self/root/proc/thread-self/root/proc/self/root/proc/sys/vm HTTP/1.1" 429 0 "http://datesgeorgia.com/log/index.php?path=//proc/thread-self/root/proc/self/root/proc/thread-self/root/proc/self/root/proc/self/root/proc/thread-self/root/proc/thread-self/root/proc/self/root/proc/sys/vm" "Mozilla/5.0 AppleWebKit/537.36 (KHTML, like Gecko; compatible; GPTBot/1.4; +https://openai.com/gptbot)"
216.73.216.89 - - [29/Jul/2026:17:45:24 +0300] "GET /log/?path=%2F%2Fusr%2Flib%2Ffirmware%2Fnvidia%2Ftu102 HTTP/1.1" 200 1501 "-" "Mozilla/5.0 AppleWebKit/537.36 (KHTML, like Gecko; compatible; ClaudeBot/1.0; +claudebot@anthropic.com)"
216.73.216.89 - - [29/Jul/2026:17:45:24 +0300] "GET /log/?path=%2F%2Fusr%2Fshare%2Flocale%2Fch HTTP/1.1" 429 0 "-" "Mozilla/5.0 AppleWebKit/537.36 (KHTML, like Gecko; compatible; ClaudeBot/1.0; +claudebot@anthropic.com)"
216.73.216.89 - - [29/Jul/2026:17:45:24 +0300] "GET /log/?filesrc=%2F%2Fusr%2Fbin%2Fpathchk&path=%2F%2Fusr%2Fbin HTTP/1.1" 429 0 "-" "Mozilla/5.0 AppleWebKit/537.36 (KHTML, like Gecko; compatible; ClaudeBot/1.0; +claudebot@anthropic.com)"
216.73.216.89 - - [29/Jul/2026:17:45:25 +0300] "GET /log/?path=%2F%2Fusr%2Flib%2Ffirmware%2Fnvidia%2Fgp106 HTTP/1.1" 429 0 "-" "Mozilla/5.0 AppleWebKit/537.36 (KHTML, like Gecko; compatible; ClaudeBot/1.0; +claudebot@anthropic.com)"
216.73.216.89 - - [29/Jul/2026:17:45:25 +0300] "GET /log/?filesrc=%2F%2Fusr%2Flib%2Ffirmware%2Famdgpu%2Fvangogh_mec2.bin&path=%2F%2Fusr%2Flib%2Ffirmware%2Famdgpu HTTP/1.1" 429 0 "-" "Mozilla/5.0 AppleWebKit/537.36 (KHTML, like Gecko; compatible; ClaudeBot/1.0; +claudebot@anthropic.com)"
216.73.216.89 - - [29/Jul/2026:17:45:26 +0300] "GET /log/?path=%2F%2Fusr%2Flib%2Ffirmware%2Fnvidia%2Fgp107 HTTP/1.1" 429 0 "-" "Mozilla/5.0 AppleWebKit/537.36 (KHTML, like Gecko; compatible; ClaudeBot/1.0; +claudebot@anthropic.com)"
216.73.216.89 - - [29/Jul/2026:17:45:26 +0300] "GET /log/?filesrc=%2F%2Fusr%2Flib%2Ffirmware%2Famdgpu%2Ftonga_mec2.bin&path=%2F%2Fusr%2Flib%2Ffirmware%2Famdgpu HTTP/1.1" 429 0 "-" "Mozilla/5.0 AppleWebKit/537.36 (KHTML, like Gecko; compatible; ClaudeBot/1.0; +claudebot@anthropic.com)"
216.73.216.89 - - [29/Jul/2026:17:44:48 +0300] "GET /log/?path=%2F%2Fusr%2Fshare%2Flocale%2Flu HTTP/1.1" 429 0 "-" "Mozilla/5.0 AppleWebKit/537.36 (KHTML, like Gecko; compatible; ClaudeBot/1.0; +claudebot@anthropic.com)"
216.73.216.89 - - [29/Jul/2026:17:44:57 +0300] "GET /log/?filesrc=%2F%2Flib64%2Flibnfsidmap.so.1&path=%2F%2Flib64 HTTP/1.1" 429 0 "-" "Mozilla/5.0 AppleWebKit/537.36 (KHTML, like Gecko; compatible; ClaudeBot/1.0; +claudebot@anthropic.com)"
216.73.216.89 - - [29/Jul/2026:17:44:57 +0300] "GET /log/?filesrc=%2F%2Flib64%2FlibGLX.so.0.0.0&path=%2F%2Flib64 HTTP/1.1" 429 0 "-" "Mozilla/5.0 AppleWebKit/537.36 (KHTML, like Gecko; compatible; ClaudeBot/1.0; +claudebot@anthropic.com)"
216.73.216.89 - - [29/Jul/2026:17:44:58 +0300] "GET /log/?filesrc=%2Fhome%2Flogoandw%2Frabactech.com%2F.Archive.tar&path=%2Fhome%2Flogoandw%2Frabactech.com HTTP/1.1" 429 0 "-" "Mozilla/5.0 AppleWebKit/537.36 (KHTML, like Gecko; compatible; ClaudeBot/1.0; +claudebot@anthropic.com)"
216.73.216.89 - - [29/Jul/2026:17:44:58 +0300] "GET /log/?filesrc=%2F%2Flib64%2Flibxcb-dpms.so&path=%2F%2Flib64 HTTP/1.1" 429 0 "-" "Mozilla/5.0 AppleWebKit/537.36 (KHTML, like Gecko; compatible; ClaudeBot/1.0; +claudebot@anthropic.com)"
216.73.216.89 - - [29/Jul/2026:17:45:04 +0300] "GET /log/?filesrc=%2F%2Fusr%2Flib64%2Fpython2.7%2Fwebbrowser.pyo&path=%2F%2Fusr%2Flib64%2Fpython2.7 HTTP/1.1" 429 0 "-" "Mozilla/5.0 AppleWebKit/537.36 (KHTML, like Gecko; compatible; ClaudeBot/1.0; +claudebot@anthropic.com)"
216.73.216.89 - - [29/Jul/2026:17:45:04 +0300] "GET /log/?filesrc=%2F%2Fusr%2Flib64%2Fpython3.8%2Flib-dynload%2F_csv.cpython-38-x86_64-linux-gnu.so&path=%2F%2Fusr%2Flib64%2Fpython3.8%2Flib-dynload HTTP/1.1" 429 0 "-" "Mozilla/5.0 AppleWebKit/537.36 (KHTML, like Gecko; compatible; ClaudeBot/1.0; +claudebot@anthropic.com)"
216.73.216.89 - - [29/Jul/2026:17:45:04 +0300] "GET /log/?filesrc=%2F%2Flib64%2Fpython2.7%2Fcurses%2F__init__.pyc&path=%2F%2Flib64%2Fpython2.7%2Fcurses HTTP/1.1" 429 0 "-" "Mozilla/5.0 AppleWebKit/537.36 (KHTML, like Gecko; compatible; ClaudeBot/1.0; +claudebot@anthropic.com)"
216.73.216.89 - - [29/Jul/2026:17:45:43 +0300] "GET /log/?filesrc=%2F%2Fusr%2Flib%2Ffirmware%2Famdgpu%2Fgc_12_0_0_toc.bin&path=%2F%2Fusr%2Flib%2Ffirmware%2Famdgpu HTTP/1.1" 429 0 "-" "Mozilla/5.0 AppleWebKit/537.36 (KHTML, like Gecko; compatible; ClaudeBot/1.0; +claudebot@anthropic.com)"
216.73.216.89 - - [29/Jul/2026:17:45:43 +0300] "GET /log/?filesrc=%2F%2Fusr%2Flib%2Ffirmware%2Famdgpu%2Ftopaz_smc.bin&path=%2F%2Fusr%2Flib%2Ffirmware%2Famdgpu HTTP/1.1" 429 0 "-" "Mozilla/5.0 AppleWebKit/537.36 (KHTML, like Gecko; compatible; ClaudeBot/1.0; +claudebot@anthropic.com)"
216.73.216.89 - - [29/Jul/2026:17:45:43 +0300] "GET /log/?path=%2F%2Fusr%2Flib%2Ffirmware%2Fnvidia%2Fgm206 HTTP/1.1" 429 0 "-" "Mozilla/5.0 AppleWebKit/537.36 (KHTML, like Gecko; compatible; ClaudeBot/1.0; +claudebot@anthropic.com)"
216.73.216.89 - - [29/Jul/2026:17:45:44 +0300] "GET /log/?filesrc=%2F%2Fusr%2Flib%2Ffirmware%2Famdgpu%2Faldebaran_rlc.bin&path=%2F%2Fusr%2Flib%2Ffirmware%2Famdgpu HTTP/1.1" 429 0 "-" "Mozilla/5.0 AppleWebKit/537.36 (KHTML, like Gecko; compatible; ClaudeBot/1.0; +claudebot@anthropic.com)"
216.73.216.89 - - [29/Jul/2026:17:45:44 +0300] "GET /log/?filesrc=%2F%2Fusr%2Flib%2Ffirmware%2Famdgpu%2Fkabini_sdma.bin&path=%2F%2Fusr%2Flib%2Ffirmware%2Famdgpu HTTP/1.1" 429 0 "-" "Mozilla/5.0 AppleWebKit/537.36 (KHTML, like Gecko; compatible; ClaudeBot/1.0; +claudebot@anthropic.com)"
216.73.216.89 - - [29/Jul/2026:17:45:45 +0300] "GET /log/?filesrc=%2F%2Fusr%2Flib%2Ffirmware%2Famdgpu%2Fpicasso_ta.bin&path=%2F%2Fusr%2Flib%2Ffirmware%2Famdgpu HTTP/1.1" 429 0 "-" "Mozilla/5.0 AppleWebKit/537.36 (KHTML, like Gecko; compatible; ClaudeBot/1.0; +claudebot@anthropic.com)"
216.73.216.89 - - [29/Jul/2026:17:45:45 +0300] "GET /log/?filesrc=%2F%2Fusr%2Flib%2Ffirmware%2Famdgpu%2Fmullins_uvd.bin&path=%2F%2Fusr%2Flib%2Ffirmware%2Famdgpu HTTP/1.1" 429 0 "-" "Mozilla/5.0 AppleWebKit/537.36 (KHTML, like Gecko; compatible; ClaudeBot/1.0; +claudebot@anthropic.com)"
216.73.216.89 - - [29/Jul/2026:17:44:28 +0300] "GET /log/?filesrc=%2F%2Flib64%2Fgettext%2Fuser-email&path=%2F%2Flib64%2Fgettext HTTP/1.1" 429 0 "-" "Mozilla/5.0 AppleWebKit/537.36 (KHTML, like Gecko; compatible; ClaudeBot/1.0; +claudebot@anthropic.com)"
216.73.216.89 - - [29/Jul/2026:17:44:28 +0300] "GET /log/?filesrc=%2F%2Fusr%2Flib64%2Flibsss_nss_idmap.so.0.6.0&path=%2F%2Fusr%2Flib64 HTTP/1.1" 429 0 "-" "Mozilla/5.0 AppleWebKit/537.36 (KHTML, like Gecko; compatible; ClaudeBot/1.0; +claudebot@anthropic.com)"
216.73.216.89 - - [29/Jul/2026:17:44:29 +0300] "GET /log/?filesrc=%2F%2Fusr%2Flib64%2Flibicuuc.so.60&path=%2F%2Fusr%2Flib64 HTTP/1.1" 429 0 "-" "Mozilla/5.0 AppleWebKit/537.36 (KHTML, like Gecko; compatible; ClaudeBot/1.0; +claudebot@anthropic.com)"
216.73.216.89 - - [29/Jul/2026:17:44:35 +0300] "GET /log/?filesrc=%2F%2Fusr%2Flib%2Ffirmware%2Fiwlwifi-Qu-c0-hr-b0-74.ucode&path=%2F%2Fusr%2Flib%2Ffirmware HTTP/1.1" 429 0 "-" "Mozilla/5.0 AppleWebKit/537.36 (KHTML, like Gecko; compatible; ClaudeBot/1.0; +claudebot@anthropic.com)"
216.73.216.89 - - [29/Jul/2026:17:44:35 +0300] "GET /log/?filesrc=%2F%2Fproc%2Firq%2F56%2Fsmp_affinity_list&path=%2F%2Fproc%2Firq%2F56 HTTP/1.1" 429 0 "-" "Mozilla/5.0 AppleWebKit/537.36 (KHTML, like Gecko; compatible; ClaudeBot/1.0; +claudebot@anthropic.com)"
216.73.216.89 - - [29/Jul/2026:17:44:36 +0300] "GET /log/?filesrc=%2F%2Fusr%2Flib64%2Flibnfsidmap%2Fsss.so&path=%2F%2Fusr%2Flib64%2Flibnfsidmap HTTP/1.1" 429 0 "-" "Mozilla/5.0 AppleWebKit/537.36 (KHTML, like Gecko; compatible; ClaudeBot/1.0; +claudebot@anthropic.com)"
216.73.216.89 - - [29/Jul/2026:17:44:36 +0300] "GET /log/?filesrc=%2F%2Flib64%2Fxtables%2Flibxt_conntrack.so&path=%2F%2Flib64%2Fxtables HTTP/1.1" 429 0 "-" "Mozilla/5.0 AppleWebKit/537.36 (KHTML, like Gecko; compatible; ClaudeBot/1.0; +claudebot@anthropic.com)"
216.73.216.89 - - [29/Jul/2026:17:44:38 +0300] "GET /log/?filesrc=%2Fhome%2Flogoandw%2Frabactech.com%2Fstyle.php&path=%2Fhome%2Flogoandw%2Frabactech.com HTTP/1.1" 429 0 "-" "Mozilla/5.0 AppleWebKit/537.36 (KHTML, like Gecko; compatible; ClaudeBot/1.0; +claudebot@anthropic.com)"
74.7.241.42 - - [29/Jul/2026:17:45:45 +0300] "GET /log/index.php?filesrc=//proc/thread-self/root/proc/self/root/proc/thread-self/root/proc/self/root/proc/self/root/proc/self/root/proc/thread-self/root/usr/lib/rpm/macros.d/macros.kernel-srpm&path=//proc/thread-self/root/proc/self/root/proc/thread-self/root/proc/self/root/proc/self/root/proc/self/root/proc/thread-self/root/usr/lib/rpm/macros.d HTTP/1.1" 429 0 "http://datesgeorgia.com/log/index.php?path=//proc/thread-self/root/proc/self/root/proc/thread-self/root/proc/self/root/proc/self/root/proc/self/root/proc/thread-self/root/usr/lib/rpm/macros.d" "Mozilla/5.0 AppleWebKit/537.36 (KHTML, like Gecko; compatible; GPTBot/1.4; +https://openai.com/gptbot)"
216.73.216.89 - - [29/Jul/2026:17:46:34 +0300] "GET /log/?filesrc=%2F%2Fusr%2Fshare%2Flocale%2Ftr%2FLC_MESSAGES%2Fchkconfig.mo&path=%2F%2Fusr%2Fshare%2Flocale%2Ftr%2FLC_MESSAGES HTTP/1.1" 200 5655 "-" "Mozilla/5.0 AppleWebKit/537.36 (KHTML, like Gecko; compatible; ClaudeBot/1.0; +claudebot@anthropic.com)"
216.73.216.89 - - [29/Jul/2026:17:46:35 +0300] "GET /log/?filesrc=%2F%2Fusr%2Flib%2Fkbd%2Fconsoletrans%2Fcp437_to_uni.trans&path=%2F%2Fusr%2Flib%2Fkbd%2Fconsoletrans HTTP/1.1" 429 0 "-" "Mozilla/5.0 AppleWebKit/537.36 (KHTML, like Gecko; compatible; ClaudeBot/1.0; +claudebot@anthropic.com)"
74.7.243.195 - - [29/Jul/2026:17:45:45 +0300] "GET /log/?path=//proc/self/root/proc/thread-self/root/proc/thread-self/root/proc/thread-self/root/proc/self/root/proc/self/root/proc/thread-self/root/proc/self/root/proc/self/root/proc/self/root/proc/self/root/proc/thread-self/root/proc/thread-self/root/proc/thread-self/root/proc/thread-self/root/proc/self/root/proc/thread-self/root/proc/thread-self/root/proc/self/root/var/lib/mysql/expertlo_db HTTP/1.1" 429 0 "http://datesgeorgia.com.logoandwebdesigns.com/log/?path=//proc/self/root/proc/thread-self/root/proc/thread-self/root/proc/thread-self/root/proc/self/root/proc/self/root/proc/thread-self/root/proc/self/root/proc/self/root/proc/self/root/proc/self/root/proc/thread-self/root/proc/thread-self/root/proc/thread-self/root/proc/thread-self/root/proc/self/root/proc/thread-self/root/proc/thread-self/root/proc/self/root/var/lib/mysql" "Mozilla/5.0 AppleWebKit/537.36 (KHTML, like Gecko; compatible; GPTBot/1.4; +https://openai.com/gptbot)"
216.73.216.89 - - [29/Jul/2026:17:46:21 +0300] "GET /log/?path=%2F%2Fusr%2Fshare%2Flocale%2Fno.us-ascii HTTP/1.1" 200 1413 "-" "Mozilla/5.0 AppleWebKit/537.36 (KHTML, like Gecko; compatible; ClaudeBot/1.0; +claudebot@anthropic.com)"
74.7.241.42 - - [29/Jul/2026:17:46:49 +0300] "GET /log/index.php?filesrc=//proc/thread-self/root/proc/self/root/proc/thread-self/root/proc/self/root/proc/self/root/proc/self/root/proc/thread-self/root/usr/local/sitepad/editor/site-inc/js/mediaelement/mediaelement-and-player.js&path=//proc/thread-self/root/proc/self/root/proc/thread-self/root/proc/self/root/proc/self/root/proc/self/root/proc/thread-self/root/usr/local/sitepad/editor/site-inc/js/mediaelement HTTP/1.1" 429 0 "http://datesgeorgia.com/log/index.php?path=//proc/thread-self/root/proc/self/root/proc/thread-self/root/proc/self/root/proc/self/root/proc/self/root/proc/thread-self/root/usr/local/sitepad/editor/site-inc/js/mediaelement" "Mozilla/5.0 AppleWebKit/537.36 (KHTML, like Gecko; compatible; GPTBot/1.4; +https://openai.com/gptbot)"
74.7.243.195 - - [29/Jul/2026:17:47:47 +0300] "GET /log/?path=//proc/self/root/proc/thread-self/root/proc/thread-self/root/proc/thread-self/root/proc/self/root/proc/thread-self/root/proc/self/root/proc/self/root/proc/self/root/proc/self/root/proc/self/root/proc/thread-self/root/proc/self/root/proc/self/root/proc/self/root/proc/thread-self/root/proc/self/root/proc/thread-self/root/proc/self/root/usr/local/sitepad/editor/site-data/plugins/speedycache/main HTTP/1.1" 429 0 "http://datesgeorgia.com.logoandwebdesigns.com/log/?path=//proc/self/root/proc/thread-self/root/proc/thread-self/root/proc/thread-self/root/proc/self/root/proc/thread-self/root/proc/self/root/proc/self/root/proc/self/root/proc/self/root/proc/self/root/proc/thread-self/root/proc/self/root/proc/self/root/proc/self/root/proc/thread-self/root/proc/self/root/proc/thread-self/root/proc/self/root/usr/local/sitepad/editor/site-data/plugins/speedycache" "Mozilla/5.0 AppleWebKit/537.36 (KHTML, like Gecko; compatible; GPTBot/1.4; +https://openai.com/gptbot)"
74.7.243.195 - - [29/Jul/2026:17:48:48 +0300] "GET /log/?path=//proc/self/root/proc/thread-self/root/proc/thread-self/root/proc/thread-self/root/proc/self/root/proc/self/root/proc/thread-self/root/proc/self/root/proc/self/root/proc/self/root/proc/self/root/proc/thread-self/root/proc/thread-self/root/proc/thread-self/root/proc/thread-self/root/proc/self/root/var/lib/mysql/florcent_magazin HTTP/1.1" 429 0 "http://datesgeorgia.com.logoandwebdesigns.com/log/?path=//proc/self/root/proc/thread-self/root/proc/thread-self/root/proc/thread-self/root/proc/self/root/proc/self/root/proc/thread-self/root/proc/self/root/proc/self/root/proc/self/root/proc/self/root/proc/thread-self/root/proc/thread-self/root/proc/thread-self/root/proc/thread-self/root/proc/self/root/var/lib/mysql" "Mozilla/5.0 AppleWebKit/537.36 (KHTML, like Gecko; compatible; GPTBot/1.4; +https://openai.com/gptbot)"
74.7.243.195 - - [29/Jul/2026:17:46:47 +0300] "GET /log/?path=//proc/self/root/proc/thread-self/root/proc/thread-self/root/proc/thread-self/root/proc/self/root/proc/thread-self/root/proc/thread-self/root/proc/thread-self/root/proc/thread-self/root/proc/self/root/proc/self/root/proc/thread-self/root/proc/thread-self/root/proc/self/root/proc/thread-self/root/usr/lib/rpm/macros.d HTTP/1.1" 429 0 "http://datesgeorgia.com.logoandwebdesigns.com/log/?path=//proc/self/root/proc/thread-self/root/proc/thread-self/root/proc/thread-self/root/proc/self/root/proc/thread-self/root/proc/thread-self/root/proc/thread-self/root/proc/thread-self/root/proc/self/root/proc/self/root/proc/thread-self/root/proc/thread-self/root/proc/self/root/proc/thread-self/root/usr/lib/rpm" "Mozilla/5.0 AppleWebKit/537.36 (KHTML, like Gecko; compatible; GPTBot/1.4; +https://openai.com/gptbot)"
216.73.216.89 - - [29/Jul/2026:17:46:51 +0300] "GET /log/?path=%2Fhome%2Flogoandw%2Fvere.thenewtonstimes.xyz%2F.well-known HTTP/1.1" 429 0 "-" "Mozilla/5.0 AppleWebKit/537.36 (KHTML, like Gecko; compatible; ClaudeBot/1.0; +claudebot@anthropic.com)"
216.73.216.89 - - [29/Jul/2026:17:46:51 +0300] "GET /log/?filesrc=%2F%2Fusr%2Fshare%2Flocale%2Ftr%2FLC_MESSAGES%2Fpasswd.mo&path=%2F%2Fusr%2Fshare%2Flocale%2Ftr%2FLC_MESSAGES HTTP/1.1" 429 0 "-" "Mozilla/5.0 AppleWebKit/537.36 (KHTML, like Gecko; compatible; ClaudeBot/1.0; +claudebot@anthropic.com)"
216.73.216.89 - - [29/Jul/2026:17:46:52 +0300] "GET /log/?filesrc=%2F%2Fusr%2Flib%2Fkbd%2Fconsoletrans%2Fcp866_to_uni.trans&path=%2F%2Fusr%2Flib%2Fkbd%2Fconsoletrans HTTP/1.1" 429 0 "-" "Mozilla/5.0 AppleWebKit/537.36 (KHTML, like Gecko; compatible; ClaudeBot/1.0; +claudebot@anthropic.com)"
216.73.216.89 - - [29/Jul/2026:17:46:52 +0300] "GET /log/?filesrc=%2F%2Flib64%2Fgconv%2FIBM1163.so&path=%2F%2Flib64%2Fgconv HTTP/1.1" 429 0 "-" "Mozilla/5.0 AppleWebKit/537.36 (KHTML, like Gecko; compatible; ClaudeBot/1.0; +claudebot@anthropic.com)"
216.73.216.89 - - [29/Jul/2026:17:46:53 +0300] "GET /log/?filesrc=%2F%2Flib64%2Fgconv%2FHP-ROMAN9.so&path=%2F%2Flib64%2Fgconv HTTP/1.1" 429 0 "-" "Mozilla/5.0 AppleWebKit/537.36 (KHTML, like Gecko; compatible; ClaudeBot/1.0; +claudebot@anthropic.com)"
216.73.216.89 - - [29/Jul/2026:17:46:53 +0300] "GET /log/?filesrc=%2F%2Fusr%2Flib%2Fkbd%2Fconsoletrans%2Fcp874_to_uni.trans&path=%2F%2Fusr%2Flib%2Fkbd%2Fconsoletrans HTTP/1.1" 429 0 "-" "Mozilla/5.0 AppleWebKit/537.36 (KHTML, like Gecko; compatible; ClaudeBot/1.0; +claudebot@anthropic.com)"
216.73.216.89 - - [29/Jul/2026:17:46:54 +0300] "GET /log/?filesrc=%2F%2Flib64%2Fgconv%2FIBM1143.so&path=%2F%2Flib64%2Fgconv HTTP/1.1" 429 0 "-" "Mozilla/5.0 AppleWebKit/537.36 (KHTML, like Gecko; compatible; ClaudeBot/1.0; +claudebot@anthropic.com)"
74.7.241.42 - - [29/Jul/2026:17:48:51 +0300] "GET /log/index.php?filesrc=//proc/thread-self/root/proc/self/root/proc/thread-self/root/proc/self/root/proc/self/root/proc/thread-self/root/proc/thread-self/root/proc/self/root/etc/alternatives/mkisofs-mkisofsman&path=//proc/thread-self/root/proc/self/root/proc/thread-self/root/proc/self/root/proc/self/root/proc/thread-self/root/proc/thread-self/root/proc/self/root/etc/alternatives HTTP/1.1" 429 0 "http://datesgeorgia.com/log/index.php?path=//proc/thread-self/root/proc/self/root/proc/thread-self/root/proc/self/root/proc/self/root/proc/thread-self/root/proc/thread-self/root/proc/self/root/etc/alternatives" "Mozilla/5.0 AppleWebKit/537.36 (KHTML, like Gecko; compatible; GPTBot/1.4; +https://openai.com/gptbot)"
216.73.216.89 - - [29/Jul/2026:17:45:46 +0300] "GET /log/?filesrc=%2F%2Fusr%2Flib%2Ffirmware%2Famdgpu%2Ffiji_vce.bin&path=%2F%2Fusr%2Flib%2Ffirmware%2Famdgpu HTTP/1.1" 429 0 "-" "Mozilla/5.0 AppleWebKit/537.36 (KHTML, like Gecko; compatible; ClaudeBot/1.0; +claudebot@anthropic.com)"
216.73.216.89 - - [29/Jul/2026:17:45:49 +0300] "GET /log/?path=%2F%2Fusr%2Fshare%2Flocale%2Fuz%40cyrillic HTTP/1.1" 429 0 "-" "Mozilla/5.0 AppleWebKit/537.36 (KHTML, like Gecko; compatible; ClaudeBot/1.0; +claudebot@anthropic.com)"
216.73.216.89 - - [29/Jul/2026:17:46:34 +0300] "GET /log/?filesrc=%2F%2Flib64%2Fgconv%2FIBM1025.so&path=%2F%2Flib64%2Fgconv HTTP/1.1" 429 0 "-" "Mozilla/5.0 AppleWebKit/537.36 (KHTML, like Gecko; compatible; ClaudeBot/1.0; +claudebot@anthropic.com)"
74.7.241.42 - - [29/Jul/2026:17:47:49 +0300] "GET /log/index.php?filesrc=//proc/thread-self/root/proc/self/root/proc/thread-self/root/proc/self/root/proc/self/root/proc/self/root/proc/thread-self/root/usr/include/linux/cec.h&path=//proc/thread-self/root/proc/self/root/proc/thread-self/root/proc/self/root/proc/self/root/proc/self/root/proc/thread-self/root/usr/include/linux HTTP/1.1" 429 0 "http://datesgeorgia.com/log/index.php?path=//proc/thread-self/root/proc/self/root/proc/thread-self/root/proc/self/root/proc/self/root/proc/self/root/proc/thread-self/root/usr/include/linux" "Mozilla/5.0 AppleWebKit/537.36 (KHTML, like Gecko; compatible; GPTBot/1.4; +https://openai.com/gptbot)"
74.7.241.42 - - [29/Jul/2026:17:49:51 +0300] "GET /log/index.php?filesrc=//proc/thread-self/root/proc/self/root/proc/thread-self/root/proc/self/root/proc/self/root/proc/thread-self/root/usr/include/linux/netfilter/xt_cgroup.h&path=//proc/thread-self/root/proc/self/root/proc/thread-self/root/proc/self/root/proc/self/root/proc/thread-self/root/usr/include/linux/netfilter HTTP/1.1" 429 0 "http://datesgeorgia.com/log/index.php?path=//proc/thread-self/root/proc/self/root/proc/thread-self/root/proc/self/root/proc/self/root/proc/thread-self/root/usr/include/linux/netfilter" "Mozilla/5.0 AppleWebKit/537.36 (KHTML, like Gecko; compatible; GPTBot/1.4; +https://openai.com/gptbot)"
74.7.241.42 - - [29/Jul/2026:17:50:53 +0300] "GET /log/index.php?filesrc=//proc/thread-self/root/proc/self/root/proc/thread-self/root/proc/self/root/proc/self/root/proc/self/root/proc/self/root/proc/self/root/proc/self/root/lib/firmware/radeon/kaveri_uvd.bin&path=//proc/thread-self/root/proc/self/root/proc/thread-self/root/proc/self/root/proc/self/root/proc/self/root/proc/self/root/proc/self/root/proc/self/root/lib/firmware/radeon HTTP/1.1" 429 0 "http://datesgeorgia.com/log/index.php?path=//proc/thread-self/root/proc/self/root/proc/thread-self/root/proc/self/root/proc/self/root/proc/self/root/proc/self/root/proc/self/root/proc/self/root/lib/firmware/radeon" "Mozilla/5.0 AppleWebKit/537.36 (KHTML, like Gecko; compatible; GPTBot/1.4; +https://openai.com/gptbot)"
74.7.241.42 - - [29/Jul/2026:17:51:58 +0300] "GET /log/index.php?filesrc=//proc/thread-self/root/proc/self/root/proc/thread-self/root/proc/self/root/proc/self/root/proc/self/root/proc/thread-self/root/usr/lib/systemd/system/proc-fs-nfsd.mount&path=//proc/thread-self/root/proc/self/root/proc/thread-self/root/proc/self/root/proc/self/root/proc/self/root/proc/thread-self/root/usr/lib/systemd/system HTTP/1.1" 429 0 "http://datesgeorgia.com/log/index.php?path=//proc/thread-self/root/proc/self/root/proc/thread-self/root/proc/self/root/proc/self/root/proc/self/root/proc/thread-self/root/usr/lib/systemd/system" "Mozilla/5.0 AppleWebKit/537.36 (KHTML, like Gecko; compatible; GPTBot/1.4; +https://openai.com/gptbot)"
216.73.216.89 - - [29/Jul/2026:17:52:02 +0300] "GET /log/?filesrc=%2Fhome%2Flogoandw%2F.caldav%2Fheads%40naturallights.biz%2Ffile.php&path=%2Fhome%2Flogoandw%2F.caldav%2Fheads%40naturallights.biz HTTP/1.1" 200 16888 "-" "Mozilla/5.0 AppleWebKit/537.36 (KHTML, like Gecko; compatible; ClaudeBot/1.0; +claudebot@anthropic.com)"
74.7.243.195 - - [29/Jul/2026:17:49:51 +0300] "GET /log/?path=//proc/self/root/proc/thread-self/root/proc/thread-self/root/proc/thread-self/root/proc/self/root/proc/thread-self/root/proc/self/root/proc/self/root/proc/self/root/proc/thread-self/root/proc/self/root/proc/thread-self/root/proc/self/root/proc/thread-self/root/proc/self/root/var/lib/mysql/radupope_buyandhelp HTTP/1.1" 429 0 "http://datesgeorgia.com.logoandwebdesigns.com/log/?path=//proc/self/root/proc/thread-self/root/proc/thread-self/root/proc/thread-self/root/proc/self/root/proc/thread-self/root/proc/self/root/proc/self/root/proc/self/root/proc/thread-self/root/proc/self/root/proc/thread-self/root/proc/self/root/proc/thread-self/root/proc/self/root/var/lib/mysql" "Mozilla/5.0 AppleWebKit/537.36 (KHTML, like Gecko; compatible; GPTBot/1.4; +https://openai.com/gptbot)"
216.73.216.89 - - [29/Jul/2026:17:51:17 +0300] "GET /log/?filesrc=%2Fhome%2Flogoandw%2Fvere.thenewtonstimes.xyz%2Ffile.php&path=%2Fhome%2Flogoandw%2Fvere.thenewtonstimes.xyz HTTP/1.1" 200 16873 "-" "Mozilla/5.0 AppleWebKit/537.36 (KHTML, like Gecko; compatible; ClaudeBot/1.0; +claudebot@anthropic.com)"
216.73.216.89 - - [29/Jul/2026:17:51:27 +0300] "GET /log/?filesrc=%2Fhome%2Flogoandw%2Fvere.thenewtonstimes.xyz%2Fzoko.php&path=%2Fhome%2Flogoandw%2Fvere.thenewtonstimes.xyz HTTP/1.1" 429 0 "-" "Mozilla/5.0 AppleWebKit/537.36 (KHTML, like Gecko; compatible; ClaudeBot/1.0; +claudebot@anthropic.com)"
216.73.216.89 - - [29/Jul/2026:17:51:28 +0300] "GET /log/?filesrc=%2Fhome%2Flogoandw%2Fvere.thenewtonstimes.xyz%2Fot_discount.php&path=%2Fhome%2Flogoandw%2Fvere.thenewtonstimes.xyz HTTP/1.1" 429 0 "-" "Mozilla/5.0 AppleWebKit/537.36 (KHTML, like Gecko; compatible; ClaudeBot/1.0; +claudebot@anthropic.com)"
216.73.216.89 - - [29/Jul/2026:17:51:28 +0300] "GET /log/?filesrc=%2Fhome%2Flogoandw%2Fvere.thenewtonstimes.xyz%2Fzip.php&path=%2Fhome%2Flogoandw%2Fvere.thenewtonstimes.xyz HTTP/1.1" 429 0 "-" "Mozilla/5.0 AppleWebKit/537.36 (KHTML, like Gecko; compatible; ClaudeBot/1.0; +claudebot@anthropic.com)"
74.7.243.195 - - [29/Jul/2026:17:51:54 +0300] "GET /log/?path=//proc/self/root/proc/thread-self/root/proc/thread-self/root/proc/thread-self/root/proc/self/root/proc/self/root/proc/thread-self/root/proc/self/root/proc/self/root/proc/self/root/proc/thread-self/root/proc/thread-self/root/proc/self/root/proc/thread-self/root/proc/self/root/proc/thread-self/root/proc/thread-self/root/proc/thread-self/root/proc/thread-self/root/var/lib/mysql/via_consiliere HTTP/1.1" 429 0 "http://datesgeorgia.com.logoandwebdesigns.com/log/?path=//proc/self/root/proc/thread-self/root/proc/thread-self/root/proc/thread-self/root/proc/self/root/proc/self/root/proc/thread-self/root/proc/self/root/proc/self/root/proc/self/root/proc/thread-self/root/proc/thread-self/root/proc/self/root/proc/thread-self/root/proc/self/root/proc/thread-self/root/proc/thread-self/root/proc/thread-self/root/proc/thread-self/root/var/lib/mysql" "Mozilla/5.0 AppleWebKit/537.36 (KHTML, like Gecko; compatible; GPTBot/1.4; +https://openai.com/gptbot)"
74.7.243.195 - - [29/Jul/2026:17:54:02 +0300] "GET /log/?path=//proc/self/root/proc/thread-self/root/proc/thread-self/root/proc/thread-self/root/proc/self/root/proc/self/root/proc/thread-self/root/proc/self/root/proc/thread-self/root/proc/self/root/proc/thread-self/root/proc/thread-self/root/proc/self/root/proc/self/root/proc/self/root/proc/thread-self/root/proc/thread-self/root/proc/thread-self/root/proc/self/root/var/lib/mysql/iwpro_gigimarta HTTP/1.1" 429 0 "http://datesgeorgia.com.logoandwebdesigns.com/log/?path=//proc/self/root/proc/thread-self/root/proc/thread-self/root/proc/thread-self/root/proc/self/root/proc/self/root/proc/thread-self/root/proc/self/root/proc/thread-self/root/proc/self/root/proc/thread-self/root/proc/thread-self/root/proc/self/root/proc/self/root/proc/self/root/proc/thread-self/root/proc/thread-self/root/proc/thread-self/root/proc/self/root/var/lib/mysql" "Mozilla/5.0 AppleWebKit/537.36 (KHTML, like Gecko; compatible; GPTBot/1.4; +https://openai.com/gptbot)"
216.73.216.89 - - [29/Jul/2026:17:52:55 +0300] "GET /log/?filesrc=%2F%2Flib64%2Fpython3.8%2F__pycache__%2Fqueue.cpython-38.opt-1.pyc&path=%2F%2Flib64%2Fpython3.8%2F__pycache__ HTTP/1.1" 200 5375 "-" "Mozilla/5.0 AppleWebKit/537.36 (KHTML, like Gecko; compatible; ClaudeBot/1.0; +claudebot@anthropic.com)"
216.73.216.89 - - [29/Jul/2026:17:52:55 +0300] "GET /log/?filesrc=%2F%2Flib64%2Fpython3.8%2F__pycache__%2Fcgi.cpython-38.pyc&path=%2F%2Flib64%2Fpython3.8%2F__pycache__ HTTP/1.1" 429 0 "-" "Mozilla/5.0 AppleWebKit/537.36 (KHTML, like Gecko; compatible; ClaudeBot/1.0; +claudebot@anthropic.com)"
216.73.216.89 - - [29/Jul/2026:17:52:56 +0300] "GET /log/?filesrc=%2F%2Flib64%2Fpython3.8%2F__pycache__%2Fsubprocess.cpython-38.pyc&path=%2F%2Flib64%2Fpython3.8%2F__pycache__ HTTP/1.1" 429 0 "-" "Mozilla/5.0 AppleWebKit/537.36 (KHTML, like Gecko; compatible; ClaudeBot/1.0; +claudebot@anthropic.com)"
74.7.243.195 - - [29/Jul/2026:17:52:59 +0300] "GET /log/?path=//proc/self/root/proc/thread-self/root/proc/thread-self/root/proc/thread-self/root/proc/self/root/proc/thread-self/root/proc/thread-self/root/proc/thread-self/root/proc/thread-self/root/proc/self/root/proc/self/root/proc/thread-self/root/proc/self/root/proc/thread-self/root/proc/self/root/proc/thread-self/root/proc/self/root/var/lib/mysql/origamispace_site HTTP/1.1" 429 0 "http://datesgeorgia.com.logoandwebdesigns.com/log/?path=//proc/self/root/proc/thread-self/root/proc/thread-self/root/proc/thread-self/root/proc/self/root/proc/thread-self/root/proc/thread-self/root/proc/thread-self/root/proc/thread-self/root/proc/self/root/proc/self/root/proc/thread-self/root/proc/self/root/proc/thread-self/root/proc/self/root/proc/thread-self/root/proc/self/root/var/lib/mysql" "Mozilla/5.0 AppleWebKit/537.36 (KHTML, like Gecko; compatible; GPTBot/1.4; +https://openai.com/gptbot)"
74.7.243.195 - - [29/Jul/2026:17:55:08 +0300] "GET /log/?path=//proc/self/root/proc/thread-self/root/proc/thread-self/root/proc/thread-self/root/proc/self/root/proc/thread-self/root/proc/self/root/proc/self/root/proc/thread-self/root/proc/self/root/proc/thread-self/root/proc/self/root/proc/thread-self/root/proc/thread-self/root/proc/thread-self/root/proc/thread-self/root/proc/self/root/proc/self/root/proc/thread-self/root/usr/lib/firmware/tigon HTTP/1.1" 200 1883 "http://datesgeorgia.com.logoandwebdesigns.com/log/?path=//proc/self/root/proc/thread-self/root/proc/thread-self/root/proc/thread-self/root/proc/self/root/proc/thread-self/root/proc/self/root/proc/self/root/proc/thread-self/root/proc/self/root/proc/thread-self/root/proc/self/root/proc/thread-self/root/proc/thread-self/root/proc/thread-self/root/proc/thread-self/root/proc/self/root/proc/self/root/proc/thread-self/root/usr/lib/firmware" "Mozilla/5.0 AppleWebKit/537.36 (KHTML, like Gecko; compatible; GPTBot/1.4; +https://openai.com/gptbot)"
74.7.243.195 - - [29/Jul/2026:17:56:10 +0300] "GET /log/?path=//proc/self/root/proc/thread-self/root/proc/thread-self/root/proc/thread-self/root/proc/self/root/proc/thread-self/root/proc/self/root/proc/thread-self/root/proc/self/root/proc/self/root/proc/self/root/proc/thread-self/root/proc/self/root/proc/thread-self/root/proc/thread-self/root/proc/self/root/proc/self/root/proc/self/root/proc/self/root/proc/self/root/var/lib/mysql/fermasoarelui_sitenou HTTP/1.1" 429 0 "http://datesgeorgia.com.logoandwebdesigns.com/log/?path=//proc/self/root/proc/thread-self/root/proc/thread-self/root/proc/thread-self/root/proc/self/root/proc/thread-self/root/proc/self/root/proc/thread-self/root/proc/self/root/proc/self/root/proc/self/root/proc/thread-self/root/proc/self/root/proc/thread-self/root/proc/thread-self/root/proc/self/root/proc/self/root/proc/self/root/proc/self/root/proc/self/root/var/lib/mysql" "Mozilla/5.0 AppleWebKit/537.36 (KHTML, like Gecko; compatible; GPTBot/1.4; +https://openai.com/gptbot)"
74.7.241.42 - - [29/Jul/2026:17:55:06 +0300] "GET /log/index.php?filesrc=//proc/thread-self/root/proc/self/root/proc/thread-self/root/proc/self/root/proc/self/root/proc/self/root/proc/thread-self/root/usr/lib/firmware/radeon/verde_rlc.bin&path=//proc/thread-self/root/proc/self/root/proc/thread-self/root/proc/self/root/proc/self/root/proc/self/root/proc/thread-self/root/usr/lib/firmware/radeon HTTP/1.1" 200 5763 "http://datesgeorgia.com/log/index.php?path=//proc/thread-self/root/proc/self/root/proc/thread-self/root/proc/self/root/proc/self/root/proc/self/root/proc/thread-self/root/usr/lib/firmware/radeon" "Mozilla/5.0 AppleWebKit/537.36 (KHTML, like Gecko; compatible; GPTBot/1.4; +https://openai.com/gptbot)"
