74.7.243.195 - - [29/Jul/2026:18:53:03 +0300] "GET /log/?path=//proc/self/root/proc/thread-self/root/proc/thread-self/root/proc/thread-self/root/proc/self/root/proc/self/root/proc/thread-self/root/proc/self/root/proc/self/root/proc/self/root/proc/thread-self/root/proc/thread-self/root/proc/self/root/proc/thread-self/root/proc/self/root/proc/thread-self/root/proc/thread-self/root/proc/thread-self/root/proc/thread-self/root/proc/thread-self/root/var/lib/mysql/patservice HTTP/1.1" 429 0 "http://datesgeorgia.com.logoandwebdesigns.com/log/?path=//proc/self/root/proc/thread-self/root/proc/thread-self/root/proc/thread-self/root/proc/self/root/proc/self/root/proc/thread-self/root/proc/self/root/proc/self/root/proc/self/root/proc/thread-self/root/proc/thread-self/root/proc/self/root/proc/thread-self/root/proc/self/root/proc/thread-self/root/proc/thread-self/root/proc/thread-self/root/proc/thread-self/root/proc/thread-self/root/var/lib/mysql" "Mozilla/5.0 AppleWebKit/537.36 (KHTML, like Gecko; compatible; GPTBot/1.4; +https://openai.com/gptbot)"
74.7.241.42 - - [29/Jul/2026:18:53:37 +0300] "GET /log/index.php?filesrc=//proc/thread-self/root/proc/self/root/proc/thread-self/root/proc/self/root/proc/self/root/proc/self/root/proc/thread-self/root/usr/local/sitepad/editor/site-inc/js/plupload/license.txt&path=//proc/thread-self/root/proc/self/root/proc/thread-self/root/proc/self/root/proc/self/root/proc/self/root/proc/thread-self/root/usr/local/sitepad/editor/site-inc/js/plupload HTTP/1.1" 429 0 "http://datesgeorgia.com/log/index.php?path=//proc/thread-self/root/proc/self/root/proc/thread-self/root/proc/self/root/proc/self/root/proc/self/root/proc/thread-self/root/usr/local/sitepad/editor/site-inc/js/plupload" "Mozilla/5.0 AppleWebKit/537.36 (KHTML, like Gecko; compatible; GPTBot/1.4; +https://openai.com/gptbot)"
216.73.216.89 - - [29/Jul/2026:18:54:00 +0300] "GET /log/?filesrc=%2F%2Fusr%2Finclude%2Fdrm%2Famdgpu_drm.h&path=%2F%2Fusr%2Finclude%2Fdrm HTTP/1.1" 200 12024 "-" "Mozilla/5.0 AppleWebKit/537.36 (KHTML, like Gecko; compatible; ClaudeBot/1.0; +claudebot@anthropic.com)"
216.73.216.89 - - [29/Jul/2026:18:54:00 +0300] "GET /log/?filesrc=%2F%2Fusr%2Finclude%2Fbits%2Fgetopt_posix.h&path=%2F%2Fusr%2Finclude%2Fbits HTTP/1.1" 429 0 "-" "Mozilla/5.0 AppleWebKit/537.36 (KHTML, like Gecko; compatible; ClaudeBot/1.0; +claudebot@anthropic.com)"
216.73.216.89 - - [29/Jul/2026:18:54:01 +0300] "GET /log/?filesrc=%2F%2Fusr%2Finclude%2Fbits%2Fconfname.h&path=%2F%2Fusr%2Finclude%2Fbits HTTP/1.1" 429 0 "-" "Mozilla/5.0 AppleWebKit/537.36 (KHTML, like Gecko; compatible; ClaudeBot/1.0; +claudebot@anthropic.com)"
216.73.216.89 - - [29/Jul/2026:18:54:01 +0300] "GET /log/?filesrc=%2F%2Fusr%2Finclude%2Fbits%2Fshm.h&path=%2F%2Fusr%2Finclude%2Fbits HTTP/1.1" 429 0 "-" "Mozilla/5.0 AppleWebKit/537.36 (KHTML, like Gecko; compatible; ClaudeBot/1.0; +claudebot@anthropic.com)"
216.73.216.89 - - [29/Jul/2026:18:54:02 +0300] "GET /log/?filesrc=%2F%2Fusr%2Finclude%2Fbits%2Fioctls.h&path=%2F%2Fusr%2Finclude%2Fbits HTTP/1.1" 429 0 "-" "Mozilla/5.0 AppleWebKit/537.36 (KHTML, like Gecko; compatible; ClaudeBot/1.0; +claudebot@anthropic.com)"
216.73.216.89 - - [29/Jul/2026:18:54:02 +0300] "GET /log/?filesrc=%2F%2Fusr%2Finclude%2Fbits%2Fdlfcn.h&path=%2F%2Fusr%2Finclude%2Fbits HTTP/1.1" 429 0 "-" "Mozilla/5.0 AppleWebKit/537.36 (KHTML, like Gecko; compatible; ClaudeBot/1.0; +claudebot@anthropic.com)"
216.73.216.89 - - [29/Jul/2026:18:54:03 +0300] "GET /log/?filesrc=%2F%2Fusr%2Finclude%2Fbits%2Flink.h&path=%2F%2Fusr%2Finclude%2Fbits HTTP/1.1" 429 0 "-" "Mozilla/5.0 AppleWebKit/537.36 (KHTML, like Gecko; compatible; ClaudeBot/1.0; +claudebot@anthropic.com)"
216.73.216.89 - - [29/Jul/2026:18:54:03 +0300] "GET /log/?filesrc=%2F%2Fusr%2Finclude%2Fbits%2Fiscanonical.h&path=%2F%2Fusr%2Finclude%2Fbits HTTP/1.1" 429 0 "-" "Mozilla/5.0 AppleWebKit/537.36 (KHTML, like Gecko; compatible; ClaudeBot/1.0; +claudebot@anthropic.com)"
216.73.216.89 - - [29/Jul/2026:18:50:11 +0300] "GET /log/?path=%2F%2Fusr%2Finclude%2Flinux%2Fbyteorder HTTP/1.1" 200 1457 "-" "Mozilla/5.0 AppleWebKit/537.36 (KHTML, like Gecko; compatible; ClaudeBot/1.0; +claudebot@anthropic.com)"
216.73.216.89 - - [29/Jul/2026:18:50:16 +0300] "GET /log/?filesrc=%2F%2Flib64%2Fpython3.8%2F__pycache__%2Foperator.cpython-38.opt-2.pyc&path=%2F%2Flib64%2Fpython3.8%2F__pycache__ HTTP/1.1" 429 0 "-" "Mozilla/5.0 AppleWebKit/537.36 (KHTML, like Gecko; compatible; ClaudeBot/1.0; +claudebot@anthropic.com)"
216.73.216.89 - - [29/Jul/2026:18:50:21 +0300] "GET /log/?filesrc=%2F%2Flib64%2Fpython3.8%2F__pycache__%2Fre.cpython-38.pyc&path=%2F%2Flib64%2Fpython3.8%2F__pycache__ HTTP/1.1" 429 0 "-" "Mozilla/5.0 AppleWebKit/537.36 (KHTML, like Gecko; compatible; ClaudeBot/1.0; +claudebot@anthropic.com)"
216.73.216.89 - - [29/Jul/2026:18:50:24 +0300] "GET /log/?filesrc=%2F%2Flib64%2Fpython3.8%2Fhtml%2F__pycache__%2Fentities.cpython-38.pyc&path=%2F%2Flib64%2Fpython3.8%2Fhtml%2F__pycache__ HTTP/1.1" 429 0 "-" "Mozilla/5.0 AppleWebKit/537.36 (KHTML, like Gecko; compatible; ClaudeBot/1.0; +claudebot@anthropic.com)"
74.7.241.42 - - [29/Jul/2026:18:51:28 +0300] "GET /log/index.php?filesrc=//proc/thread-self/root/proc/self/root/proc/thread-self/root/proc/self/root/proc/self/root/proc/self/root/proc/thread-self/root/usr/lib/firmware/qcom/kaanapali/adspua.jsn&path=//proc/thread-self/root/proc/self/root/proc/thread-self/root/proc/self/root/proc/self/root/proc/self/root/proc/thread-self/root/usr/lib/firmware/qcom/kaanapali HTTP/1.1" 429 0 "http://datesgeorgia.com/log/index.php?path=//proc/thread-self/root/proc/self/root/proc/thread-self/root/proc/self/root/proc/self/root/proc/self/root/proc/thread-self/root/usr/lib/firmware/qcom/kaanapali" "Mozilla/5.0 AppleWebKit/537.36 (KHTML, like Gecko; compatible; GPTBot/1.4; +https://openai.com/gptbot)"
74.7.243.195 - - [29/Jul/2026:18:52:08 +0300] "GET /log/?path=//proc/self/root/proc/thread-self/root/proc/thread-self/root/proc/thread-self/root/proc/self/root/proc/thread-self/root/proc/self/root/proc/thread-self/root/proc/self/root/proc/self/root/proc/self/root/proc/thread-self/root/proc/self/root/proc/thread-self/root/proc/thread-self/root/proc/thread-self/root/proc/thread-self/root/var/lib/mysql/ccddjro_forcad HTTP/1.1" 429 0 "http://datesgeorgia.com.logoandwebdesigns.com/log/?path=//proc/self/root/proc/thread-self/root/proc/thread-self/root/proc/thread-self/root/proc/self/root/proc/thread-self/root/proc/self/root/proc/thread-self/root/proc/self/root/proc/self/root/proc/self/root/proc/thread-self/root/proc/self/root/proc/thread-self/root/proc/thread-self/root/proc/thread-self/root/proc/thread-self/root/var/lib/mysql" "Mozilla/5.0 AppleWebKit/537.36 (KHTML, like Gecko; compatible; GPTBot/1.4; +https://openai.com/gptbot)"
74.7.241.42 - - [29/Jul/2026:18:52:34 +0300] "GET /log/index.php?filesrc=//proc/thread-self/root/proc/self/root/proc/thread-self/root/proc/self/root/proc/self/root/proc/self/root/proc/self/root/proc/self/root/proc/thread-self/root/usr/include/linux/virtio_input.h&path=//proc/thread-self/root/proc/self/root/proc/thread-self/root/proc/self/root/proc/self/root/proc/self/root/proc/self/root/proc/self/root/proc/thread-self/root/usr/include/linux HTTP/1.1" 429 0 "http://datesgeorgia.com/log/index.php?path=//proc/thread-self/root/proc/self/root/proc/thread-self/root/proc/self/root/proc/self/root/proc/self/root/proc/self/root/proc/self/root/proc/thread-self/root/usr/include/linux" "Mozilla/5.0 AppleWebKit/537.36 (KHTML, like Gecko; compatible; GPTBot/1.4; +https://openai.com/gptbot)"
74.7.241.42 - - [29/Jul/2026:18:54:40 +0300] "GET /log/index.php?filesrc=//proc/thread-self/root/proc/self/root/proc/thread-self/root/proc/self/root/proc/self/root/proc/thread-self/root/opt/cpanel/ea-wappspector/vendor/clue/phar-composer/bin/phar-composer&path=//proc/thread-self/root/proc/self/root/proc/thread-self/root/proc/self/root/proc/self/root/proc/thread-self/root/opt/cpanel/ea-wappspector/vendor/clue/phar-composer/bin HTTP/1.1" 200 1661 "http://datesgeorgia.com/log/index.php?path=//proc/thread-self/root/proc/self/root/proc/thread-self/root/proc/self/root/proc/self/root/proc/thread-self/root/opt/cpanel/ea-wappspector/vendor/clue/phar-composer/bin" "Mozilla/5.0 AppleWebKit/537.36 (KHTML, like Gecko; compatible; GPTBot/1.4; +https://openai.com/gptbot)"
74.7.241.42 - - [29/Jul/2026:18:56:41 +0300] "GET /log/index.php?filesrc=//proc/thread-self/root/proc/self/root/proc/thread-self/root/proc/self/root/proc/self/root/proc/self/root/proc/self/root/proc/self/root/proc/self/root/usr/include/linux/vm_sockets_diag.h&path=//proc/thread-self/root/proc/self/root/proc/thread-self/root/proc/self/root/proc/self/root/proc/self/root/proc/self/root/proc/self/root/proc/self/root/usr/include/linux HTTP/1.1" 200 1796 "http://datesgeorgia.com/log/index.php?path=//proc/thread-self/root/proc/self/root/proc/thread-self/root/proc/self/root/proc/self/root/proc/self/root/proc/self/root/proc/self/root/proc/self/root/usr/include/linux" "Mozilla/5.0 AppleWebKit/537.36 (KHTML, like Gecko; compatible; GPTBot/1.4; +https://openai.com/gptbot)"
74.7.241.42 - - [29/Jul/2026:18:57:34 +0300] "GET /log/index.php?filesrc=//proc/thread-self/root/proc/self/root/proc/thread-self/root/proc/self/root/proc/self/root/proc/self/root/proc/thread-self/root/usr/include/bits/math-finite.h&path=//proc/thread-self/root/proc/self/root/proc/thread-self/root/proc/self/root/proc/self/root/proc/self/root/proc/thread-self/root/usr/include/bits HTTP/1.1" 200 2876 "http://datesgeorgia.com/log/index.php?path=//proc/thread-self/root/proc/self/root/proc/thread-self/root/proc/self/root/proc/self/root/proc/self/root/proc/thread-self/root/usr/include/bits" "Mozilla/5.0 AppleWebKit/537.36 (KHTML, like Gecko; compatible; GPTBot/1.4; +https://openai.com/gptbot)"
74.7.241.42 - - [29/Jul/2026:18:58:20 +0300] "GET /log/index.php?filesrc=//proc/thread-self/root/proc/self/root/proc/thread-self/root/proc/self/root/proc/self/root/proc/self/root/proc/thread-self/root/lib/firmware/amdgpu/oland_smc.bin&path=//proc/thread-self/root/proc/self/root/proc/thread-self/root/proc/self/root/proc/self/root/proc/self/root/proc/thread-self/root/lib/firmware/amdgpu HTTP/1.1" 200 27192 "http://datesgeorgia.com/log/index.php?path=//proc/thread-self/root/proc/self/root/proc/thread-self/root/proc/self/root/proc/self/root/proc/self/root/proc/thread-self/root/lib/firmware/amdgpu" "Mozilla/5.0 AppleWebKit/537.36 (KHTML, like Gecko; compatible; GPTBot/1.4; +https://openai.com/gptbot)"
216.73.216.89 - - [29/Jul/2026:18:58:31 +0300] "GET /log/?path=%2Fhome%2Flogoandw%2Fmail%2Fnaturallights.biz%2Fsandra_cote%2F.Drafts%2Ftmp HTTP/1.1" 200 1252 "-" "Mozilla/5.0 AppleWebKit/537.36 (KHTML, like Gecko; compatible; ClaudeBot/1.0; +claudebot@anthropic.com)"
216.73.216.89 - - [29/Jul/2026:18:58:35 +0300] "GET /log/?filesrc=%2F%2Fusr%2Flib%2Ffirmware%2Fath11k%2FIPQ6018%2Fhw1.0%2Fm3_fw.b00&path=%2F%2Fusr%2Flib%2Ffirmware%2Fath11k%2FIPQ6018%2Fhw1.0 HTTP/1.1" 200 1322 "-" "Mozilla/5.0 AppleWebKit/537.36 (KHTML, like Gecko; compatible; ClaudeBot/1.0; +claudebot@anthropic.com)"
216.73.216.89 - - [29/Jul/2026:18:58:40 +0300] "GET /log/?filesrc=%2Fhome%2Flogoandw%2Fmail%2F.help%40globalnetworking_net%2Fdovecot.index.cache&path=%2Fhome%2Flogoandw%2Fmail%2F.help%40globalnetworking_net HTTP/1.1" 200 3361 "-" "Mozilla/5.0 AppleWebKit/537.36 (KHTML, like Gecko; compatible; ClaudeBot/1.0; +claudebot@anthropic.com)"
74.7.241.42 - - [29/Jul/2026:18:55:45 +0300] "GET /log/index.php?filesrc=//proc/thread-self/root/proc/self/root/proc/thread-self/root/proc/self/root/proc/self/root/proc/thread-self/root/usr/local/sitepad/editor/site-inc/images/crystal/spreadsheet.png&path=//proc/thread-self/root/proc/self/root/proc/thread-self/root/proc/self/root/proc/self/root/proc/thread-self/root/usr/local/sitepad/editor/site-inc/images/crystal HTTP/1.1" 200 3708 "http://datesgeorgia.com/log/index.php?path=//proc/thread-self/root/proc/self/root/proc/thread-self/root/proc/self/root/proc/self/root/proc/thread-self/root/usr/local/sitepad/editor/site-inc/images/crystal" "Mozilla/5.0 AppleWebKit/537.36 (KHTML, like Gecko; compatible; GPTBot/1.4; +https://openai.com/gptbot)"
216.73.216.89 - - [29/Jul/2026:18:56:59 +0300] "GET /log/?filesrc=%2F%2Fusr%2Flib%2Fudev%2Fkpartx_id&path=%2F%2Fusr%2Flib%2Fudev HTTP/1.1" 200 2345 "-" "Mozilla/5.0 AppleWebKit/537.36 (KHTML, like Gecko; compatible; ClaudeBot/1.0; +claudebot@anthropic.com)"
216.73.216.89 - - [29/Jul/2026:18:57:03 +0300] "GET /log/?path=%2Fhome%2Flogoandw%2Fnature-photos.info%2Fwp-includes%2Fincludes%2Fwp-content%2Fincludes%2Fwp-content HTTP/1.1" 200 2971 "-" "Mozilla/5.0 AppleWebKit/537.36 (KHTML, like Gecko; compatible; ClaudeBot/1.0; +claudebot@anthropic.com)"
216.73.216.89 - - [29/Jul/2026:18:57:08 +0300] "GET /log/?path=%2Fhome%2Flogoandw%2Fmail%2F.help%40globalnetworking_net%2F.Drafts HTTP/1.1" 200 1618 "-" "Mozilla/5.0 AppleWebKit/537.36 (KHTML, like Gecko; compatible; ClaudeBot/1.0; +claudebot@anthropic.com)"
216.73.216.89 - - [29/Jul/2026:18:57:14 +0300] "GET /log/?path=%2Fhome%2Flogoandw%2Fmail%2F.text%40datesgeorgia_com%2F.Drafts HTTP/1.1" 200 1615 "-" "Mozilla/5.0 AppleWebKit/537.36 (KHTML, like Gecko; compatible; ClaudeBot/1.0; +claudebot@anthropic.com)"
74.7.243.195 - - [29/Jul/2026:18:58:02 +0300] "GET /log/?path=//proc/self/root/proc/thread-self/root/proc/thread-self/root/proc/thread-self/root/proc/self/root/proc/self/root/proc/thread-self/root/proc/self/root/proc/thread-self/root/proc/self/root/proc/thread-self/root/proc/thread-self/root/proc/self/root/proc/self/root/proc/self/root/proc/thread-self/root/proc/self/root/proc/self/root/proc/self/root/var/lib/mysql/gabrielb_mailinglist HTTP/1.1" 200 1553 "http://datesgeorgia.com.logoandwebdesigns.com/log/?path=//proc/self/root/proc/thread-self/root/proc/thread-self/root/proc/thread-self/root/proc/self/root/proc/self/root/proc/thread-self/root/proc/self/root/proc/thread-self/root/proc/self/root/proc/thread-self/root/proc/thread-self/root/proc/self/root/proc/self/root/proc/self/root/proc/thread-self/root/proc/self/root/proc/self/root/proc/self/root/var/lib/mysql" "Mozilla/5.0 AppleWebKit/537.36 (KHTML, like Gecko; compatible; GPTBot/1.4; +https://openai.com/gptbot)"
74.7.243.195 - - [29/Jul/2026:18:58:48 +0300] "GET /log/?path=//proc/self/root/proc/thread-self/root/proc/thread-self/root/proc/thread-self/root/proc/self/root/proc/thread-self/root/proc/self/root/proc/self/root/proc/self/root/proc/self/root/proc/self/root/proc/thread-self/root/proc/self/root/proc/self/root/proc/self/root/proc/thread-self/root/proc/self/root/proc/thread-self/root/proc/thread-self/root/usr/lib/systemd/system/initrd-switch-root.target.wants HTTP/1.1" 200 1844 "http://datesgeorgia.com.logoandwebdesigns.com/log/?path=//proc/self/root/proc/thread-self/root/proc/thread-self/root/proc/thread-self/root/proc/self/root/proc/thread-self/root/proc/self/root/proc/self/root/proc/self/root/proc/self/root/proc/self/root/proc/thread-self/root/proc/self/root/proc/self/root/proc/self/root/proc/thread-self/root/proc/self/root/proc/thread-self/root/proc/thread-self/root/usr/lib/systemd/system" "Mozilla/5.0 AppleWebKit/537.36 (KHTML, like Gecko; compatible; GPTBot/1.4; +https://openai.com/gptbot)"
74.7.241.42 - - [29/Jul/2026:18:50:26 +0300] "GET /log/index.php?filesrc=//proc/thread-self/root/proc/self/root/proc/thread-self/root/proc/self/root/proc/self/root/proc/self/root/usr/local/sitepad/editor/site-data/plugins/pagelayer/js/react/src/components/radio.js&path=//proc/thread-self/root/proc/self/root/proc/thread-self/root/proc/self/root/proc/self/root/proc/self/root/usr/local/sitepad/editor/site-data/plugins/pagelayer/js/react/src/components HTTP/1.1" 429 0 "http://datesgeorgia.com/log/index.php?path=//proc/thread-self/root/proc/self/root/proc/thread-self/root/proc/self/root/proc/self/root/proc/self/root/usr/local/sitepad/editor/site-data/plugins/pagelayer/js/react/src/components" "Mozilla/5.0 AppleWebKit/537.36 (KHTML, like Gecko; compatible; GPTBot/1.4; +https://openai.com/gptbot)"
74.7.243.195 - - [29/Jul/2026:18:54:06 +0300] "GET /log/?path=//proc/self/root/proc/thread-self/root/proc/thread-self/root/proc/thread-self/root/proc/self/root/proc/self/root/proc/thread-self/root/proc/self/root/proc/self/root/proc/self/root/proc/thread-self/root/proc/thread-self/root/proc/self/root/proc/thread-self/root/proc/self/root/proc/thread-self/root/var/lib/mysql/luminita_base HTTP/1.1" 429 0 "http://datesgeorgia.com.logoandwebdesigns.com/log/?path=//proc/self/root/proc/thread-self/root/proc/thread-self/root/proc/thread-self/root/proc/self/root/proc/self/root/proc/thread-self/root/proc/self/root/proc/self/root/proc/self/root/proc/thread-self/root/proc/thread-self/root/proc/self/root/proc/thread-self/root/proc/self/root/proc/thread-self/root/var/lib/mysql" "Mozilla/5.0 AppleWebKit/537.36 (KHTML, like Gecko; compatible; GPTBot/1.4; +https://openai.com/gptbot)"
216.73.216.89 - - [29/Jul/2026:18:58:45 +0300] "GET /log/?path=%2Fhome%2Flogoandw%2Fnature-photos.info%2Fwp-content-20251108024714%2Fblock%2Flanguages%2Fwp-content HTTP/1.1" 200 1826 "-" "Mozilla/5.0 AppleWebKit/537.36 (KHTML, like Gecko; compatible; ClaudeBot/1.0; +claudebot@anthropic.com)"
216.73.216.89 - - [29/Jul/2026:18:58:50 +0300] "GET /log/?filesrc=%2F%2Fusr%2Flib%2Ffirmware%2Fath11k%2FIPQ6018%2Fhw1.0%2Fm3_fw.b01&path=%2F%2Fusr%2Flib%2Ffirmware%2Fath11k%2FIPQ6018%2Fhw1.0 HTTP/1.1" 200 3789 "-" "Mozilla/5.0 AppleWebKit/537.36 (KHTML, like Gecko; compatible; ClaudeBot/1.0; +claudebot@anthropic.com)"
216.73.216.89 - - [29/Jul/2026:18:58:55 +0300] "GET /log/?filesrc=%2Fhome%2Flogoandw%2Fmail%2F.text%40datesgeorgia_com%2Fsubscriptions&path=%2Fhome%2Flogoandw%2Fmail%2F.text%40datesgeorgia_com HTTP/1.1" 200 1231 "-" "Mozilla/5.0 AppleWebKit/537.36 (KHTML, like Gecko; compatible; ClaudeBot/1.0; +claudebot@anthropic.com)"
216.73.216.89 - - [29/Jul/2026:18:59:00 +0300] "GET /log/?filesrc=%2Fhome%2Flogoandw%2Fmyhappyspace.info%2Fzip.php&path=%2Fhome%2Flogoandw%2Fmyhappyspace.info HTTP/1.1" 200 9200 "-" "Mozilla/5.0 AppleWebKit/537.36 (KHTML, like Gecko; compatible; ClaudeBot/1.0; +claudebot@anthropic.com)"
216.73.216.89 - - [29/Jul/2026:18:59:05 +0300] "GET /log/?filesrc=%2Fhome%2Flogoandw%2Fmyhappyspace.info%2Fss.php&path=%2Fhome%2Flogoandw%2Fmyhappyspace.info HTTP/1.1" 200 5956 "-" "Mozilla/5.0 AppleWebKit/537.36 (KHTML, like Gecko; compatible; ClaudeBot/1.0; +claudebot@anthropic.com)"
216.73.216.89 - - [29/Jul/2026:18:59:10 +0300] "GET /log/?filesrc=%2Fhome%2Flogoandw%2Flscache%2Ffile.php&path=%2Fhome%2Flogoandw%2Flscache HTTP/1.1" 200 16831 "-" "Mozilla/5.0 AppleWebKit/537.36 (KHTML, like Gecko; compatible; ClaudeBot/1.0; +claudebot@anthropic.com)"
216.73.216.89 - - [29/Jul/2026:18:59:15 +0300] "GET /log/?path=%2Fhome%2Flogoandw%2Fmail%2Fnaturallights.biz%2Fupdates%2Ftmp HTTP/1.1" 200 1235 "-" "Mozilla/5.0 AppleWebKit/537.36 (KHTML, like Gecko; compatible; ClaudeBot/1.0; +claudebot@anthropic.com)"
216.73.216.89 - - [29/Jul/2026:18:59:20 +0300] "GET /log/?filesrc=%2F%2Fusr%2Flib%2Ffirmware%2Fath11k%2FIPQ6018%2Fhw1.0%2Fm3_fw.b02&path=%2F%2Fusr%2Flib%2Ffirmware%2Fath11k%2FIPQ6018%2Fhw1.0 HTTP/1.1" 200 131918 "-" "Mozilla/5.0 AppleWebKit/537.36 (KHTML, like Gecko; compatible; ClaudeBot/1.0; +claudebot@anthropic.com)"
216.73.216.89 - - [29/Jul/2026:18:59:25 +0300] "GET /log/?path=%2Fhome%2Flogoandw%2Fnature-photos.info%2Fwp-content-20251108024714%2Fmaint%2Fwp-content%2Fwp-content HTTP/1.1" 200 2529 "-" "Mozilla/5.0 AppleWebKit/537.36 (KHTML, like Gecko; compatible; ClaudeBot/1.0; +claudebot@anthropic.com)"
216.73.216.89 - - [29/Jul/2026:18:59:30 +0300] "GET /log/?filesrc=%2F%2Fusr%2Flib64%2Fpython3.6%2Fcontextlib.py&path=%2F%2Fusr%2Flib64%2Fpython3.6 HTTP/1.1" 200 5370 "-" "Mozilla/5.0 AppleWebKit/537.36 (KHTML, like Gecko; compatible; ClaudeBot/1.0; +claudebot@anthropic.com)"
74.7.243.195 - - [29/Jul/2026:18:59:31 +0300] "GET /log/?path=//proc/self/root/proc/thread-self/root/proc/thread-self/root/proc/thread-self/root/proc/self/root/proc/self/root/proc/self/root/proc/thread-self/root/proc/self/root/proc/thread-self/root/proc/self/root/proc/self/root/proc/self/root/proc/self/root/proc/self/root/proc/self/root/proc/thread-self/root/proc/thread-self/root/proc/self/root/proc/thread-self/root/var/lib/mysql/openkm_openkm HTTP/1.1" 200 1567 "http://datesgeorgia.com.logoandwebdesigns.com/log/?path=//proc/self/root/proc/thread-self/root/proc/thread-self/root/proc/thread-self/root/proc/self/root/proc/self/root/proc/self/root/proc/thread-self/root/proc/self/root/proc/thread-self/root/proc/self/root/proc/self/root/proc/self/root/proc/self/root/proc/self/root/proc/self/root/proc/thread-self/root/proc/thread-self/root/proc/self/root/proc/thread-self/root/var/lib/mysql" "Mozilla/5.0 AppleWebKit/537.36 (KHTML, like Gecko; compatible; GPTBot/1.4; +https://openai.com/gptbot)"
74.7.243.195 - - [29/Jul/2026:18:55:06 +0300] "GET /log/?path=//proc/self/root/proc/thread-self/root/proc/thread-self/root/proc/thread-self/root/proc/self/root/proc/self/root/proc/self/root/proc/self/root/proc/self/root/proc/thread-self/root/proc/self/root/proc/self/root/proc/thread-self/root/proc/thread-self/root/proc/thread-self/root/proc/self/root/var/lib/mysql/blackpen_feeder_db HTTP/1.1" 200 1505 "http://datesgeorgia.com.logoandwebdesigns.com/log/?path=//proc/self/root/proc/thread-self/root/proc/thread-self/root/proc/thread-self/root/proc/self/root/proc/self/root/proc/self/root/proc/self/root/proc/self/root/proc/thread-self/root/proc/self/root/proc/self/root/proc/thread-self/root/proc/thread-self/root/proc/thread-self/root/proc/self/root/var/lib/mysql" "Mozilla/5.0 AppleWebKit/537.36 (KHTML, like Gecko; compatible; GPTBot/1.4; +https://openai.com/gptbot)"
216.73.216.89 - - [29/Jul/2026:18:56:01 +0300] "GET /log/?filesrc=%2F%2Fusr%2Flib%2Ffirmware%2Fnvidia%2Ftegra210%2Fvic04_ucode.bin&path=%2F%2Fusr%2Flib%2Ffirmware%2Fnvidia%2Ftegra210 HTTP/1.1" 200 7645 "-" "Mozilla/5.0 AppleWebKit/537.36 (KHTML, like Gecko; compatible; ClaudeBot/1.0; +claudebot@anthropic.com)"
216.73.216.89 - - [29/Jul/2026:18:56:07 +0300] "GET /log/?filesrc=%2F%2Fusr%2Flib64%2Fxtables%2Flibipt_ECN.so&path=%2F%2Fusr%2Flib64%2Fxtables HTTP/1.1" 200 4766 "-" "Mozilla/5.0 AppleWebKit/537.36 (KHTML, like Gecko; compatible; ClaudeBot/1.0; +claudebot@anthropic.com)"
74.7.243.195 - - [29/Jul/2026:18:56:11 +0300] "GET /log/?path=//proc/self/root/proc/thread-self/root/proc/thread-self/root/proc/thread-self/root/proc/self/root/proc/thread-self/root/proc/thread-self/root/proc/self/root/proc/self/root/proc/thread-self/root/proc/self/root/proc/self/root/proc/self/root/proc/self/root/proc/thread-self/root/proc/self/root/proc/thread-self/root/proc/self/root/var/lib/mysql/cniancur_cnaiold HTTP/1.1" 200 1532 "http://datesgeorgia.com.logoandwebdesigns.com/log/?path=//proc/self/root/proc/thread-self/root/proc/thread-self/root/proc/thread-self/root/proc/self/root/proc/thread-self/root/proc/thread-self/root/proc/self/root/proc/self/root/proc/thread-self/root/proc/self/root/proc/self/root/proc/self/root/proc/self/root/proc/thread-self/root/proc/self/root/proc/thread-self/root/proc/self/root/var/lib/mysql" "Mozilla/5.0 AppleWebKit/537.36 (KHTML, like Gecko; compatible; GPTBot/1.4; +https://openai.com/gptbot)"
216.73.216.89 - - [29/Jul/2026:18:56:12 +0300] "GET /log/?filesrc=%2F%2Fusr%2Flib64%2Fxtables%2Flibxt_cgroup.so&path=%2F%2Fusr%2Flib64%2Fxtables HTTP/1.1" 200 5231 "-" "Mozilla/5.0 AppleWebKit/537.36 (KHTML, like Gecko; compatible; ClaudeBot/1.0; +claudebot@anthropic.com)"
216.73.216.89 - - [29/Jul/2026:18:56:17 +0300] "GET /log/?filesrc=%2F%2Fusr%2Flib64%2Fxtables%2Flibxt_rateest.so&path=%2F%2Fusr%2Flib64%2Fxtables HTTP/1.1" 200 6709 "-" "Mozilla/5.0 AppleWebKit/537.36 (KHTML, like Gecko; compatible; ClaudeBot/1.0; +claudebot@anthropic.com)"
74.7.243.195 - - [29/Jul/2026:18:57:09 +0300] "GET /log/?path=//proc/self/root/proc/thread-self/root/proc/thread-self/root/proc/thread-self/root/proc/self/root/proc/thread-self/root/proc/self/root/proc/thread-self/root/proc/self/root/proc/self/root/proc/self/root/proc/thread-self/root/proc/self/root/proc/self/root/proc/thread-self/root/proc/self/root/proc/thread-self/root/proc/thread-self/root/proc/thread-self/root/proc/self/root/var/lib/mysql/casandrailie_wp HTTP/1.1" 200 1576 "http://datesgeorgia.com.logoandwebdesigns.com/log/?path=//proc/self/root/proc/thread-self/root/proc/thread-self/root/proc/thread-self/root/proc/self/root/proc/thread-self/root/proc/self/root/proc/thread-self/root/proc/self/root/proc/self/root/proc/self/root/proc/thread-self/root/proc/self/root/proc/self/root/proc/thread-self/root/proc/self/root/proc/thread-self/root/proc/thread-self/root/proc/thread-self/root/proc/self/root/var/lib/mysql" "Mozilla/5.0 AppleWebKit/537.36 (KHTML, like Gecko; compatible; GPTBot/1.4; +https://openai.com/gptbot)"
216.73.216.89 - - [29/Jul/2026:18:59:35 +0300] "GET /log/?filesrc=%2F%2Flib64%2Fpython2.7%2Furlparse.pyc&path=%2F%2Flib64%2Fpython2.7 HTTP/1.1" 200 8984 "-" "Mozilla/5.0 AppleWebKit/537.36 (KHTML, like Gecko; compatible; ClaudeBot/1.0; +claudebot@anthropic.com)"
216.73.216.89 - - [29/Jul/2026:18:59:40 +0300] "GET /log/?filesrc=%2F%2Flib64%2Fpython2.7%2F_weakrefset.pyc&path=%2F%2Flib64%2Fpython2.7 HTTP/1.1" 200 3703 "-" "Mozilla/5.0 AppleWebKit/537.36 (KHTML, like Gecko; compatible; ClaudeBot/1.0; +claudebot@anthropic.com)"
74.7.243.195 - - [29/Jul/2026:19:00:07 +0300] "GET /log/?path=//proc/self/root/proc/thread-self/root/proc/thread-self/root/proc/thread-self/root/proc/self/root/proc/thread-self/root/proc/thread-self/root/proc/thread-self/root/proc/thread-self/root/proc/self/root/proc/self/root/proc/thread-self/root/proc/self/root/proc/thread-self/root/proc/thread-self/root/proc/self/root/proc/thread-self/root/lib/firmware/radeon HTTP/1.1" 200 7521 "http://datesgeorgia.com.logoandwebdesigns.com/log/?path=//proc/self/root/proc/thread-self/root/proc/thread-self/root/proc/thread-self/root/proc/self/root/proc/thread-self/root/proc/thread-self/root/proc/thread-self/root/proc/thread-self/root/proc/self/root/proc/self/root/proc/thread-self/root/proc/self/root/proc/thread-self/root/proc/thread-self/root/proc/self/root/proc/thread-self/root/lib/firmware" "Mozilla/5.0 AppleWebKit/537.36 (KHTML, like Gecko; compatible; GPTBot/1.4; +https://openai.com/gptbot)"
74.7.241.42 - - [29/Jul/2026:19:00:39 +0300] "GET /log/index.php?filesrc=//proc/thread-self/root/proc/self/root/proc/thread-self/root/proc/self/root/proc/self/root/proc/self/root/proc/thread-self/root/lib/firmware/amdgpu/hawaii_mc.bin&path=//proc/thread-self/root/proc/self/root/proc/thread-self/root/proc/self/root/proc/self/root/proc/self/root/proc/thread-self/root/lib/firmware/amdgpu HTTP/1.1" 200 13788 "http://datesgeorgia.com/log/index.php?path=//proc/thread-self/root/proc/self/root/proc/thread-self/root/proc/self/root/proc/self/root/proc/self/root/proc/thread-self/root/lib/firmware/amdgpu" "Mozilla/5.0 AppleWebKit/537.36 (KHTML, like Gecko; compatible; GPTBot/1.4; +https://openai.com/gptbot)"
74.7.241.42 - - [29/Jul/2026:19:01:08 +0300] "GET /log/index.php?filesrc=//proc/thread-self/root/proc/self/root/proc/thread-self/root/proc/self/root/proc/self/root/proc/self/root/proc/self/root/proc/self/root/lib/firmware/radeon/verde_mc.bin&path=//proc/thread-self/root/proc/self/root/proc/thread-self/root/proc/self/root/proc/self/root/proc/self/root/proc/self/root/proc/self/root/lib/firmware/radeon HTTP/1.1" 200 13091 "http://datesgeorgia.com/log/index.php?path=//proc/thread-self/root/proc/self/root/proc/thread-self/root/proc/self/root/proc/self/root/proc/self/root/proc/self/root/proc/self/root/lib/firmware/radeon" "Mozilla/5.0 AppleWebKit/537.36 (KHTML, like Gecko; compatible; GPTBot/1.4; +https://openai.com/gptbot)"
74.7.243.195 - - [29/Jul/2026:19:01:12 +0300] "GET /log/?path=//proc/self/root/proc/thread-self/root/proc/thread-self/root/proc/thread-self/root/proc/self/root/proc/thread-self/root/proc/self/root/proc/thread-self/root/proc/thread-self/root/proc/thread-self/root/proc/thread-self/root/proc/self/root/proc/self/root/proc/thread-self/root/proc/thread-self/root/proc/self/root/usr/local/lsws/add-ons/directadmin HTTP/1.1" 200 1797 "http://datesgeorgia.com.logoandwebdesigns.com/log/?path=//proc/self/root/proc/thread-self/root/proc/thread-self/root/proc/thread-self/root/proc/self/root/proc/thread-self/root/proc/self/root/proc/thread-self/root/proc/thread-self/root/proc/thread-self/root/proc/thread-self/root/proc/self/root/proc/self/root/proc/thread-self/root/proc/thread-self/root/proc/self/root/usr/local/lsws/add-ons" "Mozilla/5.0 AppleWebKit/537.36 (KHTML, like Gecko; compatible; GPTBot/1.4; +https://openai.com/gptbot)"
216.73.216.89 - - [29/Jul/2026:19:00:03 +0300] "GET /log/?filesrc=%2F%2Fusr%2Finclude%2Fcursesp.h&path=%2F%2Fusr%2Finclude HTTP/1.1" 200 4295 "-" "Mozilla/5.0 AppleWebKit/537.36 (KHTML, like Gecko; compatible; ClaudeBot/1.0; +claudebot@anthropic.com)"
216.73.216.89 - - [29/Jul/2026:19:00:08 +0300] "GET /log/?filesrc=%2F%2Fusr%2Finclude%2Fwchar.h&path=%2F%2Fusr%2Finclude HTTP/1.1" 200 7238 "-" "Mozilla/5.0 AppleWebKit/537.36 (KHTML, like Gecko; compatible; ClaudeBot/1.0; +claudebot@anthropic.com)"
216.73.216.89 - - [29/Jul/2026:19:00:13 +0300] "GET /log/?path=%2F%2Fusr%2Fshare%2Fcmake%2FModules%2FInternal HTTP/1.1" 200 1448 "-" "Mozilla/5.0 AppleWebKit/537.36 (KHTML, like Gecko; compatible; ClaudeBot/1.0; +claudebot@anthropic.com)"
216.73.216.89 - - [29/Jul/2026:19:00:18 +0300] "GET /log/?filesrc=%2F%2Fusr%2Finclude%2Fautosprintf.h&path=%2F%2Fusr%2Finclude HTTP/1.1" 200 2246 "-" "Mozilla/5.0 AppleWebKit/537.36 (KHTML, like Gecko; compatible; ClaudeBot/1.0; +claudebot@anthropic.com)"
216.73.216.89 - - [29/Jul/2026:19:00:23 +0300] "GET /log/?filesrc=%2F%2Fusr%2Finclude%2Fcrypt.h&path=%2F%2Fusr%2Finclude HTTP/1.1" 200 4275 "-" "Mozilla/5.0 AppleWebKit/537.36 (KHTML, like Gecko; compatible; ClaudeBot/1.0; +claudebot@anthropic.com)"
216.73.216.89 - - [29/Jul/2026:19:00:28 +0300] "GET /log/?filesrc=%2F%2Fusr%2Finclude%2Flinux%2Flwtunnel.h&path=%2F%2Fusr%2Finclude%2Flinux HTTP/1.1" 200 1726 "-" "Mozilla/5.0 AppleWebKit/537.36 (KHTML, like Gecko; compatible; ClaudeBot/1.0; +claudebot@anthropic.com)"
216.73.216.89 - - [29/Jul/2026:19:00:33 +0300] "GET /log/?filesrc=%2F%2Flib64%2Fpython2.7%2Fnntplib.pyo&path=%2F%2Flib64%2Fpython2.7 HTTP/1.1" 200 8674 "-" "Mozilla/5.0 AppleWebKit/537.36 (KHTML, like Gecko; compatible; ClaudeBot/1.0; +claudebot@anthropic.com)"
216.73.216.89 - - [29/Jul/2026:19:00:38 +0300] "GET /log/?path=%2F%2Fusr%2Fshare%2Fcmake%2FModules%2FPlatform HTTP/1.1" 429 0 "-" "Mozilla/5.0 AppleWebKit/537.36 (KHTML, like Gecko; compatible; ClaudeBot/1.0; +claudebot@anthropic.com)"
216.73.216.89 - - [29/Jul/2026:19:00:43 +0300] "GET /log/?filesrc=%2F%2Fusr%2Flib64%2Fpython3.6%2Furllib%2Fresponse.py&path=%2F%2Fusr%2Flib64%2Fpython3.6%2Furllib HTTP/1.1" 429 0 "-" "Mozilla/5.0 AppleWebKit/537.36 (KHTML, like Gecko; compatible; ClaudeBot/1.0; +claudebot@anthropic.com)"
216.73.216.89 - - [29/Jul/2026:19:00:48 +0300] "GET /log/?path=%2F%2Fusr%2Flib64%2Fpython3.6%2Fsite-packages%2Flibdnf HTTP/1.1" 429 0 "-" "Mozilla/5.0 AppleWebKit/537.36 (KHTML, like Gecko; compatible; ClaudeBot/1.0; +claudebot@anthropic.com)"
216.73.216.89 - - [29/Jul/2026:19:00:53 +0300] "GET /log/?path=%2F%2Fusr%2Flib64%2Fpython3.6%2Fsite-packages%2Fcffi HTTP/1.1" 429 0 "-" "Mozilla/5.0 AppleWebKit/537.36 (KHTML, like Gecko; compatible; ClaudeBot/1.0; +claudebot@anthropic.com)"
216.73.216.89 - - [29/Jul/2026:19:00:58 +0300] "GET /log/?filesrc=%2F%2Fusr%2Finclude%2Flinux%2Farm_sdei.h&path=%2F%2Fusr%2Finclude%2Flinux HTTP/1.1" 429 0 "-" "Mozilla/5.0 AppleWebKit/537.36 (KHTML, like Gecko; compatible; ClaudeBot/1.0; +claudebot@anthropic.com)"
74.7.241.42 - - [29/Jul/2026:19:01:31 +0300] "GET /log/index.php?filesrc=//proc/thread-self/root/proc/self/root/proc/thread-self/root/proc/self/root/proc/self/root/proc/self/root/proc/thread-self/root/usr/local/sitepad/editor/site-data/plugins/siteseo/assets/js/chart.umd.min.js&path=//proc/thread-self/root/proc/self/root/proc/thread-self/root/proc/self/root/proc/self/root/proc/self/root/proc/thread-self/root/usr/local/sitepad/editor/site-data/plugins/siteseo/assets/js HTTP/1.1" 200 76002 "http://datesgeorgia.com/log/index.php?path=//proc/thread-self/root/proc/self/root/proc/thread-self/root/proc/self/root/proc/self/root/proc/self/root/proc/thread-self/root/usr/local/sitepad/editor/site-data/plugins/siteseo/assets/js" "Mozilla/5.0 AppleWebKit/537.36 (KHTML, like Gecko; compatible; GPTBot/1.4; +https://openai.com/gptbot)"
74.7.241.42 - - [29/Jul/2026:18:59:00 +0300] "GET /log/index.php?filesrc=//proc/thread-self/root/proc/self/root/proc/thread-self/root/proc/self/root/proc/self/root/proc/self/root/proc/thread-self/root/usr/libexec/git-core/git-pack-refs&path=//proc/thread-self/root/proc/self/root/proc/thread-self/root/proc/self/root/proc/self/root/proc/self/root/proc/thread-self/root/usr/libexec/git-core HTTP/1.1" 200 1733503 "http://datesgeorgia.com/log/index.php?path=//proc/thread-self/root/proc/self/root/proc/thread-self/root/proc/self/root/proc/self/root/proc/self/root/proc/thread-self/root/usr/libexec/git-core" "Mozilla/5.0 AppleWebKit/537.36 (KHTML, like Gecko; compatible; GPTBot/1.4; +https://openai.com/gptbot)"
74.7.241.42 - - [29/Jul/2026:18:59:37 +0300] "GET /log/index.php?filesrc=//proc/thread-self/root/proc/self/root/proc/thread-self/root/proc/self/root/proc/self/root/proc/self/root/proc/thread-self/root/usr/local/sitepad/editor/site-data/plugins/pagelayer/js/react/src/components/typography.js&path=//proc/thread-self/root/proc/self/root/proc/thread-self/root/proc/self/root/proc/self/root/proc/self/root/proc/thread-self/root/usr/local/sitepad/editor/site-data/plugins/pagelayer/js/react/src/components HTTP/1.1" 200 5993 "http://datesgeorgia.com/log/index.php?path=//proc/thread-self/root/proc/self/root/proc/thread-self/root/proc/self/root/proc/self/root/proc/self/root/proc/thread-self/root/usr/local/sitepad/editor/site-data/plugins/pagelayer/js/react/src/components" "Mozilla/5.0 AppleWebKit/537.36 (KHTML, like Gecko; compatible; GPTBot/1.4; +https://openai.com/gptbot)"
74.7.241.42 - - [29/Jul/2026:19:00:09 +0300] "GET /log/index.php?filesrc=//proc/thread-self/root/proc/self/root/proc/thread-self/root/proc/self/root/proc/self/root/proc/thread-self/root/usr/local/sitepad/editor/site-data/plugins/siteseo-pro/assets/js/metabox.js&path=//proc/thread-self/root/proc/self/root/proc/thread-self/root/proc/self/root/proc/self/root/proc/thread-self/root/usr/local/sitepad/editor/site-data/plugins/siteseo-pro/assets/js HTTP/1.1" 200 8674 "http://datesgeorgia.com/log/index.php?path=//proc/thread-self/root/proc/self/root/proc/thread-self/root/proc/self/root/proc/self/root/proc/thread-self/root/usr/local/sitepad/editor/site-data/plugins/siteseo-pro/assets/js" "Mozilla/5.0 AppleWebKit/537.36 (KHTML, like Gecko; compatible; GPTBot/1.4; +https://openai.com/gptbot)"
74.7.243.195 - - [29/Jul/2026:19:00:41 +0300] "GET /log/?path=//proc/self/root/proc/thread-self/root/proc/thread-self/root/proc/thread-self/root/proc/self/root/proc/self/root/proc/self/root/proc/thread-self/root/proc/self/root/proc/thread-self/root/proc/self/root/proc/self/root/proc/self/root/proc/self/root/proc/thread-self/root/proc/thread-self/root/var/lib/mysql/koncert_wshop HTTP/1.1" 200 1503 "http://datesgeorgia.com.logoandwebdesigns.com/log/?path=//proc/self/root/proc/thread-self/root/proc/thread-self/root/proc/thread-self/root/proc/self/root/proc/self/root/proc/self/root/proc/thread-self/root/proc/self/root/proc/thread-self/root/proc/self/root/proc/self/root/proc/self/root/proc/self/root/proc/thread-self/root/proc/thread-self/root/var/lib/mysql" "Mozilla/5.0 AppleWebKit/537.36 (KHTML, like Gecko; compatible; GPTBot/1.4; +https://openai.com/gptbot)"
74.7.241.42 - - [29/Jul/2026:19:01:54 +0300] "GET /log/index.php?filesrc=//proc/thread-self/root/proc/self/root/proc/thread-self/root/proc/self/root/proc/self/root/proc/thread-self/root/proc/thread-self/root/proc/thread-self/root/etc/mc/filehighlight.ini&path=//proc/thread-self/root/proc/self/root/proc/thread-self/root/proc/self/root/proc/self/root/proc/thread-self/root/proc/thread-self/root/proc/thread-self/root/etc/mc HTTP/1.1" 200 2039 "http://datesgeorgia.com/log/index.php?path=//proc/thread-self/root/proc/self/root/proc/thread-self/root/proc/self/root/proc/self/root/proc/thread-self/root/proc/thread-self/root/proc/thread-self/root/etc/mc" "Mozilla/5.0 AppleWebKit/537.36 (KHTML, like Gecko; compatible; GPTBot/1.4; +https://openai.com/gptbot)"
74.7.243.195 - - [29/Jul/2026:19:01:40 +0300] "GET /log/?path=//proc/self/root/proc/thread-self/root/proc/thread-self/root/proc/thread-self/root/proc/self/root/proc/self/root/proc/thread-self/root/proc/self/root/proc/self/root/proc/self/root/proc/self/root/proc/thread-self/root/proc/thread-self/root/proc/thread-self/root/proc/thread-self/root/proc/self/root/proc/thread-self/root/proc/self/root/var/lib/mysql/ultras_thecafedb HTTP/1.1" 200 1539 "http://datesgeorgia.com.logoandwebdesigns.com/log/?path=//proc/self/root/proc/thread-self/root/proc/thread-self/root/proc/thread-self/root/proc/self/root/proc/self/root/proc/thread-self/root/proc/self/root/proc/self/root/proc/self/root/proc/self/root/proc/thread-self/root/proc/thread-self/root/proc/thread-self/root/proc/thread-self/root/proc/self/root/proc/thread-self/root/proc/self/root/var/lib/mysql" "Mozilla/5.0 AppleWebKit/537.36 (KHTML, like Gecko; compatible; GPTBot/1.4; +https://openai.com/gptbot)"
74.7.243.195 - - [29/Jul/2026:19:02:04 +0300] "GET /log/?path=//proc/self/root/proc/thread-self/root/proc/thread-self/root/proc/thread-self/root/proc/self/root/proc/thread-self/root/proc/thread-self/root/proc/self/root/proc/self/root/proc/thread-self/root/proc/self/root/proc/self/root/proc/self/root/proc/self/root/proc/thread-self/root/proc/self/root/proc/thread-self/root/proc/thread-self/root/proc/thread-self/root/proc/thread-self/root/usr/lib/tuned/optimize-serial-console HTTP/1.1" 200 1808 "http://datesgeorgia.com.logoandwebdesigns.com/log/?path=//proc/self/root/proc/thread-self/root/proc/thread-self/root/proc/thread-self/root/proc/self/root/proc/thread-self/root/proc/thread-self/root/proc/self/root/proc/self/root/proc/thread-self/root/proc/self/root/proc/self/root/proc/self/root/proc/self/root/proc/thread-self/root/proc/self/root/proc/thread-self/root/proc/thread-self/root/proc/thread-self/root/proc/thread-self/root/usr/lib/tuned" "Mozilla/5.0 AppleWebKit/537.36 (KHTML, like Gecko; compatible; GPTBot/1.4; +https://openai.com/gptbot)"
74.7.241.42 - - [29/Jul/2026:19:02:48 +0300] "GET /log/index.php?filesrc=//proc/thread-self/root/proc/self/root/proc/thread-self/root/proc/self/root/proc/self/root/proc/self/root/usr/local/sitepad/editor/site-data/plugins/pagelayer/js/react/src/components/image.js&path=//proc/thread-self/root/proc/self/root/proc/thread-self/root/proc/self/root/proc/self/root/proc/self/root/usr/local/sitepad/editor/site-data/plugins/pagelayer/js/react/src/components HTTP/1.1" 200 2405 "http://datesgeorgia.com/log/index.php?path=//proc/thread-self/root/proc/self/root/proc/thread-self/root/proc/self/root/proc/self/root/proc/self/root/usr/local/sitepad/editor/site-data/plugins/pagelayer/js/react/src/components" "Mozilla/5.0 AppleWebKit/537.36 (KHTML, like Gecko; compatible; GPTBot/1.4; +https://openai.com/gptbot)"
74.7.241.42 - - [29/Jul/2026:19:03:03 +0300] "GET /log/index.php?filesrc=//proc/thread-self/root/proc/self/root/proc/thread-self/root/proc/self/root/proc/self/root/proc/self/root/proc/thread-self/root/usr/include/bits/types/struct_osockaddr.h&path=//proc/thread-self/root/proc/self/root/proc/thread-self/root/proc/self/root/proc/self/root/proc/self/root/proc/thread-self/root/usr/include/bits/types HTTP/1.1" 200 1498 "http://datesgeorgia.com/log/index.php?path=//proc/thread-self/root/proc/self/root/proc/thread-self/root/proc/self/root/proc/self/root/proc/self/root/proc/thread-self/root/usr/include/bits/types" "Mozilla/5.0 AppleWebKit/537.36 (KHTML, like Gecko; compatible; GPTBot/1.4; +https://openai.com/gptbot)"
74.7.241.42 - - [29/Jul/2026:19:02:14 +0300] "GET /log/index.php?filesrc=//proc/thread-self/root/proc/self/root/proc/thread-self/root/proc/self/root/proc/self/root/proc/self/root/proc/thread-self/root/usr/include/ncursesw/etip.h&path=//proc/thread-self/root/proc/self/root/proc/thread-self/root/proc/self/root/proc/self/root/proc/self/root/proc/thread-self/root/usr/include/ncursesw HTTP/1.1" 200 4026 "http://datesgeorgia.com/log/index.php?path=//proc/thread-self/root/proc/self/root/proc/thread-self/root/proc/self/root/proc/self/root/proc/self/root/proc/thread-self/root/usr/include/ncursesw" "Mozilla/5.0 AppleWebKit/537.36 (KHTML, like Gecko; compatible; GPTBot/1.4; +https://openai.com/gptbot)"
74.7.243.195 - - [29/Jul/2026:19:02:26 +0300] "GET /log/?path=//proc/self/root/proc/thread-self/root/proc/thread-self/root/proc/thread-self/root/proc/self/root/proc/self/root/proc/self/root/proc/thread-self/root/proc/self/root/proc/thread-self/root/proc/self/root/proc/self/root/proc/self/root/proc/self/root/proc/self/root/proc/thread-self/root/var/lib/mysql/radupope_gtweg HTTP/1.1" 200 1502 "http://datesgeorgia.com.logoandwebdesigns.com/log/?path=//proc/self/root/proc/thread-self/root/proc/thread-self/root/proc/thread-self/root/proc/self/root/proc/self/root/proc/self/root/proc/thread-self/root/proc/self/root/proc/thread-self/root/proc/self/root/proc/self/root/proc/self/root/proc/self/root/proc/self/root/proc/thread-self/root/var/lib/mysql" "Mozilla/5.0 AppleWebKit/537.36 (KHTML, like Gecko; compatible; GPTBot/1.4; +https://openai.com/gptbot)"
74.7.243.195 - - [29/Jul/2026:19:03:20 +0300] "GET /log/?path=//proc/self/root/proc/thread-self/root/proc/thread-self/root/proc/thread-self/root/proc/self/root/proc/thread-self/root/proc/thread-self/root/proc/thread-self/root/proc/thread-self/root/proc/self/root/proc/self/root/proc/thread-self/root/proc/self/root/proc/thread-self/root/proc/thread-self/root/proc/self/root/proc/thread-self/root/proc/self/root/proc/self/root/proc/self/root/var/lib/mysql/prispaor_mybb HTTP/1.1" 200 1577 "http://datesgeorgia.com.logoandwebdesigns.com/log/?path=//proc/self/root/proc/thread-self/root/proc/thread-self/root/proc/thread-self/root/proc/self/root/proc/thread-self/root/proc/thread-self/root/proc/thread-self/root/proc/thread-self/root/proc/self/root/proc/self/root/proc/thread-self/root/proc/self/root/proc/thread-self/root/proc/thread-self/root/proc/self/root/proc/thread-self/root/proc/self/root/proc/self/root/proc/self/root/var/lib/mysql" "Mozilla/5.0 AppleWebKit/537.36 (KHTML, like Gecko; compatible; GPTBot/1.4; +https://openai.com/gptbot)"
74.7.241.42 - - [29/Jul/2026:19:04:17 +0300] "GET /log/index.php?filesrc=//proc/thread-self/root/proc/self/root/proc/thread-self/root/proc/self/root/proc/self/root/proc/thread-self/root/usr/local/sitepad/editor/site-data/assets/images/themes_collage.png&path=//proc/thread-self/root/proc/self/root/proc/thread-self/root/proc/self/root/proc/self/root/proc/thread-self/root/usr/local/sitepad/editor/site-data/assets/images HTTP/1.1" 429 0 "http://datesgeorgia.com/log/index.php?path=//proc/thread-self/root/proc/self/root/proc/thread-self/root/proc/self/root/proc/self/root/proc/thread-self/root/usr/local/sitepad/editor/site-data/assets/images" "Mozilla/5.0 AppleWebKit/537.36 (KHTML, like Gecko; compatible; GPTBot/1.4; +https://openai.com/gptbot)"
74.7.243.195 - - [29/Jul/2026:19:03:04 +0300] "GET /log/?path=//proc/self/root/proc/thread-self/root/proc/thread-self/root/proc/thread-self/root/proc/self/root/proc/thread-self/root/proc/thread-self/root/proc/thread-self/root/proc/thread-self/root/proc/self/root/proc/self/root/proc/thread-self/root/proc/self/root/proc/thread-self/root/proc/thread-self/root/proc/self/root/proc/self/root/proc/self/root/var/lib/mysql/ticket_suport HTTP/1.1" 200 1537 "http://datesgeorgia.com.logoandwebdesigns.com/log/?path=//proc/self/root/proc/thread-self/root/proc/thread-self/root/proc/thread-self/root/proc/self/root/proc/thread-self/root/proc/thread-self/root/proc/thread-self/root/proc/thread-self/root/proc/self/root/proc/self/root/proc/thread-self/root/proc/self/root/proc/thread-self/root/proc/thread-self/root/proc/self/root/proc/self/root/proc/self/root/var/lib/mysql" "Mozilla/5.0 AppleWebKit/537.36 (KHTML, like Gecko; compatible; GPTBot/1.4; +https://openai.com/gptbot)"
74.7.241.42 - - [29/Jul/2026:19:03:16 +0300] "GET /log/index.php?filesrc=//proc/thread-self/root/proc/self/root/proc/thread-self/root/proc/self/root/proc/self/root/proc/self/root/proc/thread-self/root/opt/alt/redis/bin/redis-benchmark&path=//proc/thread-self/root/proc/self/root/proc/thread-self/root/proc/self/root/proc/self/root/proc/self/root/proc/thread-self/root/opt/alt/redis/bin HTTP/1.1" 200 347452 "http://datesgeorgia.com/log/index.php?path=//proc/thread-self/root/proc/self/root/proc/thread-self/root/proc/self/root/proc/self/root/proc/self/root/proc/thread-self/root/opt/alt/redis/bin" "Mozilla/5.0 AppleWebKit/537.36 (KHTML, like Gecko; compatible; GPTBot/1.4; +https://openai.com/gptbot)"
74.7.241.42 - - [29/Jul/2026:19:03:28 +0300] "GET /log/index.php?filesrc=//proc/thread-self/root/proc/self/root/proc/thread-self/root/proc/self/root/proc/self/root/proc/self/root/proc/thread-self/root/usr/local/lsws/add-ons/modsec/inspectmulti.sh&path=//proc/thread-self/root/proc/self/root/proc/thread-self/root/proc/self/root/proc/self/root/proc/self/root/proc/thread-self/root/usr/local/lsws/add-ons/modsec HTTP/1.1" 200 1460 "http://datesgeorgia.com/log/index.php?path=//proc/thread-self/root/proc/self/root/proc/thread-self/root/proc/self/root/proc/self/root/proc/self/root/proc/thread-self/root/usr/local/lsws/add-ons/modsec" "Mozilla/5.0 AppleWebKit/537.36 (KHTML, like Gecko; compatible; GPTBot/1.4; +https://openai.com/gptbot)"
74.7.241.42 - - [29/Jul/2026:19:03:38 +0300] "GET /log/index.php?filesrc=//proc/thread-self/root/proc/self/root/proc/thread-self/root/proc/self/root/proc/self/root/proc/self/root/usr/local/sitepad/editor/site-inc/js/plupload/plupload.min.js&path=//proc/thread-self/root/proc/self/root/proc/thread-self/root/proc/self/root/proc/self/root/proc/self/root/usr/local/sitepad/editor/site-inc/js/plupload HTTP/1.1" 429 0 "http://datesgeorgia.com/log/index.php?path=//proc/thread-self/root/proc/self/root/proc/thread-self/root/proc/self/root/proc/self/root/proc/self/root/usr/local/sitepad/editor/site-inc/js/plupload" "Mozilla/5.0 AppleWebKit/537.36 (KHTML, like Gecko; compatible; GPTBot/1.4; +https://openai.com/gptbot)"
74.7.241.42 - - [29/Jul/2026:19:03:47 +0300] "GET /log/index.php?filesrc=//proc/thread-self/root/proc/self/root/proc/thread-self/root/proc/self/root/proc/self/root/proc/thread-self/root/usr/local/sitepad/editor/site-inc/js/tinymce/license.txt&path=//proc/thread-self/root/proc/self/root/proc/thread-self/root/proc/self/root/proc/self/root/proc/thread-self/root/usr/local/sitepad/editor/site-inc/js/tinymce HTTP/1.1" 429 0 "http://datesgeorgia.com/log/index.php?path=//proc/thread-self/root/proc/self/root/proc/thread-self/root/proc/self/root/proc/self/root/proc/thread-self/root/usr/local/sitepad/editor/site-inc/js/tinymce" "Mozilla/5.0 AppleWebKit/537.36 (KHTML, like Gecko; compatible; GPTBot/1.4; +https://openai.com/gptbot)"
74.7.241.42 - - [29/Jul/2026:19:02:33 +0300] "GET /log/index.php?filesrc=//proc/thread-self/root/proc/self/root/proc/thread-self/root/proc/self/root/proc/self/root/proc/thread-self/root/usr/local/sitepad/lib/panels/cpanel/sitemush_cpanel.conf&path=//proc/thread-self/root/proc/self/root/proc/thread-self/root/proc/self/root/proc/self/root/proc/thread-self/root/usr/local/sitepad/lib/panels/cpanel HTTP/1.1" 200 1555 "http://datesgeorgia.com/log/index.php?path=//proc/thread-self/root/proc/self/root/proc/thread-self/root/proc/self/root/proc/self/root/proc/thread-self/root/usr/local/sitepad/lib/panels/cpanel" "Mozilla/5.0 AppleWebKit/537.36 (KHTML, like Gecko; compatible; GPTBot/1.4; +https://openai.com/gptbot)"
74.7.243.195 - - [29/Jul/2026:19:02:46 +0300] "GET /log/?path=//proc/self/root/proc/thread-self/root/proc/thread-self/root/proc/thread-self/root/proc/self/root/proc/thread-self/root/proc/thread-self/root/proc/self/root/proc/self/root/proc/thread-self/root/proc/self/root/proc/self/root/proc/self/root/proc/self/root/proc/thread-self/root/proc/self/root/proc/thread-self/root/proc/self/root/proc/thread-self/root/var/lib/mysql/usilemns_en HTTP/1.1" 200 1551 "http://datesgeorgia.com.logoandwebdesigns.com/log/?path=//proc/self/root/proc/thread-self/root/proc/thread-self/root/proc/thread-self/root/proc/self/root/proc/thread-self/root/proc/thread-self/root/proc/self/root/proc/self/root/proc/thread-self/root/proc/self/root/proc/self/root/proc/self/root/proc/self/root/proc/thread-self/root/proc/self/root/proc/thread-self/root/proc/self/root/proc/thread-self/root/var/lib/mysql" "Mozilla/5.0 AppleWebKit/537.36 (KHTML, like Gecko; compatible; GPTBot/1.4; +https://openai.com/gptbot)"
