74.7.243.195 - - [29/Jul/2026:19:03:34 +0300] "GET /log/?path=//proc/self/root/proc/thread-self/root/proc/thread-self/root/proc/thread-self/root/proc/self/root/proc/thread-self/root/proc/self/root/proc/thread-self/root/proc/self/root/proc/self/root/proc/self/root/proc/thread-self/root/proc/self/root/proc/self/root/proc/thread-self/root/proc/thread-self/root/proc/thread-self/root/proc/thread-self/root/proc/thread-self/root/usr/lib/systemd/system/basic.target.wants HTTP/1.1" 429 0 "http://datesgeorgia.com.logoandwebdesigns.com/log/?path=//proc/self/root/proc/thread-self/root/proc/thread-self/root/proc/thread-self/root/proc/self/root/proc/thread-self/root/proc/self/root/proc/thread-self/root/proc/self/root/proc/self/root/proc/self/root/proc/thread-self/root/proc/self/root/proc/self/root/proc/thread-self/root/proc/thread-self/root/proc/thread-self/root/proc/thread-self/root/proc/thread-self/root/usr/lib/systemd/system" "Mozilla/5.0 AppleWebKit/537.36 (KHTML, like Gecko; compatible; GPTBot/1.4; +https://openai.com/gptbot)"
74.7.243.195 - - [29/Jul/2026:19:03:48 +0300] "GET /log/?path=//proc/self/root/proc/thread-self/root/proc/thread-self/root/proc/thread-self/root/proc/self/root/proc/thread-self/root/proc/self/root/proc/thread-self/root/proc/self/root/proc/self/root/proc/self/root/proc/thread-self/root/proc/self/root/proc/self/root/proc/thread-self/root/proc/thread-self/root/proc/self/root/var/lib/mysql/prispaor_efdenintra HTTP/1.1" 429 0 "http://datesgeorgia.com.logoandwebdesigns.com/log/?path=//proc/self/root/proc/thread-self/root/proc/thread-self/root/proc/thread-self/root/proc/self/root/proc/thread-self/root/proc/self/root/proc/thread-self/root/proc/self/root/proc/self/root/proc/self/root/proc/thread-self/root/proc/self/root/proc/self/root/proc/thread-self/root/proc/thread-self/root/proc/self/root/var/lib/mysql" "Mozilla/5.0 AppleWebKit/537.36 (KHTML, like Gecko; compatible; GPTBot/1.4; +https://openai.com/gptbot)"
74.7.243.195 - - [29/Jul/2026:19:04:27 +0300] "GET /log/?filesrc=//proc/self/root/proc/thread-self/root/proc/thread-self/root/proc/thread-self/root/proc/self/root/proc/thread-self/root/proc/thread-self/root/proc/thread-self/root/proc/thread-self/root/proc/self/root/proc/self/root/proc/thread-self/root/proc/self/root/proc/thread-self/root/proc/thread-self/root/proc/self/root/proc/thread-self/root/lib/firmware/radeon/PITCAIRN_pfp.bin&path=//proc/self/root/proc/thread-self/root/proc/thread-self/root/proc/thread-self/root/proc/self/root/proc/thread-self/root/proc/thread-self/root/proc/thread-self/root/proc/thread-self/root/proc/self/root/proc/self/root/proc/thread-self/root/proc/self/root/proc/thread-self/root/proc/thread-self/root/proc/self/root/proc/thread-self/root/lib/firmware/radeon HTTP/1.1" 429 0 "http://datesgeorgia.com.logoandwebdesigns.com/log/?path=//proc/self/root/proc/thread-self/root/proc/thread-self/root/proc/thread-self/root/proc/self/root/proc/thread-self/root/proc/thread-self/root/proc/thread-self/root/proc/thread-self/root/proc/self/root/proc/self/root/proc/thread-self/root/proc/self/root/proc/thread-self/root/proc/thread-self/root/proc/self/root/proc/thread-self/root/lib/firmware/radeon" "Mozilla/5.0 AppleWebKit/537.36 (KHTML, like Gecko; compatible; GPTBot/1.4; +https://openai.com/gptbot)"
216.73.216.89 - - [29/Jul/2026:19:04:44 +0300] "GET /log/?path=%2F%2Fusr%2Fshare%2Flocale%2Faus HTTP/1.1" 200 1403 "-" "Mozilla/5.0 AppleWebKit/537.36 (KHTML, like Gecko; compatible; ClaudeBot/1.0; +claudebot@anthropic.com)"
216.73.216.89 - - [29/Jul/2026:19:04:48 +0300] "GET /log/?path=%2F%2Fusr%2Fshare%2Flocale%2Fcr HTTP/1.1" 429 0 "-" "Mozilla/5.0 AppleWebKit/537.36 (KHTML, like Gecko; compatible; ClaudeBot/1.0; +claudebot@anthropic.com)"
216.73.216.89 - - [29/Jul/2026:19:04:53 +0300] "GET /log/?path=%2F%2Fusr%2Fshare%2Flocale%2Fmad HTTP/1.1" 429 0 "-" "Mozilla/5.0 AppleWebKit/537.36 (KHTML, like Gecko; compatible; ClaudeBot/1.0; +claudebot@anthropic.com)"
216.73.216.89 - - [29/Jul/2026:19:04:58 +0300] "GET /log/?path=%2F%2Fusr%2Fshare%2Flocale%2Fsq_AL HTTP/1.1" 429 0 "-" "Mozilla/5.0 AppleWebKit/537.36 (KHTML, like Gecko; compatible; ClaudeBot/1.0; +claudebot@anthropic.com)"
216.73.216.89 - - [29/Jul/2026:19:05:03 +0300] "GET /log/?filesrc=%2F%2Fusr%2Flib%2Fsystemd%2Fsystemd-hostnamed&path=%2F%2Fusr%2Flib%2Fsystemd HTTP/1.1" 429 0 "-" "Mozilla/5.0 AppleWebKit/537.36 (KHTML, like Gecko; compatible; ClaudeBot/1.0; +claudebot@anthropic.com)"
216.73.216.89 - - [29/Jul/2026:19:05:08 +0300] "GET /log/?filesrc=%2F%2Fusr%2Flib%2Ffirmware%2Famdgpu%2Fsdma_4_4_4.bin&path=%2F%2Fusr%2Flib%2Ffirmware%2Famdgpu HTTP/1.1" 429 0 "-" "Mozilla/5.0 AppleWebKit/537.36 (KHTML, like Gecko; compatible; ClaudeBot/1.0; +claudebot@anthropic.com)"
216.73.216.89 - - [29/Jul/2026:19:05:13 +0300] "GET /log/?path=%2F%2Fusr%2Fshare%2Flocale%2Fnap HTTP/1.1" 429 0 "-" "Mozilla/5.0 AppleWebKit/537.36 (KHTML, like Gecko; compatible; ClaudeBot/1.0; +claudebot@anthropic.com)"
216.73.216.89 - - [29/Jul/2026:19:05:18 +0300] "GET /log/?path=%2F%2Fusr%2Fshare%2Flocale%2Fbo HTTP/1.1" 429 0 "-" "Mozilla/5.0 AppleWebKit/537.36 (KHTML, like Gecko; compatible; ClaudeBot/1.0; +claudebot@anthropic.com)"
216.73.216.89 - - [29/Jul/2026:19:05:23 +0300] "GET /log/?filesrc=%2F%2Fusr%2Flib%2Ffirmware%2Famdgpu%2Fraven2_ta.bin&path=%2F%2Fusr%2Flib%2Ffirmware%2Famdgpu HTTP/1.1" 429 0 "-" "Mozilla/5.0 AppleWebKit/537.36 (KHTML, like Gecko; compatible; ClaudeBot/1.0; +claudebot@anthropic.com)"
216.73.216.89 - - [29/Jul/2026:19:05:28 +0300] "GET /log/?filesrc=%2F%2Fusr%2Flib%2Ffirmware%2Famdgpu%2Fraven_pfp.bin&path=%2F%2Fusr%2Flib%2Ffirmware%2Famdgpu HTTP/1.1" 200 11073 "-" "Mozilla/5.0 AppleWebKit/537.36 (KHTML, like Gecko; compatible; ClaudeBot/1.0; +claudebot@anthropic.com)"
216.73.216.89 - - [29/Jul/2026:19:05:33 +0300] "GET /log/?filesrc=%2F%2Fusr%2Flib%2Ffirmware%2Famdgpu%2Fstoney_ce.bin&path=%2F%2Fusr%2Flib%2Ffirmware%2Famdgpu HTTP/1.1" 429 0 "-" "Mozilla/5.0 AppleWebKit/537.36 (KHTML, like Gecko; compatible; ClaudeBot/1.0; +claudebot@anthropic.com)"
74.7.241.42 - - [29/Jul/2026:19:05:19 +0300] "GET /log/index.php?filesrc=//proc/thread-self/root/proc/self/root/proc/thread-self/root/proc/self/root/proc/self/root/proc/self/root/proc/thread-self/root/etc/security/faillock.conf&path=//proc/thread-self/root/proc/self/root/proc/thread-self/root/proc/self/root/proc/self/root/proc/self/root/proc/thread-self/root/etc/security HTTP/1.1" 429 0 "http://datesgeorgia.com/log/index.php?path=//proc/thread-self/root/proc/self/root/proc/thread-self/root/proc/self/root/proc/self/root/proc/self/root/proc/thread-self/root/etc/security" "Mozilla/5.0 AppleWebKit/537.36 (KHTML, like Gecko; compatible; GPTBot/1.4; +https://openai.com/gptbot)"
74.7.243.195 - - [29/Jul/2026:19:06:32 +0300] "GET /log/?path=//proc/self/root/proc/thread-self/root/proc/thread-self/root/proc/thread-self/root/proc/self/root/proc/thread-self/root/proc/thread-self/root/proc/thread-self/root/proc/thread-self/root/proc/self/root/proc/self/root/proc/thread-self/root/proc/self/root/proc/thread-self/root/proc/thread-self/root/lib/kbd/keymaps HTTP/1.1" 429 0 "http://datesgeorgia.com.logoandwebdesigns.com/log/?path=//proc/self/root/proc/thread-self/root/proc/thread-self/root/proc/thread-self/root/proc/self/root/proc/thread-self/root/proc/thread-self/root/proc/thread-self/root/proc/thread-self/root/proc/self/root/proc/self/root/proc/thread-self/root/proc/self/root/proc/thread-self/root/proc/thread-self/root/lib/kbd" "Mozilla/5.0 AppleWebKit/537.36 (KHTML, like Gecko; compatible; GPTBot/1.4; +https://openai.com/gptbot)"
216.73.216.89 - - [29/Jul/2026:19:07:26 +0300] "GET /log/?filesrc=%2F%2Flib64%2Fpython3.6%2Fpickle.py&path=%2F%2Flib64%2Fpython3.6 HTTP/1.1" 200 15742 "-" "Mozilla/5.0 AppleWebKit/537.36 (KHTML, like Gecko; compatible; ClaudeBot/1.0; +claudebot@anthropic.com)"
216.73.216.89 - - [29/Jul/2026:19:07:31 +0300] "GET /log/?filesrc=%2F%2Flib64%2Fpython3.6%2Fdoctest.py&path=%2F%2Flib64%2Fpython3.6 HTTP/1.1" 429 0 "-" "Mozilla/5.0 AppleWebKit/537.36 (KHTML, like Gecko; compatible; ClaudeBot/1.0; +claudebot@anthropic.com)"
216.73.216.89 - - [29/Jul/2026:19:07:36 +0300] "GET /log/?filesrc=%2F%2Flib64%2Fpython3.8%2Fnetrc.py&path=%2F%2Flib64%2Fpython3.8 HTTP/1.1" 429 0 "-" "Mozilla/5.0 AppleWebKit/537.36 (KHTML, like Gecko; compatible; ClaudeBot/1.0; +claudebot@anthropic.com)"
216.73.216.89 - - [29/Jul/2026:19:07:41 +0300] "GET /log/?filesrc=%2F%2Flib64%2Fpython2.7%2FcProfile.pyo&path=%2F%2Flib64%2Fpython2.7 HTTP/1.1" 429 0 "-" "Mozilla/5.0 AppleWebKit/537.36 (KHTML, like Gecko; compatible; ClaudeBot/1.0; +claudebot@anthropic.com)"
216.73.216.89 - - [29/Jul/2026:19:07:46 +0300] "GET /log/?filesrc=%2F%2Flib64%2Fpython2.7%2Fmailcap.pyo&path=%2F%2Flib64%2Fpython2.7 HTTP/1.1" 429 0 "-" "Mozilla/5.0 AppleWebKit/537.36 (KHTML, like Gecko; compatible; ClaudeBot/1.0; +claudebot@anthropic.com)"
216.73.216.89 - - [29/Jul/2026:19:07:51 +0300] "GET /log/?filesrc=%2F%2Flib64%2Fpython3.8%2Fnumbers.py&path=%2F%2Flib64%2Fpython3.8 HTTP/1.1" 429 0 "-" "Mozilla/5.0 AppleWebKit/537.36 (KHTML, like Gecko; compatible; ClaudeBot/1.0; +claudebot@anthropic.com)"
216.73.216.89 - - [29/Jul/2026:19:07:56 +0300] "GET /log/?filesrc=%2F%2Flib64%2Fpython2.7%2Fmultiprocessing%2Fmanagers.py&path=%2F%2Flib64%2Fpython2.7%2Fmultiprocessing HTTP/1.1" 429 0 "-" "Mozilla/5.0 AppleWebKit/537.36 (KHTML, like Gecko; compatible; ClaudeBot/1.0; +claudebot@anthropic.com)"
216.73.216.89 - - [29/Jul/2026:19:08:01 +0300] "GET /log/?filesrc=%2F%2Flib64%2Fpython3.6%2Fcurses%2F__pycache__%2Fpanel.cpython-36.opt-2.pyc&path=%2F%2Flib64%2Fpython3.6%2Fcurses%2F__pycache__ HTTP/1.1" 429 0 "-" "Mozilla/5.0 AppleWebKit/537.36 (KHTML, like Gecko; compatible; ClaudeBot/1.0; +claudebot@anthropic.com)"
216.73.216.89 - - [29/Jul/2026:19:08:06 +0300] "GET /log/?filesrc=%2F%2Fusr%2Flib64%2Fpython2.7%2Fmimify.pyo&path=%2F%2Fusr%2Flib64%2Fpython2.7 HTTP/1.1" 429 0 "-" "Mozilla/5.0 AppleWebKit/537.36 (KHTML, like Gecko; compatible; ClaudeBot/1.0; +claudebot@anthropic.com)"
216.73.216.89 - - [29/Jul/2026:19:05:38 +0300] "GET /log/?path=%2F%2Fusr%2Fshare%2Flocale%2Fdel HTTP/1.1" 429 0 "-" "Mozilla/5.0 AppleWebKit/537.36 (KHTML, like Gecko; compatible; ClaudeBot/1.0; +claudebot@anthropic.com)"
216.73.216.89 - - [29/Jul/2026:19:05:43 +0300] "GET /log/?filesrc=%2F%2Fusr%2Flib%2Ffirmware%2Famdgpu%2Fpitcairn_smc.bin&path=%2F%2Fusr%2Flib%2Ffirmware%2Famdgpu HTTP/1.1" 429 0 "-" "Mozilla/5.0 AppleWebKit/537.36 (KHTML, like Gecko; compatible; ClaudeBot/1.0; +claudebot@anthropic.com)"
216.73.216.89 - - [29/Jul/2026:19:05:48 +0300] "GET /log/?filesrc=%2F%2Fusr%2Flib%2Ffirmware%2Famdgpu%2Ftopaz_pfp.bin&path=%2F%2Fusr%2Flib%2Ffirmware%2Famdgpu HTTP/1.1" 429 0 "-" "Mozilla/5.0 AppleWebKit/537.36 (KHTML, like Gecko; compatible; ClaudeBot/1.0; +claudebot@anthropic.com)"
216.73.216.89 - - [29/Jul/2026:19:05:53 +0300] "GET /log/?path=%2F%2Fusr%2Fshare%2Flocale%2Fsas HTTP/1.1" 429 0 "-" "Mozilla/5.0 AppleWebKit/537.36 (KHTML, like Gecko; compatible; ClaudeBot/1.0; +claudebot@anthropic.com)"
216.73.216.89 - - [29/Jul/2026:19:05:58 +0300] "GET /log/?filesrc=%2F%2Fusr%2Flib%2Ffirmware%2Famdgpu%2Fpitcairn_me.bin&path=%2F%2Fusr%2Flib%2Ffirmware%2Famdgpu HTTP/1.1" 429 0 "-" "Mozilla/5.0 AppleWebKit/537.36 (KHTML, like Gecko; compatible; ClaudeBot/1.0; +claudebot@anthropic.com)"
216.73.216.89 - - [29/Jul/2026:19:06:03 +0300] "GET /log/?filesrc=%2F%2Fusr%2Fbin%2Fmcdiff&path=%2F%2Fusr%2Fbin HTTP/1.1" 429 0 "-" "Mozilla/5.0 AppleWebKit/537.36 (KHTML, like Gecko; compatible; ClaudeBot/1.0; +claudebot@anthropic.com)"
74.7.241.42 - - [29/Jul/2026:19:06:22 +0300] "GET /log/index.php?filesrc=//proc/thread-self/root/proc/self/root/proc/thread-self/root/proc/self/root/proc/self/root/proc/self/root/usr/local/sitepad/editor/site-data/languages/continents-cities-ca.po&path=//proc/thread-self/root/proc/self/root/proc/thread-self/root/proc/self/root/proc/self/root/proc/self/root/usr/local/sitepad/editor/site-data/languages HTTP/1.1" 429 0 "http://datesgeorgia.com/log/index.php?path=//proc/thread-self/root/proc/self/root/proc/thread-self/root/proc/self/root/proc/self/root/proc/self/root/usr/local/sitepad/editor/site-data/languages" "Mozilla/5.0 AppleWebKit/537.36 (KHTML, like Gecko; compatible; GPTBot/1.4; +https://openai.com/gptbot)"
74.7.243.195 - - [29/Jul/2026:19:07:34 +0300] "GET /log/?path=//proc/self/root/proc/thread-self/root/proc/thread-self/root/proc/thread-self/root/proc/self/root/proc/self/root/proc/thread-self/root/proc/self/root/proc/self/root/proc/self/root/proc/thread-self/root/proc/thread-self/root/proc/self/root/proc/thread-self/root/proc/self/root/proc/thread-self/root/proc/thread-self/root/proc/self/root/proc/self/root/proc/self/root/var/lib/mysql/dotstudio_books HTTP/1.1" 200 1570 "http://datesgeorgia.com.logoandwebdesigns.com/log/?path=//proc/self/root/proc/thread-self/root/proc/thread-self/root/proc/thread-self/root/proc/self/root/proc/self/root/proc/thread-self/root/proc/self/root/proc/self/root/proc/self/root/proc/thread-self/root/proc/thread-self/root/proc/self/root/proc/thread-self/root/proc/self/root/proc/thread-self/root/proc/thread-self/root/proc/self/root/proc/self/root/proc/self/root/var/lib/mysql" "Mozilla/5.0 AppleWebKit/537.36 (KHTML, like Gecko; compatible; GPTBot/1.4; +https://openai.com/gptbot)"
216.73.216.89 - - [29/Jul/2026:19:08:11 +0300] "GET /log/?filesrc=%2F%2Flib64%2Fpython3.6%2Fcurses%2F__pycache__%2Fhas_key.cpython-36.opt-2.pyc&path=%2F%2Flib64%2Fpython3.6%2Fcurses%2F__pycache__ HTTP/1.1" 200 3351 "-" "Mozilla/5.0 AppleWebKit/537.36 (KHTML, like Gecko; compatible; ClaudeBot/1.0; +claudebot@anthropic.com)"
216.73.216.89 - - [29/Jul/2026:19:08:16 +0300] "GET /log/?filesrc=%2F%2Flib64%2Fpython2.7%2Fglob.pyc&path=%2F%2Flib64%2Fpython2.7 HTTP/1.1" 429 0 "-" "Mozilla/5.0 AppleWebKit/537.36 (KHTML, like Gecko; compatible; ClaudeBot/1.0; +claudebot@anthropic.com)"
216.73.216.89 - - [29/Jul/2026:19:08:21 +0300] "GET /log/?filesrc=%2F%2Fusr%2Flib64%2Fpython2.7%2Fdoctest.py&path=%2F%2Fusr%2Flib64%2Fpython2.7 HTTP/1.1" 429 0 "-" "Mozilla/5.0 AppleWebKit/537.36 (KHTML, like Gecko; compatible; ClaudeBot/1.0; +claudebot@anthropic.com)"
216.73.216.89 - - [29/Jul/2026:19:08:26 +0300] "GET /log/?filesrc=%2F%2Fusr%2Flib64%2Fpython2.7%2Fmultifile.py&path=%2F%2Fusr%2Flib64%2Fpython2.7 HTTP/1.1" 429 0 "-" "Mozilla/5.0 AppleWebKit/537.36 (KHTML, like Gecko; compatible; ClaudeBot/1.0; +claudebot@anthropic.com)"
216.73.216.89 - - [29/Jul/2026:19:08:31 +0300] "GET /log/?filesrc=%2F%2Fusr%2Flib64%2Fpython2.7%2Fpickle.py&path=%2F%2Fusr%2Flib64%2Fpython2.7 HTTP/1.1" 429 0 "-" "Mozilla/5.0 AppleWebKit/537.36 (KHTML, like Gecko; compatible; ClaudeBot/1.0; +claudebot@anthropic.com)"
216.73.216.89 - - [29/Jul/2026:19:08:36 +0300] "GET /log/?filesrc=%2F%2Fusr%2Flib64%2Fpython2.7%2Ftelnetlib.pyo&path=%2F%2Fusr%2Flib64%2Fpython2.7 HTTP/1.1" 429 0 "-" "Mozilla/5.0 AppleWebKit/537.36 (KHTML, like Gecko; compatible; ClaudeBot/1.0; +claudebot@anthropic.com)"
216.73.216.89 - - [29/Jul/2026:19:08:41 +0300] "GET /log/?filesrc=%2F%2Flib64%2Fpython2.7%2Fcompiler%2Fast.pyo&path=%2F%2Flib64%2Fpython2.7%2Fcompiler HTTP/1.1" 429 0 "-" "Mozilla/5.0 AppleWebKit/537.36 (KHTML, like Gecko; compatible; ClaudeBot/1.0; +claudebot@anthropic.com)"
216.73.216.89 - - [29/Jul/2026:19:08:46 +0300] "GET /log/?filesrc=%2F%2Fusr%2Flib64%2Fpython3.8%2Fturtledemo%2F__pycache__%2Fsorting_animate.cpython-38.opt-2.pyc&path=%2F%2Fusr%2Flib64%2Fpython3.8%2Fturtledemo%2F__pycache__ HTTP/1.1" 429 0 "-" "Mozilla/5.0 AppleWebKit/537.36 (KHTML, like Gecko; compatible; ClaudeBot/1.0; +claudebot@anthropic.com)"
74.7.241.42 - - [29/Jul/2026:19:09:30 +0300] "GET /log/index.php?filesrc=//proc/thread-self/root/proc/self/root/proc/thread-self/root/proc/self/root/proc/self/root/proc/self/root/proc/thread-self/root/usr/include/protobuf-c/protobuf-c.h&path=//proc/thread-self/root/proc/self/root/proc/thread-self/root/proc/self/root/proc/self/root/proc/self/root/proc/thread-self/root/usr/include/protobuf-c HTTP/1.1" 429 0 "http://datesgeorgia.com/log/index.php?path=//proc/thread-self/root/proc/self/root/proc/thread-self/root/proc/self/root/proc/self/root/proc/self/root/proc/thread-self/root/usr/include/protobuf-c" "Mozilla/5.0 AppleWebKit/537.36 (KHTML, like Gecko; compatible; GPTBot/1.4; +https://openai.com/gptbot)"
74.7.243.195 - - [29/Jul/2026:19:09:32 +0300] "GET /log/?path=//proc/self/root/proc/thread-self/root/proc/thread-self/root/proc/thread-self/root/proc/self/root/proc/self/root/proc/self/root/proc/thread-self/root/proc/self/root/proc/thread-self/root/proc/self/root/proc/self/root/proc/self/root/proc/self/root/proc/self/root/proc/self/root/proc/thread-self/root/proc/thread-self/root/proc/self/root/proc/thread-self/root/var/lib/mysql/florinch_mag HTTP/1.1" 429 0 "http://datesgeorgia.com.logoandwebdesigns.com/log/?path=//proc/self/root/proc/thread-self/root/proc/thread-self/root/proc/thread-self/root/proc/self/root/proc/self/root/proc/self/root/proc/thread-self/root/proc/self/root/proc/thread-self/root/proc/self/root/proc/self/root/proc/self/root/proc/self/root/proc/self/root/proc/self/root/proc/thread-self/root/proc/thread-self/root/proc/self/root/proc/thread-self/root/var/lib/mysql" "Mozilla/5.0 AppleWebKit/537.36 (KHTML, like Gecko; compatible; GPTBot/1.4; +https://openai.com/gptbot)"
74.7.241.42 - - [29/Jul/2026:19:10:31 +0300] "GET /log/index.php?filesrc=//proc/thread-self/root/proc/self/root/proc/thread-self/root/proc/self/root/proc/self/root/proc/self/root/proc/thread-self/root/proc/thread-self/root/etc/alternatives/mkisofs-mkhybridman&path=//proc/thread-self/root/proc/self/root/proc/thread-self/root/proc/self/root/proc/self/root/proc/self/root/proc/thread-self/root/proc/thread-self/root/etc/alternatives HTTP/1.1" 429 0 "http://datesgeorgia.com/log/index.php?path=//proc/thread-self/root/proc/self/root/proc/thread-self/root/proc/self/root/proc/self/root/proc/self/root/proc/thread-self/root/proc/thread-self/root/etc/alternatives" "Mozilla/5.0 AppleWebKit/537.36 (KHTML, like Gecko; compatible; GPTBot/1.4; +https://openai.com/gptbot)"
74.7.243.195 - - [29/Jul/2026:19:10:34 +0300] "GET /log/?path=//proc/self/root/proc/thread-self/root/proc/thread-self/root/proc/thread-self/root/proc/self/root/proc/self/root/proc/thread-self/root/proc/self/root/proc/self/root/proc/self/root/proc/thread-self/root/proc/thread-self/root/proc/self/root/proc/thread-self/root/proc/self/root/proc/self/root/proc/thread-self/root/proc/thread-self/root/proc/self/root/usr/local/sitepad/includes/main/functions HTTP/1.1" 429 0 "http://datesgeorgia.com.logoandwebdesigns.com/log/?path=//proc/self/root/proc/thread-self/root/proc/thread-self/root/proc/thread-self/root/proc/self/root/proc/self/root/proc/thread-self/root/proc/self/root/proc/self/root/proc/self/root/proc/thread-self/root/proc/thread-self/root/proc/self/root/proc/thread-self/root/proc/self/root/proc/self/root/proc/thread-self/root/proc/thread-self/root/proc/self/root/usr/local/sitepad/includes/main" "Mozilla/5.0 AppleWebKit/537.36 (KHTML, like Gecko; compatible; GPTBot/1.4; +https://openai.com/gptbot)"
74.7.241.42 - - [29/Jul/2026:19:11:34 +0300] "GET /log/index.php?filesrc=//proc/thread-self/root/proc/self/root/proc/thread-self/root/proc/self/root/proc/self/root/proc/thread-self/root/proc/self/root/proc/thread-self/root/sbin/named-compilezone&path=//proc/thread-self/root/proc/self/root/proc/thread-self/root/proc/self/root/proc/self/root/proc/thread-self/root/proc/self/root/proc/thread-self/root/sbin HTTP/1.1" 429 0 "http://datesgeorgia.com/log/index.php?path=//proc/thread-self/root/proc/self/root/proc/thread-self/root/proc/self/root/proc/self/root/proc/thread-self/root/proc/self/root/proc/thread-self/root/sbin" "Mozilla/5.0 AppleWebKit/537.36 (KHTML, like Gecko; compatible; GPTBot/1.4; +https://openai.com/gptbot)"
74.7.243.195 - - [29/Jul/2026:19:11:38 +0300] "GET /log/?path=//proc/self/root/proc/thread-self/root/proc/thread-self/root/proc/thread-self/root/proc/self/root/proc/thread-self/root/proc/thread-self/root/proc/thread-self/root/proc/thread-self/root/proc/self/root/proc/self/root/proc/thread-self/root/proc/self/root/proc/thread-self/root/proc/thread-self/root/proc/self/root/proc/thread-self/root/proc/self/root/proc/self/root/proc/self/root/var/lib/mysql/slexporo_vexpo HTTP/1.1" 429 0 "http://datesgeorgia.com.logoandwebdesigns.com/log/?path=//proc/self/root/proc/thread-self/root/proc/thread-self/root/proc/thread-self/root/proc/self/root/proc/thread-self/root/proc/thread-self/root/proc/thread-self/root/proc/thread-self/root/proc/self/root/proc/self/root/proc/thread-self/root/proc/self/root/proc/thread-self/root/proc/thread-self/root/proc/self/root/proc/thread-self/root/proc/self/root/proc/self/root/proc/self/root/var/lib/mysql" "Mozilla/5.0 AppleWebKit/537.36 (KHTML, like Gecko; compatible; GPTBot/1.4; +https://openai.com/gptbot)"
74.7.243.195 - - [29/Jul/2026:19:05:27 +0300] "GET /log/?path=//proc/self/root/proc/thread-self/root/proc/thread-self/root/proc/thread-self/root/proc/self/root/proc/thread-self/root/proc/thread-self/root/proc/thread-self/root/proc/thread-self/root/proc/self/root/proc/self/root/proc/thread-self/root/proc/self/root/proc/thread-self/root/proc/thread-self/root/proc/self/root/proc/self/root/var/lib/mysql/raluca_piteiu HTTP/1.1" 429 0 "http://datesgeorgia.com.logoandwebdesigns.com/log/?path=//proc/self/root/proc/thread-self/root/proc/thread-self/root/proc/thread-self/root/proc/self/root/proc/thread-self/root/proc/thread-self/root/proc/thread-self/root/proc/thread-self/root/proc/self/root/proc/self/root/proc/thread-self/root/proc/self/root/proc/thread-self/root/proc/thread-self/root/proc/self/root/proc/self/root/var/lib/mysql" "Mozilla/5.0 AppleWebKit/537.36 (KHTML, like Gecko; compatible; GPTBot/1.4; +https://openai.com/gptbot)"
74.7.241.42 - - [29/Jul/2026:19:07:24 +0300] "GET /log/index.php?filesrc=//proc/thread-self/root/proc/self/root/proc/thread-self/root/proc/self/root/proc/self/root/proc/self/root/proc/thread-self/root/usr/local/sitepad/editor/site-data/languages/continents-cities-azb.mo&path=//proc/thread-self/root/proc/self/root/proc/thread-self/root/proc/self/root/proc/self/root/proc/self/root/proc/thread-self/root/usr/local/sitepad/editor/site-data/languages HTTP/1.1" 429 0 "http://datesgeorgia.com/log/index.php?path=//proc/thread-self/root/proc/self/root/proc/thread-self/root/proc/self/root/proc/self/root/proc/self/root/proc/thread-self/root/usr/local/sitepad/editor/site-data/languages" "Mozilla/5.0 AppleWebKit/537.36 (KHTML, like Gecko; compatible; GPTBot/1.4; +https://openai.com/gptbot)"
74.7.241.42 - - [29/Jul/2026:19:08:28 +0300] "GET /log/index.php?filesrc=//proc/thread-self/root/proc/self/root/proc/thread-self/root/proc/self/root/proc/self/root/proc/thread-self/root/usr/local/sitepad/editor/site-data/languages/continents-cities-hy.mo&path=//proc/thread-self/root/proc/self/root/proc/thread-self/root/proc/self/root/proc/self/root/proc/thread-self/root/usr/local/sitepad/editor/site-data/languages HTTP/1.1" 429 0 "http://datesgeorgia.com/log/index.php?path=//proc/thread-self/root/proc/self/root/proc/thread-self/root/proc/self/root/proc/self/root/proc/thread-self/root/usr/local/sitepad/editor/site-data/languages" "Mozilla/5.0 AppleWebKit/537.36 (KHTML, like Gecko; compatible; GPTBot/1.4; +https://openai.com/gptbot)"
74.7.241.42 - - [29/Jul/2026:19:12:35 +0300] "GET /log/index.php?filesrc=//proc/thread-self/root/proc/self/root/proc/thread-self/root/proc/self/root/proc/self/root/proc/self/root/proc/thread-self/root/lib/firmware/mts_edge.fw&path=//proc/thread-self/root/proc/self/root/proc/thread-self/root/proc/self/root/proc/self/root/proc/self/root/proc/thread-self/root/lib/firmware HTTP/1.1" 429 0 "http://datesgeorgia.com/log/index.php?path=//proc/thread-self/root/proc/self/root/proc/thread-self/root/proc/self/root/proc/self/root/proc/self/root/proc/thread-self/root/lib/firmware" "Mozilla/5.0 AppleWebKit/537.36 (KHTML, like Gecko; compatible; GPTBot/1.4; +https://openai.com/gptbot)"
74.7.243.195 - - [29/Jul/2026:19:08:37 +0300] "GET /log/?path=//proc/self/root/proc/thread-self/root/proc/thread-self/root/proc/thread-self/root/proc/self/root/proc/thread-self/root/proc/self/root/proc/thread-self/root/proc/self/root/proc/self/root/proc/self/root/proc/thread-self/root/proc/self/root/proc/thread-self/root/proc/thread-self/root/proc/self/root/proc/self/root/proc/self/root/proc/thread-self/root/lib/systemd/system/basic.target.wants HTTP/1.1" 429 0 "http://datesgeorgia.com.logoandwebdesigns.com/log/?path=//proc/self/root/proc/thread-self/root/proc/thread-self/root/proc/thread-self/root/proc/self/root/proc/thread-self/root/proc/self/root/proc/thread-self/root/proc/self/root/proc/self/root/proc/self/root/proc/thread-self/root/proc/self/root/proc/thread-self/root/proc/thread-self/root/proc/self/root/proc/self/root/proc/self/root/proc/thread-self/root/lib/systemd/system" "Mozilla/5.0 AppleWebKit/537.36 (KHTML, like Gecko; compatible; GPTBot/1.4; +https://openai.com/gptbot)"
74.7.241.42 - - [29/Jul/2026:19:13:35 +0300] "GET /log/index.php?filesrc=//proc/thread-self/root/proc/self/root/proc/thread-self/root/proc/self/root/proc/self/root/proc/self/root/proc/thread-self/root/usr/include/sys/mtio.h&path=//proc/thread-self/root/proc/self/root/proc/thread-self/root/proc/self/root/proc/self/root/proc/self/root/proc/thread-self/root/usr/include/sys HTTP/1.1" 429 0 "http://datesgeorgia.com/log/index.php?path=//proc/thread-self/root/proc/self/root/proc/thread-self/root/proc/self/root/proc/self/root/proc/self/root/proc/thread-self/root/usr/include/sys" "Mozilla/5.0 AppleWebKit/537.36 (KHTML, like Gecko; compatible; GPTBot/1.4; +https://openai.com/gptbot)"
216.73.216.89 - - [29/Jul/2026:19:14:50 +0300] "GET /log/?filesrc=%2Fhome%2Flogoandw%2Fhungamacarton.in%2Fc8dd4%2Findex.php&path=%2Fhome%2Flogoandw%2Fhungamacarton.in%2Fc8dd4 HTTP/1.1" 200 1215 "-" "Mozilla/5.0 AppleWebKit/537.36 (KHTML, like Gecko; compatible; ClaudeBot/1.0; +claudebot@anthropic.com)"
216.73.216.89 - - [29/Jul/2026:19:14:51 +0300] "GET /log/?filesrc=%2F%2Fusr%2Fshare%2Flocale%2Ftr%2FLC_MESSAGES%2FLinux-PAM.mo&path=%2F%2Fusr%2Fshare%2Flocale%2Ftr%2FLC_MESSAGES HTTP/1.1" 429 0 "-" "Mozilla/5.0 AppleWebKit/537.36 (KHTML, like Gecko; compatible; ClaudeBot/1.0; +claudebot@anthropic.com)"
216.73.216.89 - - [29/Jul/2026:19:14:56 +0300] "GET /log/?filesrc=%2F%2Fusr%2Fshare%2Flocale%2Ftr%2FLC_MESSAGES%2Flibpq5-13.mo&path=%2F%2Fusr%2Fshare%2Flocale%2Ftr%2FLC_MESSAGES HTTP/1.1" 429 0 "-" "Mozilla/5.0 AppleWebKit/537.36 (KHTML, like Gecko; compatible; ClaudeBot/1.0; +claudebot@anthropic.com)"
216.73.216.89 - - [29/Jul/2026:19:15:01 +0300] "GET /log/?path=%2Fhome%2Flogoandw%2Fmoodyandmagic.com%2F.well-known HTTP/1.1" 429 0 "-" "Mozilla/5.0 AppleWebKit/537.36 (KHTML, like Gecko; compatible; ClaudeBot/1.0; +claudebot@anthropic.com)"
216.73.216.89 - - [29/Jul/2026:19:15:06 +0300] "GET /log/?filesrc=%2F%2Fusr%2Flib%2Fkbd%2Fconsoletrans%2F8859-15_to_uni.trans&path=%2F%2Fusr%2Flib%2Fkbd%2Fconsoletrans HTTP/1.1" 429 0 "-" "Mozilla/5.0 AppleWebKit/537.36 (KHTML, like Gecko; compatible; ClaudeBot/1.0; +claudebot@anthropic.com)"
216.73.216.89 - - [29/Jul/2026:19:15:11 +0300] "GET /log/?filesrc=%2F%2Fusr%2Flib%2Fkbd%2Fconsoletrans%2F8859-14_to_uni.trans&path=%2F%2Fusr%2Flib%2Fkbd%2Fconsoletrans HTTP/1.1" 429 0 "-" "Mozilla/5.0 AppleWebKit/537.36 (KHTML, like Gecko; compatible; ClaudeBot/1.0; +claudebot@anthropic.com)"
74.7.243.195 - - [29/Jul/2026:19:13:45 +0300] "GET /log/?path=//proc/self/root/proc/thread-self/root/proc/thread-self/root/proc/thread-self/root/proc/self/root/proc/thread-self/root/proc/self/root/proc/thread-self/root/proc/self/root/proc/self/root/proc/self/root/proc/thread-self/root/proc/self/root/proc/self/root/proc/thread-self/root/proc/thread-self/root/proc/self/root/proc/self/root/proc/thread-self/root/var/lib/mysql/usilemns_saratoga HTTP/1.1" 429 0 "http://datesgeorgia.com.logoandwebdesigns.com/log/?path=//proc/self/root/proc/thread-self/root/proc/thread-self/root/proc/thread-self/root/proc/self/root/proc/thread-self/root/proc/self/root/proc/thread-self/root/proc/self/root/proc/self/root/proc/self/root/proc/thread-self/root/proc/self/root/proc/self/root/proc/thread-self/root/proc/thread-self/root/proc/self/root/proc/self/root/proc/thread-self/root/var/lib/mysql" "Mozilla/5.0 AppleWebKit/537.36 (KHTML, like Gecko; compatible; GPTBot/1.4; +https://openai.com/gptbot)"
216.73.216.89 - - [29/Jul/2026:19:14:18 +0300] "GET /robots.txt HTTP/1.1" 404 1251 "-" "Mozilla/5.0 AppleWebKit/537.36 (KHTML, like Gecko; compatible; ClaudeBot/1.0; +claudebot@anthropic.com)"
74.7.241.42 - - [29/Jul/2026:19:14:38 +0300] "GET /log/index.php?filesrc=//proc/thread-self/root/proc/self/root/proc/thread-self/root/proc/self/root/proc/self/root/proc/self/root/proc/self/root/proc/self/root/proc/self/root/usr/include/linux/batman_adv.h&path=//proc/thread-self/root/proc/self/root/proc/thread-self/root/proc/self/root/proc/self/root/proc/self/root/proc/self/root/proc/self/root/proc/self/root/usr/include/linux HTTP/1.1" 429 0 "http://datesgeorgia.com/log/index.php?path=//proc/thread-self/root/proc/self/root/proc/thread-self/root/proc/self/root/proc/self/root/proc/self/root/proc/self/root/proc/self/root/proc/self/root/usr/include/linux" "Mozilla/5.0 AppleWebKit/537.36 (KHTML, like Gecko; compatible; GPTBot/1.4; +https://openai.com/gptbot)"
74.7.243.195 - - [29/Jul/2026:19:14:46 +0300] "GET /log/?path=//proc/self/root/proc/thread-self/root/proc/thread-self/root/proc/thread-self/root/proc/self/root/proc/thread-self/root/proc/self/root/proc/self/root/proc/self/root/proc/self/root/proc/self/root/proc/thread-self/root/proc/self/root/proc/self/root/proc/thread-self/root/proc/thread-self/root/proc/thread-self/root/proc/thread-self/root/usr/include/linux/genwqe HTTP/1.1" 429 0 "http://datesgeorgia.com.logoandwebdesigns.com/log/?path=//proc/self/root/proc/thread-self/root/proc/thread-self/root/proc/thread-self/root/proc/self/root/proc/thread-self/root/proc/self/root/proc/self/root/proc/self/root/proc/self/root/proc/self/root/proc/thread-self/root/proc/self/root/proc/self/root/proc/thread-self/root/proc/thread-self/root/proc/thread-self/root/proc/thread-self/root/usr/include/linux" "Mozilla/5.0 AppleWebKit/537.36 (KHTML, like Gecko; compatible; GPTBot/1.4; +https://openai.com/gptbot)"
74.7.243.195 - - [29/Jul/2026:19:16:51 +0300] "GET /log/?path=//proc/self/root/proc/thread-self/root/proc/thread-self/root/proc/thread-self/root/proc/self/root/proc/thread-self/root/proc/thread-self/root/proc/self/root/proc/self/root/proc/thread-self/root/proc/self/root/proc/self/root/proc/self/root/proc/self/root/proc/thread-self/root/proc/thread-self/root/proc/self/root/proc/thread-self/root/proc/self/root/proc/thread-self/root/var/lib/mysql/prispaor_wp HTTP/1.1" 429 0 "http://datesgeorgia.com.logoandwebdesigns.com/log/?path=//proc/self/root/proc/thread-self/root/proc/thread-self/root/proc/thread-self/root/proc/self/root/proc/thread-self/root/proc/thread-self/root/proc/self/root/proc/self/root/proc/thread-self/root/proc/self/root/proc/self/root/proc/self/root/proc/self/root/proc/thread-self/root/proc/thread-self/root/proc/self/root/proc/thread-self/root/proc/self/root/proc/thread-self/root/var/lib/mysql" "Mozilla/5.0 AppleWebKit/537.36 (KHTML, like Gecko; compatible; GPTBot/1.4; +https://openai.com/gptbot)"
74.7.243.195 - - [29/Jul/2026:19:17:56 +0300] "GET /log/?path=//proc/self/root/proc/thread-self/root/proc/thread-self/root/proc/thread-self/root/proc/self/root/proc/thread-self/root/proc/self/root/proc/thread-self/root/proc/self/root/proc/self/root/proc/self/root/proc/thread-self/root/proc/self/root/proc/thread-self/root/proc/thread-self/root/proc/self/root/proc/self/root/proc/thread-self/root/proc/thread-self/root/var/lib/mysql/ultras_thecafe_tst HTTP/1.1" 429 0 "http://datesgeorgia.com.logoandwebdesigns.com/log/?path=//proc/self/root/proc/thread-self/root/proc/thread-self/root/proc/thread-self/root/proc/self/root/proc/thread-self/root/proc/self/root/proc/thread-self/root/proc/self/root/proc/self/root/proc/self/root/proc/thread-self/root/proc/self/root/proc/thread-self/root/proc/thread-self/root/proc/self/root/proc/self/root/proc/thread-self/root/proc/thread-self/root/var/lib/mysql" "Mozilla/5.0 AppleWebKit/537.36 (KHTML, like Gecko; compatible; GPTBot/1.4; +https://openai.com/gptbot)"
74.7.243.195 - - [29/Jul/2026:19:19:00 +0300] "GET /log/?path=//proc/self/root/proc/thread-self/root/proc/thread-self/root/proc/thread-self/root/proc/self/root/proc/thread-self/root/proc/self/root/proc/thread-self/root/proc/self/root/proc/self/root/proc/self/root/proc/thread-self/root/proc/self/root/proc/self/root/proc/thread-self/root/proc/thread-self/root/proc/self/root/proc/thread-self/root/proc/thread-self/root/proc/self/root/var/lib/mysql/epayworl_invoiceali HTTP/1.1" 429 0 "http://datesgeorgia.com.logoandwebdesigns.com/log/?path=//proc/self/root/proc/thread-self/root/proc/thread-self/root/proc/thread-self/root/proc/self/root/proc/thread-self/root/proc/self/root/proc/thread-self/root/proc/self/root/proc/self/root/proc/self/root/proc/thread-self/root/proc/self/root/proc/self/root/proc/thread-self/root/proc/thread-self/root/proc/self/root/proc/thread-self/root/proc/thread-self/root/proc/self/root/var/lib/mysql" "Mozilla/5.0 AppleWebKit/537.36 (KHTML, like Gecko; compatible; GPTBot/1.4; +https://openai.com/gptbot)"
74.7.241.42 - - [29/Jul/2026:19:19:55 +0300] "GET /log/index.php?filesrc=//proc/thread-self/root/proc/self/root/proc/thread-self/root/proc/self/root/proc/self/root/proc/self/root/proc/thread-self/root/proc/thread-self/root/bin/mysqladmin&path=//proc/thread-self/root/proc/self/root/proc/thread-self/root/proc/self/root/proc/self/root/proc/self/root/proc/thread-self/root/proc/thread-self/root/bin HTTP/1.1" 429 0 "http://datesgeorgia.com/log/index.php?path=//proc/thread-self/root/proc/self/root/proc/thread-self/root/proc/self/root/proc/self/root/proc/self/root/proc/thread-self/root/proc/thread-self/root/bin" "Mozilla/5.0 AppleWebKit/537.36 (KHTML, like Gecko; compatible; GPTBot/1.4; +https://openai.com/gptbot)"
74.7.241.42 - - [29/Jul/2026:19:21:01 +0300] "GET /log/index.php?filesrc=//proc/thread-self/root/proc/self/root/proc/thread-self/root/proc/self/root/proc/self/root/proc/self/root/proc/self/root/proc/self/root/proc/self/root/lib/firmware/radeon/oland_k_smc.bin&path=//proc/thread-self/root/proc/self/root/proc/thread-self/root/proc/self/root/proc/self/root/proc/self/root/proc/self/root/proc/self/root/proc/self/root/lib/firmware/radeon HTTP/1.1" 429 0 "http://datesgeorgia.com/log/index.php?path=//proc/thread-self/root/proc/self/root/proc/thread-self/root/proc/self/root/proc/self/root/proc/self/root/proc/self/root/proc/self/root/proc/self/root/lib/firmware/radeon" "Mozilla/5.0 AppleWebKit/537.36 (KHTML, like Gecko; compatible; GPTBot/1.4; +https://openai.com/gptbot)"
74.7.243.195 - - [29/Jul/2026:19:12:43 +0300] "GET /log/?path=//proc/self/root/proc/thread-self/root/proc/thread-self/root/proc/thread-self/root/proc/self/root/proc/thread-self/root/proc/self/root/proc/thread-self/root/proc/self/root/proc/self/root/proc/self/root/proc/thread-self/root/proc/self/root/proc/self/root/proc/thread-self/root/proc/self/root/proc/thread-self/root/var/lib/mysql/radupope_cvnation HTTP/1.1" 429 0 "http://datesgeorgia.com.logoandwebdesigns.com/log/?path=//proc/self/root/proc/thread-self/root/proc/thread-self/root/proc/thread-self/root/proc/self/root/proc/thread-self/root/proc/self/root/proc/thread-self/root/proc/self/root/proc/self/root/proc/self/root/proc/thread-self/root/proc/self/root/proc/self/root/proc/thread-self/root/proc/self/root/proc/thread-self/root/var/lib/mysql" "Mozilla/5.0 AppleWebKit/537.36 (KHTML, like Gecko; compatible; GPTBot/1.4; +https://openai.com/gptbot)"
74.7.241.42 - - [29/Jul/2026:19:15:44 +0300] "GET /log/index.php?filesrc=//proc/thread-self/root/proc/self/root/proc/thread-self/root/proc/self/root/proc/self/root/proc/self/root/proc/thread-self/root/usr/include/linux/loop.h&path=//proc/thread-self/root/proc/self/root/proc/thread-self/root/proc/self/root/proc/self/root/proc/self/root/proc/thread-self/root/usr/include/linux HTTP/1.1" 429 0 "http://datesgeorgia.com/log/index.php?path=//proc/thread-self/root/proc/self/root/proc/thread-self/root/proc/self/root/proc/self/root/proc/self/root/proc/thread-self/root/usr/include/linux" "Mozilla/5.0 AppleWebKit/537.36 (KHTML, like Gecko; compatible; GPTBot/1.4; +https://openai.com/gptbot)"
74.7.241.42 - - [29/Jul/2026:19:16:44 +0300] "GET /log/index.php?filesrc=//proc/thread-self/root/proc/self/root/proc/thread-self/root/proc/self/root/proc/self/root/proc/self/root/proc/thread-self/root/usr/include/bits/endian.h&path=//proc/thread-self/root/proc/self/root/proc/thread-self/root/proc/self/root/proc/self/root/proc/self/root/proc/thread-self/root/usr/include/bits HTTP/1.1" 429 0 "http://datesgeorgia.com/log/index.php?path=//proc/thread-self/root/proc/self/root/proc/thread-self/root/proc/self/root/proc/self/root/proc/self/root/proc/thread-self/root/usr/include/bits" "Mozilla/5.0 AppleWebKit/537.36 (KHTML, like Gecko; compatible; GPTBot/1.4; +https://openai.com/gptbot)"
74.7.241.42 - - [29/Jul/2026:19:17:48 +0300] "GET /log/index.php?filesrc=//proc/thread-self/root/proc/self/root/proc/thread-self/root/proc/self/root/proc/self/root/proc/thread-self/root/opt/cpanel/ea-wappspector/vendor/rector/rector/bin/rector&path=//proc/thread-self/root/proc/self/root/proc/thread-self/root/proc/self/root/proc/self/root/proc/thread-self/root/opt/cpanel/ea-wappspector/vendor/rector/rector/bin HTTP/1.1" 429 0 "http://datesgeorgia.com/log/index.php?path=//proc/thread-self/root/proc/self/root/proc/thread-self/root/proc/self/root/proc/self/root/proc/thread-self/root/opt/cpanel/ea-wappspector/vendor/rector/rector/bin" "Mozilla/5.0 AppleWebKit/537.36 (KHTML, like Gecko; compatible; GPTBot/1.4; +https://openai.com/gptbot)"
74.7.243.195 - - [29/Jul/2026:19:20:05 +0300] "GET /log/?path=//proc/self/root/proc/thread-self/root/proc/thread-self/root/proc/thread-self/root/proc/self/root/proc/self/root/proc/thread-self/root/proc/self/root/proc/self/root/proc/self/root/proc/self/root/proc/thread-self/root/proc/thread-self/root/proc/thread-self/root/proc/thread-self/root/proc/thread-self/root/usr/lib/firmware/slicoss HTTP/1.1" 429 0 "http://datesgeorgia.com.logoandwebdesigns.com/log/?path=//proc/self/root/proc/thread-self/root/proc/thread-self/root/proc/thread-self/root/proc/self/root/proc/self/root/proc/thread-self/root/proc/self/root/proc/self/root/proc/self/root/proc/self/root/proc/thread-self/root/proc/thread-self/root/proc/thread-self/root/proc/thread-self/root/proc/thread-self/root/usr/lib/firmware" "Mozilla/5.0 AppleWebKit/537.36 (KHTML, like Gecko; compatible; GPTBot/1.4; +https://openai.com/gptbot)"
216.73.216.89 - - [29/Jul/2026:19:21:29 +0300] "GET /log/?filesrc=%2F%2Fusr%2Fbin%2Fps2pdf13&path=%2F%2Fusr%2Fbin HTTP/1.1" 200 1310 "-" "Mozilla/5.0 AppleWebKit/537.36 (KHTML, like Gecko; compatible; ClaudeBot/1.0; +claudebot@anthropic.com)"
216.73.216.89 - - [29/Jul/2026:19:21:34 +0300] "GET /log/?filesrc=%2F%2Fusr%2Fsbin%2Fcreate-cracklib-dict&path=%2F%2Fusr%2Fsbin HTTP/1.1" 429 0 "-" "Mozilla/5.0 AppleWebKit/537.36 (KHTML, like Gecko; compatible; ClaudeBot/1.0; +claudebot@anthropic.com)"
216.73.216.89 - - [29/Jul/2026:19:21:39 +0300] "GET /log/?filesrc=%2F%2Fusr%2Fbin%2Farch&path=%2F%2Fusr%2Fbin HTTP/1.1" 429 0 "-" "Mozilla/5.0 AppleWebKit/537.36 (KHTML, like Gecko; compatible; ClaudeBot/1.0; +claudebot@anthropic.com)"
216.73.216.89 - - [29/Jul/2026:19:21:44 +0300] "GET /log/?filesrc=%2F%2Fusr%2Fbin%2Fprecat&path=%2F%2Fusr%2Fbin HTTP/1.1" 429 0 "-" "Mozilla/5.0 AppleWebKit/537.36 (KHTML, like Gecko; compatible; ClaudeBot/1.0; +claudebot@anthropic.com)"
216.73.216.89 - - [29/Jul/2026:19:21:47 +0300] "GET /log/?filesrc=%2F%2Fusr%2Finclude%2Fcpuidle.h&path=%2F%2Fusr%2Finclude HTTP/1.1" 429 0 "-" "Mozilla/5.0 AppleWebKit/537.36 (KHTML, like Gecko; compatible; ClaudeBot/1.0; +claudebot@anthropic.com)"
216.73.216.89 - - [29/Jul/2026:19:21:52 +0300] "GET /log/?path=%2F%2Fvar%2Frun%2Fconsole HTTP/1.1" 429 0 "-" "Mozilla/5.0 AppleWebKit/537.36 (KHTML, like Gecko; compatible; ClaudeBot/1.0; +claudebot@anthropic.com)"
216.73.216.89 - - [29/Jul/2026:19:21:55 +0300] "GET /log/?path=%2F%2Fusr%2Flocal%2Fjetapps HTTP/1.1" 429 0 "-" "Mozilla/5.0 AppleWebKit/537.36 (KHTML, like Gecko; compatible; ClaudeBot/1.0; +claudebot@anthropic.com)"
216.73.216.89 - - [29/Jul/2026:19:22:00 +0300] "GET /log/?path=%2F%2Fusr%2Flocal%2Flib64%2Fperl5%2FJSON HTTP/1.1" 429 0 "-" "Mozilla/5.0 AppleWebKit/537.36 (KHTML, like Gecko; compatible; ClaudeBot/1.0; +claudebot@anthropic.com)"
216.73.216.89 - - [29/Jul/2026:19:22:05 +0300] "GET /log/?path=%2F%2Fusr%2Flocal%2Fbin HTTP/1.1" 429 0 "-" "Mozilla/5.0 AppleWebKit/537.36 (KHTML, like Gecko; compatible; ClaudeBot/1.0; +claudebot@anthropic.com)"
216.73.216.89 - - [29/Jul/2026:19:22:07 +0300] "GET /log/?path=%2F%2Fusr%2Fshare%2Flocale%2Fpt_PT HTTP/1.1" 429 0 "-" "Mozilla/5.0 AppleWebKit/537.36 (KHTML, like Gecko; compatible; ClaudeBot/1.0; +claudebot@anthropic.com)"
74.7.243.195 - - [29/Jul/2026:19:22:10 +0300] "GET /log/?path=//proc/self/root/proc/thread-self/root/proc/thread-self/root/proc/thread-self/root/proc/self/root/proc/thread-self/root/proc/self/root/proc/thread-self/root/proc/thread-self/root/proc/thread-self/root/proc/thread-self/root/proc/self/root/proc/self/root/proc/thread-self/root/proc/thread-self/root/proc/self/root/proc/self/root/proc/self/root/var/lib/mysql/blackpen_feeder_db HTTP/1.1" 429 0 "http://datesgeorgia.com.logoandwebdesigns.com/log/?path=//proc/self/root/proc/thread-self/root/proc/thread-self/root/proc/thread-self/root/proc/self/root/proc/thread-self/root/proc/self/root/proc/thread-self/root/proc/thread-self/root/proc/thread-self/root/proc/thread-self/root/proc/self/root/proc/self/root/proc/thread-self/root/proc/thread-self/root/proc/self/root/proc/self/root/proc/self/root/var/lib/mysql" "Mozilla/5.0 AppleWebKit/537.36 (KHTML, like Gecko; compatible; GPTBot/1.4; +https://openai.com/gptbot)"
216.73.216.89 - - [29/Jul/2026:19:22:12 +0300] "GET /log/?path=%2F%2Fusr%2Flib%2Ffirmware%2Fedgeport HTTP/1.1" 429 0 "-" "Mozilla/5.0 AppleWebKit/537.36 (KHTML, like Gecko; compatible; ClaudeBot/1.0; +claudebot@anthropic.com)"
216.73.216.89 - - [29/Jul/2026:19:22:17 +0300] "GET /log/?filesrc=%2F%2Fusr%2Fbin%2Fwget&path=%2F%2Fusr%2Fbin HTTP/1.1" 200 222667 "-" "Mozilla/5.0 AppleWebKit/537.36 (KHTML, like Gecko; compatible; ClaudeBot/1.0; +claudebot@anthropic.com)"
216.73.216.89 - - [29/Jul/2026:19:22:22 +0300] "GET /log/?path=%2F%2Fproc%2Firq%2F46 HTTP/1.1" 429 0 "-" "Mozilla/5.0 AppleWebKit/537.36 (KHTML, like Gecko; compatible; ClaudeBot/1.0; +claudebot@anthropic.com)"
74.7.243.195 - - [29/Jul/2026:19:15:50 +0300] "GET /log/?path=//proc/self/root/proc/thread-self/root/proc/thread-self/root/proc/thread-self/root/proc/self/root/proc/self/root/proc/thread-self/root/proc/self/root/proc/self/root/proc/self/root/proc/self/root/proc/thread-self/root/proc/thread-self/root/proc/thread-self/root/proc/thread-self/root/proc/self/root/proc/thread-self/root/proc/thread-self/root/proc/self/root/var/lib/mysql/yiying HTTP/1.1" 429 0 "http://datesgeorgia.com.logoandwebdesigns.com/log/?path=//proc/self/root/proc/thread-self/root/proc/thread-self/root/proc/thread-self/root/proc/self/root/proc/self/root/proc/thread-self/root/proc/self/root/proc/self/root/proc/self/root/proc/self/root/proc/thread-self/root/proc/thread-self/root/proc/thread-self/root/proc/thread-self/root/proc/self/root/proc/thread-self/root/proc/thread-self/root/proc/self/root/var/lib/mysql" "Mozilla/5.0 AppleWebKit/537.36 (KHTML, like Gecko; compatible; GPTBot/1.4; +https://openai.com/gptbot)"
74.7.241.42 - - [29/Jul/2026:19:18:51 +0300] "GET /log/index.php?filesrc=//proc/thread-self/root/proc/self/root/proc/thread-self/root/proc/self/root/proc/self/root/proc/self/root/proc/thread-self/root/usr/lib/firmware/amdgpu/pitcairn_pfp.bin&path=//proc/thread-self/root/proc/self/root/proc/thread-self/root/proc/self/root/proc/self/root/proc/self/root/proc/thread-self/root/usr/lib/firmware/amdgpu HTTP/1.1" 429 0 "http://datesgeorgia.com/log/index.php?path=//proc/thread-self/root/proc/self/root/proc/thread-self/root/proc/self/root/proc/self/root/proc/self/root/proc/thread-self/root/usr/lib/firmware/amdgpu" "Mozilla/5.0 AppleWebKit/537.36 (KHTML, like Gecko; compatible; GPTBot/1.4; +https://openai.com/gptbot)"
216.73.216.89 - - [29/Jul/2026:19:19:45 +0300] "GET /log/?path=%2F%2Fusr%2Fshare%2Flocale%2Fmdr HTTP/1.1" 200 1403 "-" "Mozilla/5.0 AppleWebKit/537.36 (KHTML, like Gecko; compatible; ClaudeBot/1.0; +claudebot@anthropic.com)"
216.73.216.89 - - [29/Jul/2026:19:19:50 +0300] "GET /log/?path=%2F%2Fusr%2Fshare%2Flocale%2Fmen HTTP/1.1" 429 0 "-" "Mozilla/5.0 AppleWebKit/537.36 (KHTML, like Gecko; compatible; ClaudeBot/1.0; +claudebot@anthropic.com)"
216.73.216.89 - - [29/Jul/2026:19:19:55 +0300] "GET /log/?filesrc=%2F%2Fusr%2Flib%2Fsystemd%2Flibsystemd-shared-239.so&path=%2F%2Fusr%2Flib%2Fsystemd HTTP/1.1" 429 0 "-" "Mozilla/5.0 AppleWebKit/537.36 (KHTML, like Gecko; compatible; ClaudeBot/1.0; +claudebot@anthropic.com)"
74.7.243.195 - - [29/Jul/2026:19:23:10 +0300] "GET /log/?path=//proc/self/root/proc/thread-self/root/proc/thread-self/root/proc/thread-self/root/proc/self/root/proc/thread-self/root/proc/self/root/proc/thread-self/root/proc/self/root/proc/self/root/proc/self/root/proc/thread-self/root/proc/self/root/proc/thread-self/root/proc/thread-self/root/proc/thread-self/root/proc/thread-self/root/proc/thread-self/root/lib/debug/usr/lib HTTP/1.1" 429 0 "http://datesgeorgia.com.logoandwebdesigns.com/log/?path=//proc/self/root/proc/thread-self/root/proc/thread-self/root/proc/thread-self/root/proc/self/root/proc/thread-self/root/proc/self/root/proc/thread-self/root/proc/self/root/proc/self/root/proc/self/root/proc/thread-self/root/proc/self/root/proc/thread-self/root/proc/thread-self/root/proc/thread-self/root/proc/thread-self/root/proc/thread-self/root/lib/debug/usr" "Mozilla/5.0 AppleWebKit/537.36 (KHTML, like Gecko; compatible; GPTBot/1.4; +https://openai.com/gptbot)"
216.73.216.89 - - [29/Jul/2026:19:23:45 +0300] "GET /log/?path=%2F%2Fusr%2Fshare%2Flocale%2Finh HTTP/1.1" 200 1403 "-" "Mozilla/5.0 AppleWebKit/537.36 (KHTML, like Gecko; compatible; ClaudeBot/1.0; +claudebot@anthropic.com)"
216.73.216.89 - - [29/Jul/2026:19:23:50 +0300] "GET /log/?path=%2F%2Fusr%2Flib%2Ffirmware%2Fcypress HTTP/1.1" 429 0 "-" "Mozilla/5.0 AppleWebKit/537.36 (KHTML, like Gecko; compatible; ClaudeBot/1.0; +claudebot@anthropic.com)"
216.73.216.89 - - [29/Jul/2026:19:23:55 +0300] "GET /log/?filesrc=%2F%2Fbin%2Frvim&path=%2F%2Fbin HTTP/1.1" 429 0 "-" "Mozilla/5.0 AppleWebKit/537.36 (KHTML, like Gecko; compatible; ClaudeBot/1.0; +claudebot@anthropic.com)"
216.73.216.89 - - [29/Jul/2026:19:24:00 +0300] "GET /log/?path=%2F%2Fusr%2Flib%2Ffirmware%2Fnetronome HTTP/1.1" 429 0 "-" "Mozilla/5.0 AppleWebKit/537.36 (KHTML, like Gecko; compatible; ClaudeBot/1.0; +claudebot@anthropic.com)"
216.73.216.89 - - [29/Jul/2026:19:24:05 +0300] "GET /log/?path=%2F%2Fusr%2Flib%2Ffirmware%2Frtw88 HTTP/1.1" 429 0 "-" "Mozilla/5.0 AppleWebKit/537.36 (KHTML, like Gecko; compatible; ClaudeBot/1.0; +claudebot@anthropic.com)"
74.7.241.42 - - [29/Jul/2026:19:24:05 +0300] "GET /log/index.php?filesrc=//proc/thread-self/root/proc/self/root/proc/thread-self/root/proc/self/root/proc/self/root/proc/self/root/proc/self/root/proc/self/root/proc/thread-self/root/lib/firmware/usbduxsigma_firmware.bin&path=//proc/thread-self/root/proc/self/root/proc/thread-self/root/proc/self/root/proc/self/root/proc/self/root/proc/self/root/proc/self/root/proc/thread-self/root/lib/firmware HTTP/1.1" 429 0 "http://datesgeorgia.com/log/index.php?path=//proc/thread-self/root/proc/self/root/proc/thread-self/root/proc/self/root/proc/self/root/proc/self/root/proc/self/root/proc/self/root/proc/thread-self/root/lib/firmware" "Mozilla/5.0 AppleWebKit/537.36 (KHTML, like Gecko; compatible; GPTBot/1.4; +https://openai.com/gptbot)"
216.73.216.89 - - [29/Jul/2026:19:24:10 +0300] "GET /log/?path=%2F%2Fusr%2Flib%2Ffirmware%2Fav7110 HTTP/1.1" 429 0 "-" "Mozilla/5.0 AppleWebKit/537.36 (KHTML, like Gecko; compatible; ClaudeBot/1.0; +claudebot@anthropic.com)"
216.73.216.89 - - [29/Jul/2026:19:24:15 +0300] "GET /log/?path=%2F%2Fusr%2Flib%2Ffirmware%2Fkaweth HTTP/1.1" 429 0 "-" "Mozilla/5.0 AppleWebKit/537.36 (KHTML, like Gecko; compatible; ClaudeBot/1.0; +claudebot@anthropic.com)"
216.73.216.89 - - [29/Jul/2026:19:24:20 +0300] "GET /log/?path=%2F%2Fusr%2Fshare%2Flocale%2Fty HTTP/1.1" 429 0 "-" "Mozilla/5.0 AppleWebKit/537.36 (KHTML, like Gecko; compatible; ClaudeBot/1.0; +claudebot@anthropic.com)"
216.73.216.89 - - [29/Jul/2026:19:24:27 +0300] "GET /log/?path=%2F%2Fusr%2Flib%2Ffirmware%2Fath10k%2FQCA9377 HTTP/1.1" 429 0 "-" "Mozilla/5.0 AppleWebKit/537.36 (KHTML, like Gecko; compatible; ClaudeBot/1.0; +claudebot@anthropic.com)"
216.73.216.89 - - [29/Jul/2026:19:24:27 +0300] "GET /log/?filesrc=%2F%2Fusr%2Flib%2Ffirmware%2Famdgpu%2Fgreen_sardine_rlc.bin&path=%2F%2Fusr%2Flib%2Ffirmware%2Famdgpu HTTP/1.1" 429 0 "-" "Mozilla/5.0 AppleWebKit/537.36 (KHTML, like Gecko; compatible; ClaudeBot/1.0; +claudebot@anthropic.com)"
216.73.216.89 - - [29/Jul/2026:19:24:28 +0300] "GET /log/?filesrc=%2F%2Flib64%2Fpkgconfig%2Fncurses.pc&path=%2F%2Flib64%2Fpkgconfig HTTP/1.1" 429 0 "-" "Mozilla/5.0 AppleWebKit/537.36 (KHTML, like Gecko; compatible; ClaudeBot/1.0; +claudebot@anthropic.com)"
216.73.216.89 - - [29/Jul/2026:19:24:28 +0300] "GET /log/?filesrc=%2F%2Fusr%2Flib%2Ffirmware%2Famdgpu%2Ftahiti_k_smc.bin&path=%2F%2Fusr%2Flib%2Ffirmware%2Famdgpu HTTP/1.1" 429 0 "-" "Mozilla/5.0 AppleWebKit/537.36 (KHTML, like Gecko; compatible; ClaudeBot/1.0; +claudebot@anthropic.com)"
