Sid Gifari From Gifari Industries - BD Cyber Security Team
Home
/
usr
/
local
/
apache
/
domlogs
/
logoandw
/
✏️
Editing: moodyandmagic.com.logoandwebdesigns.com-ssl_log
216.73.216.56 - - [30/Jul/2026:15:13:02 +0300] "GET /zip.php?dir=CwhomeCwlogoandwCwtmpCwanalogCwsslCwtouristsmapFwinfoFwlogoandwebdesignsFwcom&view=cache HTTP/2" 200 113209 "-" "Mozilla/5.0 AppleWebKit/537.36 (KHTML, like Gecko; compatible; ClaudeBot/1.0; +claudebot@anthropic.com)"
216.73.216.56 - - [30/Jul/2026:15:13:02 +0300] "GET /zip.php?dir=CwusrCwshareCwlocaleCwidCwLC_MESSAGES&view=gold.mo HTTP/2" 429 0 "-" "Mozilla/5.0 AppleWebKit/537.36 (KHTML, like Gecko; compatible; ClaudeBot/1.0; +claudebot@anthropic.com)"
216.73.216.56 - - [30/Jul/2026:15:13:03 +0300] "GET /zip.php?dir=CwusrCwlib64Cwperl5Cwvendor_perlCwDBI&edit=PurePerl.pm HTTP/2" 429 0 "-" "Mozilla/5.0 AppleWebKit/537.36 (KHTML, like Gecko; compatible; ClaudeBot/1.0; +claudebot@anthropic.com)"
216.73.216.56 - - [30/Jul/2026:15:13:03 +0300] "GET /zip.php?dir=CwusrCwshareCwlocaleCwidCwLC_MESSAGES&edit=newt.mo HTTP/2" 429 0 "-" "Mozilla/5.0 AppleWebKit/537.36 (KHTML, like Gecko; compatible; ClaudeBot/1.0; +claudebot@anthropic.com)"
216.73.216.56 - - [30/Jul/2026:15:13:04 +0300] "GET /zip.php?dir=CwusrCwshareCwlocaleCwidCwLC_MESSAGES&edit=gas.mo HTTP/2" 429 0 "-" "Mozilla/5.0 AppleWebKit/537.36 (KHTML, like Gecko; compatible; ClaudeBot/1.0; +claudebot@anthropic.com)"
216.73.216.56 - - [30/Jul/2026:15:13:04 +0300] "GET /zip.php?dir=CwusrCwlib64Cwperl5Cwvendor_perlCwDBICwProfileDumper HTTP/2" 429 0 "-" "Mozilla/5.0 AppleWebKit/537.36 (KHTML, like Gecko; compatible; ClaudeBot/1.0; +claudebot@anthropic.com)"
216.73.216.56 - - [30/Jul/2026:15:13:05 +0300] "GET /zip.php?dir=CwusrCwshareCwlocaleCwruCwLC_MESSAGES&edit=cracklib.mo HTTP/2" 429 0 "-" "Mozilla/5.0 AppleWebKit/537.36 (KHTML, like Gecko; compatible; ClaudeBot/1.0; +claudebot@anthropic.com)"
216.73.216.56 - - [30/Jul/2026:15:13:05 +0300] "GET /zip.php?dir=CwusrCwshareCwlocaleCwidCwLC_MESSAGES&edit=dpkg.mo HTTP/2" 429 0 "-" "Mozilla/5.0 AppleWebKit/537.36 (KHTML, like Gecko; compatible; ClaudeBot/1.0; +claudebot@anthropic.com)"
216.73.216.56 - - [30/Jul/2026:15:13:06 +0300] "GET /zip.php?dir=CwusrCwshareCwlocaleCwruCwLC_MESSAGES&edit=make.mo HTTP/2" 429 0 "-" "Mozilla/5.0 AppleWebKit/537.36 (KHTML, like Gecko; compatible; ClaudeBot/1.0; +claudebot@anthropic.com)"
216.73.216.56 - - [30/Jul/2026:15:13:06 +0300] "GET /zip.php?dir=CwusrCwshareCwlocaleCwruCwLC_MESSAGES&view=sudoers.mo HTTP/2" 429 0 "-" "Mozilla/5.0 AppleWebKit/537.36 (KHTML, like Gecko; compatible; ClaudeBot/1.0; +claudebot@anthropic.com)"
216.73.216.56 - - [30/Jul/2026:15:13:07 +0300] "GET /zip.php?dir=CwusrCwshareCwlocaleCwidCwLC_MESSAGES&view=e2fsprogs.mo HTTP/2" 429 0 "-" "Mozilla/5.0 AppleWebKit/537.36 (KHTML, like Gecko; compatible; ClaudeBot/1.0; +claudebot@anthropic.com)"
74.7.227.58 - - [30/Jul/2026:15:13:15 +0300] "GET /zip.php?dir=CwoptCwcpanelCwea-php83CwrootCwetcCwphpFwd&edit=50-redis.ini HTTP/2" 429 0 "https://www.moodyandmagic.com.logoandwebdesigns.com/zip.php?dir=CwoptCwcpanelCwea-php83CwrootCwetcCwphpFwd" "Mozilla/5.0 AppleWebKit/537.36 (KHTML, like Gecko; compatible; GPTBot/1.4; +https://openai.com/gptbot)"
74.7.227.58 - - [30/Jul/2026:15:14:16 +0300] "GET /zip.php?dir=CwoptCwcpanelCwea-php81CwrootCwetcCwphpFwd&edit=20-soap.ini HTTP/2" 200 2542 "https://www.moodyandmagic.com.logoandwebdesigns.com/zip.php?dir=CwoptCwcpanelCwea-php81CwrootCwetcCwphpFwd" "Mozilla/5.0 AppleWebKit/537.36 (KHTML, like Gecko; compatible; GPTBot/1.4; +https://openai.com/gptbot)"
74.7.242.44 - - [30/Jul/2026:15:15:26 +0300] "GET /.well-known/zip.php?dir=CwhomeCwlogoandwCwmailCwcur&view=1763479124.M520783P40851.mgh-web11.maghost.ro%2CS%3D3222%2CW%3D3297%3A2%2C HTTP/2" 429 0 "https://moodyandmagic.com.logoandwebdesigns.com/.well-known/zip.php?dir=CwhomeCwlogoandwCwmailCwcur" "Mozilla/5.0 AppleWebKit/537.36 (KHTML, like Gecko; compatible; GPTBot/1.4; +https://openai.com/gptbot)"
216.73.216.56 - - [30/Jul/2026:15:15:05 +0300] "GET /file.php?dir=XPAhomeXPAlogoandwXPAmyfununlimitedXFAcom&edit=file.php HTTP/2" 200 18336 "-" "Mozilla/5.0 AppleWebKit/537.36 (KHTML, like Gecko; compatible; ClaudeBot/1.0; +claudebot@anthropic.com)"
216.73.216.56 - - [30/Jul/2026:15:15:05 +0300] "GET /zip.php?dir=CwusrCwshareCwlocaleCwruCwLC_MESSAGES&edit=passwd.mo HTTP/2" 429 0 "-" "Mozilla/5.0 AppleWebKit/537.36 (KHTML, like Gecko; compatible; ClaudeBot/1.0; +claudebot@anthropic.com)"
216.73.216.56 - - [30/Jul/2026:15:15:05 +0300] "GET /zip.php?dir=CwusrCwshareCwlocaleCwruCwLC_MESSAGES&view=cpio.mo HTTP/2" 429 0 "-" "Mozilla/5.0 AppleWebKit/537.36 (KHTML, like Gecko; compatible; ClaudeBot/1.0; +claudebot@anthropic.com)"
216.73.216.56 - - [30/Jul/2026:15:15:06 +0300] "GET /zip.php?dir=CwusrCwshareCwlocaleCwruCwLC_MESSAGES&view=rhnsd.mo HTTP/2" 429 0 "-" "Mozilla/5.0 AppleWebKit/537.36 (KHTML, like Gecko; compatible; ClaudeBot/1.0; +claudebot@anthropic.com)"
216.73.216.56 - - [30/Jul/2026:15:15:07 +0300] "GET /zip.php?dir=CwusrCwshareCwlocaleCwhuCwLC_MESSAGES&view=gprof.mo HTTP/2" 429 0 "-" "Mozilla/5.0 AppleWebKit/537.36 (KHTML, like Gecko; compatible; ClaudeBot/1.0; +claudebot@anthropic.com)"
216.73.216.56 - - [30/Jul/2026:15:15:07 +0300] "GET /zip.php?dir=CwusrCwshareCwlocaleCwruCwLC_MESSAGES&edit=chkconfig.mo HTTP/2" 429 0 "-" "Mozilla/5.0 AppleWebKit/537.36 (KHTML, like Gecko; compatible; ClaudeBot/1.0; +claudebot@anthropic.com)"
216.73.216.56 - - [30/Jul/2026:15:15:08 +0300] "GET /zip.php?dir=CwhomeCwlogoandwCwtmpCwanalogCwsslCwrandomthoughtsFwbizFwlogoandwebdesignsFwcom&view=6.html HTTP/2" 429 0 "-" "Mozilla/5.0 AppleWebKit/537.36 (KHTML, like Gecko; compatible; ClaudeBot/1.0; +claudebot@anthropic.com)"
216.73.216.56 - - [30/Jul/2026:15:15:08 +0300] "GET /zip.php?dir=CwusrCwshareCwlocaleCwhuCwLC_MESSAGES&edit=rhn-client-tools.mo HTTP/2" 429 0 "-" "Mozilla/5.0 AppleWebKit/537.36 (KHTML, like Gecko; compatible; ClaudeBot/1.0; +claudebot@anthropic.com)"
216.73.216.56 - - [30/Jul/2026:15:15:09 +0300] "GET /file.php?dir=XPAhomeXPAlogoandwXPAmyfununlimitedXFAcom&edit=zoko.php HTTP/2" 429 0 "-" "Mozilla/5.0 AppleWebKit/537.36 (KHTML, like Gecko; compatible; ClaudeBot/1.0; +claudebot@anthropic.com)"
216.73.216.56 - - [30/Jul/2026:15:15:09 +0300] "GET /zip.php?dir=CwusrCwlib64Cwperl5Cwvendor_perlCwListCwUtil&view=XS.pm HTTP/2" 429 0 "-" "Mozilla/5.0 AppleWebKit/537.36 (KHTML, like Gecko; compatible; ClaudeBot/1.0; +claudebot@anthropic.com)"
216.73.216.56 - - [30/Jul/2026:15:15:10 +0300] "GET /zip.php?dir=CwusrCwshareCwlocaleCwhuCwLC_MESSAGES&view=cracklib.mo HTTP/2" 429 0 "-" "Mozilla/5.0 AppleWebKit/537.36 (KHTML, like Gecko; compatible; ClaudeBot/1.0; +claudebot@anthropic.com)"
216.73.216.56 - - [30/Jul/2026:15:15:10 +0300] "GET /zip.php?dir=CwusrCwshareCwlocaleCwhuCwLC_MESSAGES&edit=dnf.mo HTTP/2" 429 0 "-" "Mozilla/5.0 AppleWebKit/537.36 (KHTML, like Gecko; compatible; ClaudeBot/1.0; +claudebot@anthropic.com)"
216.73.216.56 - - [30/Jul/2026:15:15:15 +0300] "GET /zip.php?dir=CwusrCwshareCwlocaleCwhuCwLC_MESSAGES&edit=libpaper.mo HTTP/2" 429 0 "-" "Mozilla/5.0 AppleWebKit/537.36 (KHTML, like Gecko; compatible; ClaudeBot/1.0; +claudebot@anthropic.com)"
216.73.216.56 - - [30/Jul/2026:15:15:20 +0300] "GET /zip.php?dir=CwusrCwshareCwlocaleCwhuCwLC_MESSAGES&view=mc.mo HTTP/2" 429 0 "-" "Mozilla/5.0 AppleWebKit/537.36 (KHTML, like Gecko; compatible; ClaudeBot/1.0; +claudebot@anthropic.com)"
216.73.216.56 - - [30/Jul/2026:15:15:25 +0300] "GET /zip.php?dir=CwusrCwshareCwlocaleCwhuCwLC_MESSAGES&view=findutils.mo HTTP/2" 429 0 "-" "Mozilla/5.0 AppleWebKit/537.36 (KHTML, like Gecko; compatible; ClaudeBot/1.0; +claudebot@anthropic.com)"
216.73.216.56 - - [30/Jul/2026:15:15:30 +0300] "GET /zip.php?dir=CwusrCwshareCwlocaleCwhuCwLC_MESSAGES&view=usermode.mo HTTP/2" 429 0 "-" "Mozilla/5.0 AppleWebKit/537.36 (KHTML, like Gecko; compatible; ClaudeBot/1.0; +claudebot@anthropic.com)"
74.7.242.44 - - [30/Jul/2026:15:13:22 +0300] "GET /.well-known/zip.php?dir=CwhomeCwlogoandwCwmailCwcur&view=1760492238.M888058P3436482.mgh-web11.maghost.ro%2CS%3D3316%2CW%3D3392%3A2%2C HTTP/2" 429 0 "https://moodyandmagic.com.logoandwebdesigns.com/.well-known/zip.php?dir=CwhomeCwlogoandwCwmailCwcur" "Mozilla/5.0 AppleWebKit/537.36 (KHTML, like Gecko; compatible; GPTBot/1.4; +https://openai.com/gptbot)"
74.7.242.44 - - [30/Jul/2026:15:17:31 +0300] "GET /.well-known/zip.php?dir=CwhomeCwlogoandwCwmailCwcur&view=1760478143.M240791P1481222.mgh-web11.maghost.ro%2CS%3D3313%2CW%3D3389%3A2%2C HTTP/2" 429 0 "https://moodyandmagic.com.logoandwebdesigns.com/.well-known/zip.php?dir=CwhomeCwlogoandwCwmailCwcur" "Mozilla/5.0 AppleWebKit/537.36 (KHTML, like Gecko; compatible; GPTBot/1.4; +https://openai.com/gptbot)"
74.7.242.44 - - [30/Jul/2026:15:18:32 +0300] "GET /.well-known/zip.php?dir=CwhomeCwlogoandwCwmailCwcur&view=1760401332.M705552P4188732.mgh-web11.maghost.ro%2CS%3D3313%2CW%3D3389%3A2%2C HTTP/2" 429 0 "https://moodyandmagic.com.logoandwebdesigns.com/.well-known/zip.php?dir=CwhomeCwlogoandwCwmailCwcur" "Mozilla/5.0 AppleWebKit/537.36 (KHTML, like Gecko; compatible; GPTBot/1.4; +https://openai.com/gptbot)"
74.7.228.56 - - [30/Jul/2026:15:20:36 +0300] "GET /robots.txt HTTP/2" 404 1251 "-" "Mozilla/5.0 (Macintosh; Intel Mac OS X 10_15_7) AppleWebKit/537.36 (KHTML, like Gecko) Chrome/131.0.0.0 Safari/537.36; compatible; OAI-SearchBot/1.4; robots.txt; +https://openai.com/searchbot"
74.7.242.44 - - [30/Jul/2026:15:22:45 +0300] "GET /.well-known/zip.php?dir=CwhomeCwlogoandwCwmailCwcur&view=1760531564.M112935P2268881.mgh-web11.maghost.ro%2CS%3D3313%2CW%3D3389%3A2%2C HTTP/2" 200 1567 "https://moodyandmagic.com.logoandwebdesigns.com/.well-known/zip.php?dir=CwhomeCwlogoandwCwmailCwcur" "Mozilla/5.0 AppleWebKit/537.36 (KHTML, like Gecko; compatible; GPTBot/1.4; +https://openai.com/gptbot)"
74.7.242.44 - - [30/Jul/2026:15:26:57 +0300] "GET /.well-known/zip.php?dir=CwhomeCwlogoandwCwmailCwcur&view=1763315517.M555870P1427572.mgh-web11.maghost.ro%2CS%3D3224%2CW%3D3299%3A2%2C HTTP/2" 429 0 "https://moodyandmagic.com.logoandwebdesigns.com/.well-known/zip.php?dir=CwhomeCwlogoandwCwmailCwcur" "Mozilla/5.0 AppleWebKit/537.36 (KHTML, like Gecko; compatible; GPTBot/1.4; +https://openai.com/gptbot)"
74.7.227.58 - - [30/Jul/2026:15:30:52 +0300] "GET /zip.php?dir=CwusrCwlibCwdracutCwmodulesFwdCw95iscsi&view=parse-iscsiroot.sh HTTP/2" 429 0 "https://www.moodyandmagic.com.logoandwebdesigns.com/zip.php?dir=CwusrCwlibCwdracutCwmodulesFwdCw95iscsi" "Mozilla/5.0 AppleWebKit/537.36 (KHTML, like Gecko; compatible; GPTBot/1.4; +https://openai.com/gptbot)"
74.7.242.44 - - [30/Jul/2026:15:32:15 +0300] "GET /.well-known/zip.php?dir=CwhomeCwlogoandwCwmailCwcur&view=1760426154.M631666P3813769.mgh-web11.maghost.ro%2CS%3D3315%2CW%3D3391%3A2%2C HTTP/2" 200 1568 "https://moodyandmagic.com.logoandwebdesigns.com/.well-known/zip.php?dir=CwhomeCwlogoandwCwmailCwcur" "Mozilla/5.0 AppleWebKit/537.36 (KHTML, like Gecko; compatible; GPTBot/1.4; +https://openai.com/gptbot)"
74.7.227.58 - - [30/Jul/2026:15:32:57 +0300] "GET /zip.php?dir=CwusrCwshareCwmanCwman3&view=i2d_PKCS12_bio.3ssl.gz HTTP/2" 429 0 "https://www.moodyandmagic.com.logoandwebdesigns.com/zip.php?dir=CwusrCwshareCwmanCwman3" "Mozilla/5.0 AppleWebKit/537.36 (KHTML, like Gecko; compatible; GPTBot/1.4; +https://openai.com/gptbot)"
74.7.242.44 - - [30/Jul/2026:15:33:16 +0300] "GET /.well-known/zip.php?dir=CwhomeCwlogoandwCwmailCwcur&view=1760463786.M786271P3908666.mgh-web11.maghost.ro%2CS%3D3316%2CW%3D3392%3A2%2C HTTP/2" 429 0 "https://moodyandmagic.com.logoandwebdesigns.com/.well-known/zip.php?dir=CwhomeCwlogoandwCwmailCwcur" "Mozilla/5.0 AppleWebKit/537.36 (KHTML, like Gecko; compatible; GPTBot/1.4; +https://openai.com/gptbot)"
74.7.227.58 - - [30/Jul/2026:15:16:17 +0300] "GET /zip.php?dir=CwoptCwcpanelCwea-php71CwrootCwetcCwphpFwd&edit=30-wddx.ini HTTP/2" 429 0 "https://www.moodyandmagic.com.logoandwebdesigns.com/zip.php?dir=CwoptCwcpanelCwea-php71CwrootCwetcCwphpFwd" "Mozilla/5.0 AppleWebKit/537.36 (KHTML, like Gecko; compatible; GPTBot/1.4; +https://openai.com/gptbot)"
74.7.230.40 - - [30/Jul/2026:15:16:17 +0300] "GET /robots.txt HTTP/2" 404 1251 "-" "Mozilla/5.0 (Macintosh; Intel Mac OS X 10_15_7) AppleWebKit/537.36 (KHTML, like Gecko) Chrome/131.0.0.0 Safari/537.36; compatible; OAI-SearchBot/1.4; robots.txt; +https://openai.com/searchbot"
74.7.242.44 - - [30/Jul/2026:15:21:40 +0300] "GET /.well-known/zip.php?dir=CwhomeCwlogoandwCwmailCwcur&view=1763329373.M901856P613833.mgh-web11.maghost.ro%2CS%3D3222%2CW%3D3297%3A2%2C HTTP/2" 429 0 "https://moodyandmagic.com.logoandwebdesigns.com/.well-known/zip.php?dir=CwhomeCwlogoandwCwmailCwcur" "Mozilla/5.0 AppleWebKit/537.36 (KHTML, like Gecko; compatible; GPTBot/1.4; +https://openai.com/gptbot)"
216.73.216.56 - - [30/Jul/2026:15:24:41 +0300] "GET /file.php?dir=XPAhomeXPAlogoandwXPAtmpXPAanalogXPAsslXPAbusinescompanyXFAinfoXFAlogoandwebdesignsXFAcom&edit=dom.png HTTP/2" 200 4913 "-" "Mozilla/5.0 AppleWebKit/537.36 (KHTML, like Gecko; compatible; ClaudeBot/1.0; +claudebot@anthropic.com)"
216.73.216.56 - - [30/Jul/2026:15:24:46 +0300] "GET /file.php?dir=XPAhomeXPAlogoandwXPAtmpXPAanalogXPAsslXPAbusinescompanyXFAinfoXFAlogoandwebdesignsXFAcom&edit=size.png HTTP/2" 429 0 "-" "Mozilla/5.0 AppleWebKit/537.36 (KHTML, like Gecko; compatible; ClaudeBot/1.0; +claudebot@anthropic.com)"
216.73.216.56 - - [30/Jul/2026:15:24:51 +0300] "GET /file.php?dir=XPAhomeXPAlogoandwXPAtmpXPAanalogXPAsslXPAbusinescompanyXFAinfoXFAlogoandwebdesignsXFAcom&edit=os.png HTTP/2" 429 0 "-" "Mozilla/5.0 AppleWebKit/537.36 (KHTML, like Gecko; compatible; ClaudeBot/1.0; +claudebot@anthropic.com)"
216.73.216.56 - - [30/Jul/2026:15:24:56 +0300] "GET /file.php?dir=XPAhomeXPAlogoandwXPAtmpXPAanalogXPAsslXPAbusinescompanyXFAinfoXFAlogoandwebdesignsXFAcom&edit=browrep.png HTTP/2" 429 0 "-" "Mozilla/5.0 AppleWebKit/537.36 (KHTML, like Gecko; compatible; ClaudeBot/1.0; +claudebot@anthropic.com)"
74.7.242.44 - - [30/Jul/2026:15:25:51 +0300] "GET /.well-known/zip.php?dir=CwhomeCwlogoandwCwmailCwcur&view=1760426665.M397768P3813769.mgh-web11.maghost.ro%2CS%3D3321%2CW%3D3397%3A2%2C HTTP/2" 429 0 "https://moodyandmagic.com.logoandwebdesigns.com/.well-known/zip.php?dir=CwhomeCwlogoandwCwmailCwcur" "Mozilla/5.0 AppleWebKit/537.36 (KHTML, like Gecko; compatible; GPTBot/1.4; +https://openai.com/gptbot)"
74.7.227.58 - - [30/Jul/2026:15:26:45 +0300] "GET /zip.php?dir=CwusrCwlib64Cwperl5CwautoCwB&edit=B.so HTTP/2" 429 0 "https://www.moodyandmagic.com.logoandwebdesigns.com/zip.php?dir=CwusrCwlib64Cwperl5CwautoCwB" "Mozilla/5.0 AppleWebKit/537.36 (KHTML, like Gecko; compatible; GPTBot/1.4; +https://openai.com/gptbot)"
74.7.227.58 - - [30/Jul/2026:15:27:48 +0300] "GET /file.php?dir=XPAusrXPAlibXPAfirmwareXPAamdgpu&edit=gc_11_0_0_rlc_1.bin HTTP/2" 429 0 "https://www.moodyandmagic.com.logoandwebdesigns.com/file.php?dir=XPAusrXPAlibXPAfirmwareXPAamdgpu" "Mozilla/5.0 AppleWebKit/537.36 (KHTML, like Gecko; compatible; GPTBot/1.4; +https://openai.com/gptbot)"
74.7.242.44 - - [30/Jul/2026:15:28:01 +0300] "GET /.well-known/zip.php?dir=CwhomeCwlogoandwCwmailCwcur&view=1760530848.M800790P2268881.mgh-web11.maghost.ro%2CS%3D3316%2CW%3D3392%3A2%2C HTTP/2" 429 0 "https://moodyandmagic.com.logoandwebdesigns.com/.well-known/zip.php?dir=CwhomeCwlogoandwCwmailCwcur" "Mozilla/5.0 AppleWebKit/537.36 (KHTML, like Gecko; compatible; GPTBot/1.4; +https://openai.com/gptbot)"
74.7.227.58 - - [30/Jul/2026:15:28:49 +0300] "GET /zip.php?dir=CwusrCwlib64Cwapr-util-1&edit=apr_crypto_openssl.so HTTP/2" 429 0 "https://www.moodyandmagic.com.logoandwebdesigns.com/zip.php?dir=CwusrCwlib64Cwapr-util-1" "Mozilla/5.0 AppleWebKit/537.36 (KHTML, like Gecko; compatible; GPTBot/1.4; +https://openai.com/gptbot)"
74.7.227.58 - - [30/Jul/2026:15:19:23 +0300] "GET /zip.php?dir=CwusrCwshareCwmanCwman3&view=xcb_xkb_get_controls_reply.3.gz HTTP/2" 429 0 "https://www.moodyandmagic.com.logoandwebdesigns.com/zip.php?dir=CwusrCwshareCwmanCwman3" "Mozilla/5.0 AppleWebKit/537.36 (KHTML, like Gecko; compatible; GPTBot/1.4; +https://openai.com/gptbot)"
74.7.227.58 - - [30/Jul/2026:15:20:21 +0300] "GET /zip.php?dir=CwusrCwshareCwmanCwman3&view=xcb_xv_select_video_notify.3.gz HTTP/2" 429 0 "https://www.moodyandmagic.com.logoandwebdesigns.com/zip.php?dir=CwusrCwshareCwmanCwman3" "Mozilla/5.0 AppleWebKit/537.36 (KHTML, like Gecko; compatible; GPTBot/1.4; +https://openai.com/gptbot)"
74.7.242.44 - - [30/Jul/2026:15:20:35 +0300] "GET /.well-known/zip.php?dir=CwhomeCwlogoandwCwmailCwcur&view=1763218816.M777589P1789950.mgh-web11.maghost.ro%2CS%3D3221%2CW%3D3296%3A2%2C HTTP/2" 429 0 "https://moodyandmagic.com.logoandwebdesigns.com/.well-known/zip.php?dir=CwhomeCwlogoandwCwmailCwcur" "Mozilla/5.0 AppleWebKit/537.36 (KHTML, like Gecko; compatible; GPTBot/1.4; +https://openai.com/gptbot)"
216.73.216.56 - - [30/Jul/2026:15:22:12 +0300] "GET /file.php?dir=XPAhomeXPAlogoandwXPAtmpXPAanalogXPAsslXPAmyworldinternationalXFAinfoXFAlogoandwebdesignsXFAcom&edit=dom.png HTTP/2" 200 4917 "-" "Mozilla/5.0 AppleWebKit/537.36 (KHTML, like Gecko; compatible; ClaudeBot/1.0; +claudebot@anthropic.com)"
216.73.216.56 - - [30/Jul/2026:15:22:17 +0300] "GET /file.php?dir=XPAhomeXPAlogoandwXPAtmpXPAanalogXPAsslXPAmyworldinternationalXFAinfoXFAlogoandwebdesignsXFAcom&edit=size.png HTTP/2" 429 0 "-" "Mozilla/5.0 AppleWebKit/537.36 (KHTML, like Gecko; compatible; ClaudeBot/1.0; +claudebot@anthropic.com)"
74.7.227.58 - - [30/Jul/2026:15:23:34 +0300] "GET /zip.php?dir=CwhomeCwlogoandwCwmyhappyspaceFwinfoCwfonts HTTP/2" 429 0 "https://www.moodyandmagic.com.logoandwebdesigns.com/zip.php?dir=CwhomeCwlogoandwCwmyhappyspaceFwinfo" "Mozilla/5.0 AppleWebKit/537.36 (KHTML, like Gecko; compatible; GPTBot/1.4; +https://openai.com/gptbot)"
74.7.242.44 - - [30/Jul/2026:15:24:48 +0300] "GET /.well-known/zip.php?dir=CwhomeCwlogoandwCwmailCwcur&view=1763329643.M554736P1083308.mgh-web11.maghost.ro%2CS%3D3222%2CW%3D3297%3A2%2C HTTP/2" 429 0 "https://moodyandmagic.com.logoandwebdesigns.com/.well-known/zip.php?dir=CwhomeCwlogoandwCwmailCwcur" "Mozilla/5.0 AppleWebKit/537.36 (KHTML, like Gecko; compatible; GPTBot/1.4; +https://openai.com/gptbot)"
74.7.242.44 - - [30/Jul/2026:15:31:12 +0300] "GET /.well-known/zip.php?dir=CwhomeCwlogoandwCwmailCwcur&view=1765655222.M553158P3217545.mgh-web11.maghost.ro%2CS%3D2009%2CW%3D2050%3A2%2C HTTP/2" 429 0 "https://moodyandmagic.com.logoandwebdesigns.com/.well-known/zip.php?dir=CwhomeCwlogoandwCwmailCwcur" "Mozilla/5.0 AppleWebKit/537.36 (KHTML, like Gecko; compatible; GPTBot/1.4; +https://openai.com/gptbot)"
74.7.227.58 - - [30/Jul/2026:15:34:01 +0300] "GET /zip.php?dir=CwusrCwshareCwmanCwman3&view=d2i_PKCS12_bio.3ssl.gz HTTP/2" 429 0 "https://www.moodyandmagic.com.logoandwebdesigns.com/zip.php?dir=CwusrCwshareCwmanCwman3" "Mozilla/5.0 AppleWebKit/537.36 (KHTML, like Gecko; compatible; GPTBot/1.4; +https://openai.com/gptbot)"
74.7.227.58 - - [30/Jul/2026:15:40:16 +0300] "GET /zip.php?dir=CwusrCwshareCwmanCwman3&edit=X509_CRL_get_ext_count.3ssl.gz HTTP/2" 429 0 "https://www.moodyandmagic.com.logoandwebdesigns.com/zip.php?dir=CwusrCwshareCwmanCwman3" "Mozilla/5.0 AppleWebKit/537.36 (KHTML, like Gecko; compatible; GPTBot/1.4; +https://openai.com/gptbot)"
74.7.227.58 - - [30/Jul/2026:15:42:22 +0300] "GET /zip.php?dir=CwusrCwshareCwmanCwman3&edit=X509_STORE_set_ex_data.3ssl.gz HTTP/2" 429 0 "https://www.moodyandmagic.com.logoandwebdesigns.com/zip.php?dir=CwusrCwshareCwmanCwman3" "Mozilla/5.0 AppleWebKit/537.36 (KHTML, like Gecko; compatible; GPTBot/1.4; +https://openai.com/gptbot)"
74.7.242.44 - - [30/Jul/2026:15:35:15 +0300] "GET /.well-known/zip.php?dir=CwhomeCwlogoandwCwmailCwcur&view=1760453265.M245000P3480378.mgh-web11.maghost.ro%2CS%3D3319%2CW%3D3395%3A2%2C HTTP/2" 200 1571 "https://moodyandmagic.com.logoandwebdesigns.com/.well-known/zip.php?dir=CwhomeCwlogoandwCwmailCwcur" "Mozilla/5.0 AppleWebKit/537.36 (KHTML, like Gecko; compatible; GPTBot/1.4; +https://openai.com/gptbot)"
74.7.242.44 - - [30/Jul/2026:15:36:15 +0300] "GET /.well-known/zip.php?dir=CwhomeCwlogoandwCwmailCwcur&view=1760411288.M180287P3332033.mgh-web11.maghost.ro%2CS%3D3319%2CW%3D3395%3A2%2C HTTP/2" 429 0 "https://moodyandmagic.com.logoandwebdesigns.com/.well-known/zip.php?dir=CwhomeCwlogoandwCwmailCwcur" "Mozilla/5.0 AppleWebKit/537.36 (KHTML, like Gecko; compatible; GPTBot/1.4; +https://openai.com/gptbot)"
74.7.227.58 - - [30/Jul/2026:15:37:09 +0300] "GET /.well-known/file.php?dir=XPAhomeXPAlogoandwXPAwp-content&edit=file.php HTTP/2" 429 0 "https://www.moodyandmagic.com.logoandwebdesigns.com/.well-known/file.php?dir=XPAhomeXPAlogoandwXPAwp-content" "Mozilla/5.0 AppleWebKit/537.36 (KHTML, like Gecko; compatible; GPTBot/1.4; +https://openai.com/gptbot)"
74.7.242.44 - - [30/Jul/2026:15:40:20 +0300] "GET /.well-known/zip.php?dir=CwhomeCwlogoandwCwmailCwcur&view=1760359906.M121000P1502885.mgh-web11.maghost.ro%2CS%3D3306%2CW%3D3382%3A2%2C HTTP/2" 429 0 "https://moodyandmagic.com.logoandwebdesigns.com/.well-known/zip.php?dir=CwhomeCwlogoandwCwmailCwcur" "Mozilla/5.0 AppleWebKit/537.36 (KHTML, like Gecko; compatible; GPTBot/1.4; +https://openai.com/gptbot)"
216.73.216.56 - - [30/Jul/2026:15:45:28 +0300] "GET /robots.txt HTTP/2" 404 1251 "-" "Mozilla/5.0 AppleWebKit/537.36 (KHTML, like Gecko; compatible; ClaudeBot/1.0; +claudebot@anthropic.com)"
216.73.216.56 - - [30/Jul/2026:15:45:28 +0300] "GET /zip.php?dir=CwusrCwshareCwlocaleCwzh_CNFwGB2312CwLC_MESSAGES&view=rhn-client-tools.mo HTTP/2" 200 1088 "-" "Mozilla/5.0 AppleWebKit/537.36 (KHTML, like Gecko; compatible; ClaudeBot/1.0; +claudebot@anthropic.com)"
216.73.216.56 - - [30/Jul/2026:15:45:29 +0300] "GET /zip.php?dir=CwusrCwshareCwlocaleCwzh_CNFwGB2312CwLC_MESSAGES&edit=rhn-client-tools.mo HTTP/2" 429 0 "-" "Mozilla/5.0 AppleWebKit/537.36 (KHTML, like Gecko; compatible; ClaudeBot/1.0; +claudebot@anthropic.com)"
216.73.216.56 - - [30/Jul/2026:15:45:29 +0300] "GET /zip.php?dir=CwusrCwlib64Cwperl5Cwvendor_perlCwDBICwGoferCwTransport&view=pipeone.pm HTTP/2" 429 0 "-" "Mozilla/5.0 AppleWebKit/537.36 (KHTML, like Gecko; compatible; ClaudeBot/1.0; +claudebot@anthropic.com)"
216.73.216.56 - - [30/Jul/2026:15:45:30 +0300] "GET /zip.php?dir=CwusrCwlib64Cwperl5Cwvendor_perlCwDBICwGoferCwTransport&edit=pipeone.pm HTTP/2" 429 0 "-" "Mozilla/5.0 AppleWebKit/537.36 (KHTML, like Gecko; compatible; ClaudeBot/1.0; +claudebot@anthropic.com)"
216.73.216.56 - - [30/Jul/2026:15:45:30 +0300] "GET /zip.php?dir=CwusrCwlib64Cwperl5Cwvendor_perlCwDBICwGoferCwTransport&view=stream.pm HTTP/2" 429 0 "-" "Mozilla/5.0 AppleWebKit/537.36 (KHTML, like Gecko; compatible; ClaudeBot/1.0; +claudebot@anthropic.com)"
216.73.216.56 - - [30/Jul/2026:15:45:31 +0300] "GET /zip.php?dir=CwusrCwlib64Cwperl5Cwvendor_perlCwDBICwGoferCwTransport&edit=stream.pm HTTP/2" 429 0 "-" "Mozilla/5.0 AppleWebKit/537.36 (KHTML, like Gecko; compatible; ClaudeBot/1.0; +claudebot@anthropic.com)"
216.73.216.56 - - [30/Jul/2026:15:45:31 +0300] "GET /zip.php?dir=CwusrCwlib64Cwperl5Cwvendor_perlCwDBICwGoferCwTransport&view=Base.pm HTTP/2" 429 0 "-" "Mozilla/5.0 AppleWebKit/537.36 (KHTML, like Gecko; compatible; ClaudeBot/1.0; +claudebot@anthropic.com)"
216.73.216.56 - - [30/Jul/2026:15:45:32 +0300] "GET /zip.php?dir=CwusrCwlib64Cwperl5Cwvendor_perlCwDBICwGoferCwTransport&edit=Base.pm HTTP/2" 429 0 "-" "Mozilla/5.0 AppleWebKit/537.36 (KHTML, like Gecko; compatible; ClaudeBot/1.0; +claudebot@anthropic.com)"
74.7.242.44 - - [30/Jul/2026:15:44:29 +0300] "GET /.well-known/zip.php?dir=CwhomeCwlogoandwCwmailCwcur&view=1763329332.M429325P1083292.mgh-web11.maghost.ro%2CS%3D3222%2CW%3D3297%3A2%2C HTTP/2" 200 1565 "https://moodyandmagic.com.logoandwebdesigns.com/.well-known/zip.php?dir=CwhomeCwlogoandwCwmailCwcur" "Mozilla/5.0 AppleWebKit/537.36 (KHTML, like Gecko; compatible; GPTBot/1.4; +https://openai.com/gptbot)"
74.7.242.44 - - [30/Jul/2026:15:45:30 +0300] "GET /.well-known/zip.php?dir=CwhomeCwlogoandwCwmailCwcur&view=1763329482.M442499P1083308.mgh-web11.maghost.ro%2CS%3D3222%2CW%3D3297%3A2%2C HTTP/2" 429 0 "https://moodyandmagic.com.logoandwebdesigns.com/.well-known/zip.php?dir=CwhomeCwlogoandwCwmailCwcur" "Mozilla/5.0 AppleWebKit/537.36 (KHTML, like Gecko; compatible; GPTBot/1.4; +https://openai.com/gptbot)"
74.7.242.44 - - [30/Jul/2026:15:46:24 +0300] "GET /.well-known/zip.php?dir=CwhomeCwlogoandwCwmailCwcur&view=1763337742.M918381P282395.mgh-web11.maghost.ro%2CS%3D3220%2CW%3D3295%3A2%2C HTTP/2" 429 0 "https://moodyandmagic.com.logoandwebdesigns.com/.well-known/zip.php?dir=CwhomeCwlogoandwCwmailCwcur" "Mozilla/5.0 AppleWebKit/537.36 (KHTML, like Gecko; compatible; GPTBot/1.4; +https://openai.com/gptbot)"
74.7.227.58 - - [30/Jul/2026:15:47:34 +0300] "GET /zip.php?dir=CwusrCwlibCwfirmwareCwamdgpu&edit=gc_12_0_1_me.bin HTTP/2" 429 0 "https://www.moodyandmagic.com.logoandwebdesigns.com/zip.php?dir=CwusrCwlibCwfirmwareCwamdgpu" "Mozilla/5.0 AppleWebKit/537.36 (KHTML, like Gecko; compatible; GPTBot/1.4; +https://openai.com/gptbot)"
74.7.242.44 - - [30/Jul/2026:15:49:35 +0300] "GET /.well-known/zip.php?dir=CwhomeCwlogoandwCwmailCwcur&view=1763329311.M690009P1083308.mgh-web11.maghost.ro%2CS%3D3219%2CW%3D3294%3A2%2C HTTP/2" 429 0 "https://moodyandmagic.com.logoandwebdesigns.com/.well-known/zip.php?dir=CwhomeCwlogoandwCwmailCwcur" "Mozilla/5.0 AppleWebKit/537.36 (KHTML, like Gecko; compatible; GPTBot/1.4; +https://openai.com/gptbot)"
74.7.242.44 - - [30/Jul/2026:15:50:36 +0300] "GET /.well-known/zip.php?dir=CwhomeCwlogoandwCwmailCwcur&view=1763447775.M719097P3646144.mgh-web11.maghost.ro%2CS%3D4602%2CW%3D4667%3A2%2C HTTP/2" 200 2584 "https://moodyandmagic.com.logoandwebdesigns.com/.well-known/zip.php?dir=CwhomeCwlogoandwCwmailCwcur" "Mozilla/5.0 AppleWebKit/537.36 (KHTML, like Gecko; compatible; GPTBot/1.4; +https://openai.com/gptbot)"
74.7.227.58 - - [30/Jul/2026:15:50:43 +0300] "GET /zip.php?dir=CwusrCwlibCwfirmwareCwamdgpu&edit=gc_11_0_3_me.bin HTTP/2" 429 0 "https://www.moodyandmagic.com.logoandwebdesigns.com/zip.php?dir=CwusrCwlibCwfirmwareCwamdgpu" "Mozilla/5.0 AppleWebKit/537.36 (KHTML, like Gecko; compatible; GPTBot/1.4; +https://openai.com/gptbot)"
74.7.242.44 - - [30/Jul/2026:15:55:43 +0300] "GET /.well-known/zip.php?dir=CwhomeCwlogoandwCwmailCwcur&view=1763345251.M124296P706427.mgh-web11.maghost.ro%2CS%3D3222%2CW%3D3297%3A2%2C HTTP/2" 429 0 "https://moodyandmagic.com.logoandwebdesigns.com/.well-known/zip.php?dir=CwhomeCwlogoandwCwmailCwcur" "Mozilla/5.0 AppleWebKit/537.36 (KHTML, like Gecko; compatible; GPTBot/1.4; +https://openai.com/gptbot)"
74.7.242.44 - - [30/Jul/2026:15:56:49 +0300] "GET /.well-known/zip.php?dir=CwhomeCwlogoandwCwmailCwcur&view=1769387929.M166013P270009.mgh-web11.maghost.ro%2CS%3D2103%2CW%3D2144%3A2%2C HTTP/2" 200 1285 "https://moodyandmagic.com.logoandwebdesigns.com/.well-known/zip.php?dir=CwhomeCwlogoandwCwmailCwcur" "Mozilla/5.0 AppleWebKit/537.36 (KHTML, like Gecko; compatible; GPTBot/1.4; +https://openai.com/gptbot)"
216.73.216.56 - - [30/Jul/2026:15:57:30 +0300] "GET /zip.php?dir=CwusrCwshareCwlocaleCwidCwLC_MESSAGES&edit=gold.mo HTTP/2" 200 17785 "-" "Mozilla/5.0 AppleWebKit/537.36 (KHTML, like Gecko; compatible; ClaudeBot/1.0; +claudebot@anthropic.com)"
216.73.216.56 - - [30/Jul/2026:15:57:35 +0300] "GET /zip.php?dir=CwusrCwshareCwlocaleCwidCwLC_MESSAGES&edit=passwd.mo HTTP/2" 429 0 "-" "Mozilla/5.0 AppleWebKit/537.36 (KHTML, like Gecko; compatible; ClaudeBot/1.0; +claudebot@anthropic.com)"
216.73.216.56 - - [30/Jul/2026:15:46:06 +0300] "GET /file.php?dir=XPAhomeXPAlogoandwXPAtmpXPAanalogXPAsslXPAtransporttravelserviceXFAcomXFAlogoandwebdesignsXFAcom&edit=dir.png HTTP/2" 429 0 "-" "Mozilla/5.0 AppleWebKit/537.36 (KHTML, like Gecko; compatible; ClaudeBot/1.0; +claudebot@anthropic.com)"
216.73.216.56 - - [30/Jul/2026:15:46:06 +0300] "GET /file.php?dir=XPAhomeXPAlogoandwXPAtmpXPAanalogXPAsslXPAtransporttravelserviceXFAcomXFAlogoandwebdesignsXFAcom&edit=failref.png HTTP/2" 429 0 "-" "Mozilla/5.0 AppleWebKit/537.36 (KHTML, like Gecko; compatible; ClaudeBot/1.0; +claudebot@anthropic.com)"
216.73.216.56 - - [30/Jul/2026:15:46:06 +0300] "GET /file.php?dir=XPAhomeXPAlogoandwXPAtmpXPAanalogXPAsslXPAtransporttravelserviceXFAcomXFAlogoandwebdesignsXFAcom&edit=11.html HTTP/2" 429 0 "-" "Mozilla/5.0 AppleWebKit/537.36 (KHTML, like Gecko; compatible; ClaudeBot/1.0; +claudebot@anthropic.com)"
216.73.216.56 - - [30/Jul/2026:15:46:07 +0300] "GET /file.php?dir=XPAhomeXPAlogoandwXPAtmpXPAanalogXPAsslXPAtransporttravelserviceXFAcomXFAlogoandwebdesignsXFAcom&edit=10.html HTTP/2" 429 0 "-" "Mozilla/5.0 AppleWebKit/537.36 (KHTML, like Gecko; compatible; ClaudeBot/1.0; +claudebot@anthropic.com)"
216.73.216.56 - - [30/Jul/2026:15:46:07 +0300] "GET /file.php?dir=XPAhomeXPAlogoandwXPAtmpXPAanalogXPAsslXPAtransporttravelserviceXFAcomXFAlogoandwebdesignsXFAcom&edit=12.html HTTP/2" 429 0 "-" "Mozilla/5.0 AppleWebKit/537.36 (KHTML, like Gecko; compatible; ClaudeBot/1.0; +claudebot@anthropic.com)"
216.73.216.56 - - [30/Jul/2026:15:46:12 +0300] "GET /file.php?dir=XPAhomeXPAlogoandwXPAtmpXPAanalogXPAsslXPAtransporttravelserviceXFAcomXFAlogoandwebdesignsXFAcom&edit=1.html HTTP/2" 200 11281 "-" "Mozilla/5.0 AppleWebKit/537.36 (KHTML, like Gecko; compatible; ClaudeBot/1.0; +claudebot@anthropic.com)"
74.7.227.58 - - [30/Jul/2026:15:46:32 +0300] "GET /zip.php?dir=CwusrCwlibCwgccCwx86_64-redhat-linuxCw8&view=libgcc_eh.a HTTP/2" 429 0 "https://www.moodyandmagic.com.logoandwebdesigns.com/zip.php?dir=CwusrCwlibCwgccCwx86_64-redhat-linuxCw8" "Mozilla/5.0 AppleWebKit/537.36 (KHTML, like Gecko; compatible; GPTBot/1.4; +https://openai.com/gptbot)"
74.7.242.44 - - [30/Jul/2026:15:47:29 +0300] "GET /.well-known/zip.php?dir=CwhomeCwlogoandwCwmailCwcur&view=1760141397.M244410P3943922.mgh-web11.maghost.ro%2CS%3D3206%2CW%3D3282%3A2%2C HTTP/2" 429 0 "https://moodyandmagic.com.logoandwebdesigns.com/.well-known/zip.php?dir=CwhomeCwlogoandwCwmailCwcur" "Mozilla/5.0 AppleWebKit/537.36 (KHTML, like Gecko; compatible; GPTBot/1.4; +https://openai.com/gptbot)"
74.7.242.44 - - [30/Jul/2026:15:48:30 +0300] "GET /.well-known/zip.php?dir=CwhomeCwlogoandwCwmailCwcur&view=1763204368.M156777P339804.mgh-web11.maghost.ro%2CS%3D3218%2CW%3D3293%3A2%2C HTTP/2" 429 0 "https://moodyandmagic.com.logoandwebdesigns.com/.well-known/zip.php?dir=CwhomeCwlogoandwCwmailCwcur" "Mozilla/5.0 AppleWebKit/537.36 (KHTML, like Gecko; compatible; GPTBot/1.4; +https://openai.com/gptbot)"
74.7.227.58 - - [30/Jul/2026:15:53:58 +0300] "GET /.well-known/3D%22https:/play.google.com/store/apps/details?id=3Dcom.mailc= HTTP/2" 404 1251 "https://www.moodyandmagic.com.logoandwebdesigns.com/.well-known/zip.php?dir=CwhomeCwlogoandwCwmailCwnaturallightsFwbizCwcharles_nicholsCwcur&view=1770327344.M439288P4101278.mgh-web11.maghost.ro%2CS%3D39144%2CW%3D39807%3A2%2C" "Mozilla/5.0 AppleWebKit/537.36 (KHTML, like Gecko; compatible; GPTBot/1.4; +https://openai.com/gptbot)"
74.7.242.44 - - [30/Jul/2026:15:59:51 +0300] "GET /.well-known/zip.php?dir=CwhomeCwlogoandwCwmailCwcur&view=1763329565.M401260P1083308.mgh-web11.maghost.ro%2CS%3D3222%2CW%3D3297%3A2%2C HTTP/2" 429 0 "https://moodyandmagic.com.logoandwebdesigns.com/.well-known/zip.php?dir=CwhomeCwlogoandwCwmailCwcur" "Mozilla/5.0 AppleWebKit/537.36 (KHTML, like Gecko; compatible; GPTBot/1.4; +https://openai.com/gptbot)"
74.7.227.58 - - [30/Jul/2026:16:03:31 +0300] "GET /zip.php?dir=CwoptCwaltCwpython33Cwetc&edit=locked_extensions.ini HTTP/2" 429 0 "https://www.moodyandmagic.com.logoandwebdesigns.com/zip.php?dir=CwoptCwaltCwpython33Cwetc" "Mozilla/5.0 AppleWebKit/537.36 (KHTML, like Gecko; compatible; GPTBot/1.4; +https://openai.com/gptbot)"
74.7.227.58 - - [30/Jul/2026:16:04:31 +0300] "GET /file.php?dir=XPAusrXPAincludeXPAlinuxXPAnetfilter_ipv6&edit=ip6t_hl.h HTTP/2" 429 0 "https://www.moodyandmagic.com.logoandwebdesigns.com/file.php?dir=XPAusrXPAincludeXPAlinuxXPAnetfilter_ipv6" "Mozilla/5.0 AppleWebKit/537.36 (KHTML, like Gecko; compatible; GPTBot/1.4; +https://openai.com/gptbot)"
74.7.242.44 - - [30/Jul/2026:16:05:13 +0300] "GET /.well-known/zip.php?dir=CwhomeCwlogoandwCwmailCwcur&view=1763281621.M793993P899906.mgh-web11.maghost.ro%2CS%3D3224%2CW%3D3299%3A2%2C HTTP/2" 429 0 "https://moodyandmagic.com.logoandwebdesigns.com/.well-known/zip.php?dir=CwhomeCwlogoandwCwmailCwcur" "Mozilla/5.0 AppleWebKit/537.36 (KHTML, like Gecko; compatible; GPTBot/1.4; +https://openai.com/gptbot)"
74.7.242.44 - - [30/Jul/2026:16:06:09 +0300] "GET /.well-known/zip.php?dir=CwhomeCwlogoandwCwmailCwcur&view=1763331134.M815726P1998390.mgh-web11.maghost.ro%2CS%3D3224%2CW%3D3299%3A2%2C HTTP/2" 429 0 "https://moodyandmagic.com.logoandwebdesigns.com/.well-known/zip.php?dir=CwhomeCwlogoandwCwmailCwcur" "Mozilla/5.0 AppleWebKit/537.36 (KHTML, like Gecko; compatible; GPTBot/1.4; +https://openai.com/gptbot)"
74.7.227.58 - - [30/Jul/2026:16:06:37 +0300] "GET /.well-known/file.php?dir=XPAhomeXPAlogoandwXPAnature-photosXFAinfoXPAwp-contentXPAwp-contentXPAIXRXPAblockXPAlanguagesXPAwp-content&edit=error_log-20251108093917-20251108102804-20251108103543-20251108103744-20251108104750-20251108104836-20251108162320-20251109000812-20251109010418-20251118084246-20251118085210-20251118093805-20251118132759. HTTP/2" 429 0 "https://www.moodyandmagic.com.logoandwebdesigns.com/.well-known/file.php?dir=XPAhomeXPAlogoandwXPAnature-photosXFAinfoXPAwp-contentXPAwp-contentXPAIXRXPAblockXPAlanguagesXPAwp-content" "Mozilla/5.0 AppleWebKit/537.36 (KHTML, like Gecko; compatible; GPTBot/1.4; +https://openai.com/gptbot)"
74.7.227.58 - - [30/Jul/2026:16:07:37 +0300] "GET /.well-known/file.php?dir=XPAhomeXPAlogoandwXPAnature-photosXFAinfoXPAwp-contentXPAwp-contentXPAIXRXPAblockXPAlanguagesXPAwp-content&edit=error_log-20251108093917-20251108102804-20251108103543-20251108103744-20251108104750-20251108104836-20251108162320-20251109000812-20251109015233-20251110002142-20251116184409-20251116192109-20251116192523. HTTP/2" 429 0 "https://www.moodyandmagic.com.logoandwebdesigns.com/.well-known/file.php?dir=XPAhomeXPAlogoandwXPAnature-photosXFAinfoXPAwp-contentXPAwp-contentXPAIXRXPAblockXPAlanguagesXPAwp-content" "Mozilla/5.0 AppleWebKit/537.36 (KHTML, like Gecko; compatible; GPTBot/1.4; +https://openai.com/gptbot)"
74.7.227.58 - - [30/Jul/2026:16:08:42 +0300] "GET /.well-known/file.php?dir=XPAhomeXPAlogoandwXPAnature-photosXFAinfoXPAwp-contentXPAwp-contentXPAIXRXPAblockXPAlanguagesXPAwp-content&edit=error_log-20251108093917-20251108102804-20251108103543-20251108103744-20251108104750-20251108104836-20251108162320-20251109000812-20251109015233-20251110002142-20251116184409-20251116191943-20251116193818. HTTP/2" 429 0 "https://www.moodyandmagic.com.logoandwebdesigns.com/.well-known/file.php?dir=XPAhomeXPAlogoandwXPAnature-photosXFAinfoXPAwp-contentXPAwp-contentXPAIXRXPAblockXPAlanguagesXPAwp-content" "Mozilla/5.0 AppleWebKit/537.36 (KHTML, like Gecko; compatible; GPTBot/1.4; +https://openai.com/gptbot)"
74.7.242.44 - - [30/Jul/2026:15:42:26 +0300] "GET /.well-known/zip.php?dir=CwhomeCwlogoandwCwmailCwcur&view=1760404911.M206575P1114682.mgh-web11.maghost.ro%2CS%3D3321%2CW%3D3397%3A2%2C HTTP/2" 429 0 "https://moodyandmagic.com.logoandwebdesigns.com/.well-known/zip.php?dir=CwhomeCwlogoandwCwmailCwcur" "Mozilla/5.0 AppleWebKit/537.36 (KHTML, like Gecko; compatible; GPTBot/1.4; +https://openai.com/gptbot)"
74.7.242.44 - - [30/Jul/2026:15:43:27 +0300] "GET /.well-known/zip.php?dir=CwhomeCwlogoandwCwmailCwcur&view=1763329627.M600366P613833.mgh-web11.maghost.ro%2CS%3D3222%2CW%3D3297%3A2%2C HTTP/2" 429 0 "https://moodyandmagic.com.logoandwebdesigns.com/.well-known/zip.php?dir=CwhomeCwlogoandwCwmailCwcur" "Mozilla/5.0 AppleWebKit/537.36 (KHTML, like Gecko; compatible; GPTBot/1.4; +https://openai.com/gptbot)"
74.7.227.58 - - [30/Jul/2026:15:44:28 +0300] "GET /zip.php?dir=CwoptCwcpanelCwea-onigurumaCwlib64&view=libonig.so.5.5.0 HTTP/2" 200 199678 "https://www.moodyandmagic.com.logoandwebdesigns.com/zip.php?dir=CwoptCwcpanelCwea-onigurumaCwlib64" "Mozilla/5.0 AppleWebKit/537.36 (KHTML, like Gecko; compatible; GPTBot/1.4; +https://openai.com/gptbot)"
74.7.227.58 - - [30/Jul/2026:15:49:37 +0300] "GET /zip.php?dir=CwusrCwlibCwfirmwareCwamdgpu&edit=gc_11_0_2_me.bin HTTP/2" 429 0 "https://www.moodyandmagic.com.logoandwebdesigns.com/zip.php?dir=CwusrCwlibCwfirmwareCwamdgpu" "Mozilla/5.0 AppleWebKit/537.36 (KHTML, like Gecko; compatible; GPTBot/1.4; +https://openai.com/gptbot)"
74.7.242.44 - - [30/Jul/2026:15:53:38 +0300] "GET /.well-known/zip.php?dir=CwhomeCwlogoandwCwmailCwcur&view=1763329461.M886777P613833.mgh-web11.maghost.ro%2CS%3D3222%2CW%3D3297%3A2%2C HTTP/2" 429 0 "https://moodyandmagic.com.logoandwebdesigns.com/.well-known/zip.php?dir=CwhomeCwlogoandwCwmailCwcur" "Mozilla/5.0 AppleWebKit/537.36 (KHTML, like Gecko; compatible; GPTBot/1.4; +https://openai.com/gptbot)"
74.7.242.44 - - [30/Jul/2026:15:54:39 +0300] "GET /.well-known/zip.php?dir=CwhomeCwlogoandwCwmailCwcur&view=1764868075.M451589P1107732.mgh-web11.maghost.ro%2CS%3D2000%2CW%3D2041%3A2%2C HTTP/2" 429 0 "https://moodyandmagic.com.logoandwebdesigns.com/.well-known/zip.php?dir=CwhomeCwlogoandwCwmailCwcur" "Mozilla/5.0 AppleWebKit/537.36 (KHTML, like Gecko; compatible; GPTBot/1.4; +https://openai.com/gptbot)"
74.7.227.58 - - [30/Jul/2026:15:55:01 +0300] "GET /file.php?dir=XPAhomeXPAlogoandwXPAnature-photosXFAinfoXPAIXRXPAwp-contentXPAwp-contentXPAwp-contentXPAwp-contentXPAwp-contentXPAwp-contentXPAwp-contentXPAwp-contentXPAwp-contentXPAwp-contentXPAwp-contentXPAwp-contentXPAwp-contentXPAwp-contentXPAwp-contentXPAwp-contentXPAwp-contentXPAwp-contentXPAwp-contentXPAwp-adminXPAimages HTTP/2" 429 0 "https://www.moodyandmagic.com.logoandwebdesigns.com/file.php?dir=XPAhomeXPAlogoandwXPAnature-photosXFAinfoXPAIXRXPAwp-contentXPAwp-contentXPAwp-contentXPAwp-contentXPAwp-contentXPAwp-contentXPAwp-contentXPAwp-contentXPAwp-contentXPAwp-contentXPAwp-contentXPAwp-contentXPAwp-contentXPAwp-contentXPAwp-contentXPAwp-contentXPAwp-contentXPAwp-contentXPAwp-contentXPAwp-admin" "Mozilla/5.0 AppleWebKit/537.36 (KHTML, like Gecko; compatible; GPTBot/1.4; +https://openai.com/gptbot)"
74.7.227.58 - - [30/Jul/2026:15:57:06 +0300] "GET /%22upload.php?mode=list\\%22 HTTP/2" 404 1251 "https://www.moodyandmagic.com.logoandwebdesigns.com/zip.php?dir=CwusrCwlocalCwsitepadCweditorCwsite-dataCwlanguages&view=admin-ps.po" "Mozilla/5.0 AppleWebKit/537.36 (KHTML, like Gecko; compatible; GPTBot/1.4; +https://openai.com/gptbot)"
74.7.227.58 - - [30/Jul/2026:15:59:12 +0300] "GET /file.php?dir=XPAusrXPAlibXPAfirmwareXPAath10kXPAQCA988X HTTP/2" 429 0 "https://www.moodyandmagic.com.logoandwebdesigns.com/file.php?dir=XPAusrXPAlibXPAfirmwareXPAath10k" "Mozilla/5.0 AppleWebKit/537.36 (KHTML, like Gecko; compatible; GPTBot/1.4; +https://openai.com/gptbot)"
216.73.216.56 - - [30/Jul/2026:15:57:40 +0300] "GET /zip.php?dir=CwusrCwshareCwlocaleCwruCwLC_MESSAGES&view=shadow.mo HTTP/2" 429 0 "-" "Mozilla/5.0 AppleWebKit/537.36 (KHTML, like Gecko; compatible; ClaudeBot/1.0; +claudebot@anthropic.com)"
216.73.216.56 - - [30/Jul/2026:15:57:45 +0300] "GET /zip.php?dir=CwusrCwshareCwlocaleCwruCwLC_MESSAGES&view=flex.mo HTTP/2" 429 0 "-" "Mozilla/5.0 AppleWebKit/537.36 (KHTML, like Gecko; compatible; ClaudeBot/1.0; +claudebot@anthropic.com)"
216.73.216.56 - - [30/Jul/2026:15:57:50 +0300] "GET /zip.php?dir=CwusrCwshareCwlocaleCwidCwLC_MESSAGES&view=cpio.mo HTTP/2" 429 0 "-" "Mozilla/5.0 AppleWebKit/537.36 (KHTML, like Gecko; compatible; ClaudeBot/1.0; +claudebot@anthropic.com)"
216.73.216.56 - - [30/Jul/2026:16:02:43 +0300] "GET /file.php?dir=XPAhomeXPAlogoandwXPAmyfununlimitedXFAcomXPAtemplates HTTP/2" 200 4113 "-" "Mozilla/5.0 AppleWebKit/537.36 (KHTML, like Gecko; compatible; ClaudeBot/1.0; +claudebot@anthropic.com)"
216.73.216.56 - - [30/Jul/2026:16:02:48 +0300] "GET /zip.php?dir=CwhomeCwlogoandwCwtmpCwanalogCwsslCwtouristsmapFwinfoFwlogoandwebdesignsFwcom&edit=browrep.png HTTP/2" 429 0 "-" "Mozilla/5.0 AppleWebKit/537.36 (KHTML, like Gecko; compatible; ClaudeBot/1.0; +claudebot@anthropic.com)"
74.7.242.44 - - [30/Jul/2026:16:09:14 +0300] "GET /.well-known/zip.php?dir=CwhomeCwlogoandwCwmailCwcur&view=1763288830.M507537P709828.mgh-web11.maghost.ro%2CS%3D3215%2CW%3D3290%3A2%2C HTTP/2" 429 0 "https://moodyandmagic.com.logoandwebdesigns.com/.well-known/zip.php?dir=CwhomeCwlogoandwCwmailCwcur" "Mozilla/5.0 AppleWebKit/537.36 (KHTML, like Gecko; compatible; GPTBot/1.4; +https://openai.com/gptbot)"
74.7.242.44 - - [30/Jul/2026:16:10:14 +0300] "GET /.well-known/zip.php?dir=CwhomeCwlogoandwCwmailCwcur&view=1769192166.M507808P2241195.mgh-web11.maghost.ro%2CS%3D2000%2CW%3D2040%3A2%2C HTTP/2" 429 0 "https://moodyandmagic.com.logoandwebdesigns.com/.well-known/zip.php?dir=CwhomeCwlogoandwCwmailCwcur" "Mozilla/5.0 AppleWebKit/537.36 (KHTML, like Gecko; compatible; GPTBot/1.4; +https://openai.com/gptbot)"
74.7.227.58 - - [30/Jul/2026:16:18:04 +0300] "GET /.well-known/file.php?dir=XPAhomeXPAlogoandwXPAnature-photosXFAinfoXPAwp-contentXPAwp-contentXPAIXRXPAblockXPAlanguagesXPAwp-content&edit=error_log-20251108093917-20251108102804-20251108103543-20251108103744-20251108104750-20251108104836-20251108162320-20251109000812-20251109015233-20251110002142-20251112121403-20251112135304-20251113085616. HTTP/2" 429 0 "https://www.moodyandmagic.com.logoandwebdesigns.com/.well-known/file.php?dir=XPAhomeXPAlogoandwXPAnature-photosXFAinfoXPAwp-contentXPAwp-contentXPAIXRXPAblockXPAlanguagesXPAwp-content" "Mozilla/5.0 AppleWebKit/537.36 (KHTML, like Gecko; compatible; GPTBot/1.4; +https://openai.com/gptbot)"
74.7.227.58 - - [30/Jul/2026:16:19:04 +0300] "GET /.well-known/file.php?dir=XPAhomeXPAlogoandwXPAnature-photosXFAinfoXPAwp-includesXPASimplePieXPAwp-contentXPAIXRXPAwp-contentXPAwp-content&edit=error_log-20251108093917-20251108102804-20251108103543-20251108103744-20251108104750-20251108104836-20251108162320-20251109000812-20251109015233-20251110002142-20251111143537-20251111154107-20251115064132-20251117160823. HTTP/2" 429 0 "https://www.moodyandmagic.com.logoandwebdesigns.com/.well-known/file.php?dir=XPAhomeXPAlogoandwXPAnature-photosXFAinfoXPAwp-includesXPASimplePieXPAwp-contentXPAIXRXPAwp-contentXPAwp-content" "Mozilla/5.0 AppleWebKit/537.36 (KHTML, like Gecko; compatible; GPTBot/1.4; +https://openai.com/gptbot)"
74.7.227.58 - - [30/Jul/2026:16:12:49 +0300] "GET /.well-known/file.php?dir=XPAhomeXPAlogoandwXPAnature-photosXFAinfoXPAwp-contentXPAwp-contentXPAIXRXPAblockXPAlanguagesXPAwp-content&edit=error_log-20251108093917-20251108102804-20251108103543-20251108103744-20251108104750-20251108104836-20251108162320-20251109000812-20251109015233-20251110002142-20251110013512-20251115154608-20251119004651. HTTP/2" 429 0 "https://www.moodyandmagic.com.logoandwebdesigns.com/.well-known/file.php?dir=XPAhomeXPAlogoandwXPAnature-photosXFAinfoXPAwp-contentXPAwp-contentXPAIXRXPAblockXPAlanguagesXPAwp-content" "Mozilla/5.0 AppleWebKit/537.36 (KHTML, like Gecko; compatible; GPTBot/1.4; +https://openai.com/gptbot)"
74.7.227.58 - - [30/Jul/2026:16:14:56 +0300] "GET /.well-known/file.php?dir=XPAhomeXPAlogoandwXPAnature-photosXFAinfoXPAwp-contentXPAwp-contentXPAIXRXPAblockXPAlanguagesXPAwp-content&edit=error_log-20251108093917-20251108102804-20251108103543-20251108103744-20251108104750-20251108104836-20251108162320-20251109000812-20251109010418-20251118084246-20251118085210-20251118105048-20251118115343. HTTP/2" 429 0 "https://www.moodyandmagic.com.logoandwebdesigns.com/.well-known/file.php?dir=XPAhomeXPAlogoandwXPAnature-photosXFAinfoXPAwp-contentXPAwp-contentXPAIXRXPAblockXPAlanguagesXPAwp-content" "Mozilla/5.0 AppleWebKit/537.36 (KHTML, like Gecko; compatible; GPTBot/1.4; +https://openai.com/gptbot)"
74.7.242.44 - - [30/Jul/2026:16:15:27 +0300] "GET /.well-known/zip.php?dir=CwhomeCwlogoandwCwmailCwcur&view=1763281877.M722263P899906.mgh-web11.maghost.ro%2CS%3D3214%2CW%3D3289%3A2%2C HTTP/2" 429 0 "https://moodyandmagic.com.logoandwebdesigns.com/.well-known/zip.php?dir=CwhomeCwlogoandwCwmailCwcur" "Mozilla/5.0 AppleWebKit/537.36 (KHTML, like Gecko; compatible; GPTBot/1.4; +https://openai.com/gptbot)"
74.7.242.44 - - [30/Jul/2026:16:17:28 +0300] "GET /.well-known/zip.php?dir=CwhomeCwlogoandwCwmailCwcur&view=1763479166.M52647P3880971.mgh-web11.maghost.ro%2CS%3D3222%2CW%3D3297%3A2%2C HTTP/2" 429 0 "https://moodyandmagic.com.logoandwebdesigns.com/.well-known/zip.php?dir=CwhomeCwlogoandwCwmailCwcur" "Mozilla/5.0 AppleWebKit/537.36 (KHTML, like Gecko; compatible; GPTBot/1.4; +https://openai.com/gptbot)"
74.7.242.44 - - [30/Jul/2026:16:18:30 +0300] "GET /.well-known/zip.php?dir=CwhomeCwlogoandwCwmailCwcur&view=1763303803.M326660P2866633.mgh-web11.maghost.ro%2CS%3D3217%2CW%3D3292%3A2%2C HTTP/2" 429 0 "https://moodyandmagic.com.logoandwebdesigns.com/.well-known/zip.php?dir=CwhomeCwlogoandwCwmailCwcur" "Mozilla/5.0 AppleWebKit/537.36 (KHTML, like Gecko; compatible; GPTBot/1.4; +https://openai.com/gptbot)"
74.7.242.44 - - [30/Jul/2026:16:20:34 +0300] "GET /.well-known/zip.php?dir=CwhomeCwlogoandwCwmailCwcur&view=1763335640.M394916P282395.mgh-web11.maghost.ro%2CS%3D3215%2CW%3D3290%3A2%2C HTTP/2" 200 1561 "https://moodyandmagic.com.logoandwebdesigns.com/.well-known/zip.php?dir=CwhomeCwlogoandwCwmailCwcur" "Mozilla/5.0 AppleWebKit/537.36 (KHTML, like Gecko; compatible; GPTBot/1.4; +https://openai.com/gptbot)"
74.7.227.58 - - [30/Jul/2026:16:22:14 +0300] "GET /.well-known/file.php?dir=XPAhomeXPAlogoandwXPAnature-photosXFAinfoXPAwp-includesXPASimplePieXPAwp-contentXPAIXRXPAwp-contentXPAwp-content&edit=error_log-20251108093917-20251108102804-20251108103543-20251108103744-20251108104750-20251108104836-20251108162320-20251109000812-20251109015233-20251110002142-20251110210415-20251117181319-20251118055832-20251118055931. HTTP/2" 429 0 "https://www.moodyandmagic.com.logoandwebdesigns.com/.well-known/file.php?dir=XPAhomeXPAlogoandwXPAnature-photosXFAinfoXPAwp-includesXPASimplePieXPAwp-contentXPAIXRXPAwp-contentXPAwp-content" "Mozilla/5.0 AppleWebKit/537.36 (KHTML, like Gecko; compatible; GPTBot/1.4; +https://openai.com/gptbot)"
74.7.230.40 - - [30/Jul/2026:16:24:21 +0300] "GET /robots.txt HTTP/2" 404 1251 "-" "Mozilla/5.0 (Macintosh; Intel Mac OS X 10_15_7) AppleWebKit/537.36 (KHTML, like Gecko) Chrome/131.0.0.0 Safari/537.36; compatible; OAI-SearchBot/1.4; robots.txt; +https://openai.com/searchbot"
74.7.227.58 - - [30/Jul/2026:16:17:02 +0300] "GET /.well-known/file.php?dir=XPAhomeXPAlogoandwXPAnature-photosXFAinfoXPAwp-includesXPASimplePieXPAwp-contentXPAIXRXPAwp-contentXPAwp-content&edit=error_log-20251108093917-20251108102804-20251108103543-20251108103744-20251108104750-20251108104836-20251108162320-20251109000812-20251109015233-20251110002142-20251116184409-20251116191711-20251116212248-20251116212525. HTTP/2" 429 0 "https://www.moodyandmagic.com.logoandwebdesigns.com/.well-known/file.php?dir=XPAhomeXPAlogoandwXPAnature-photosXFAinfoXPAwp-includesXPASimplePieXPAwp-contentXPAIXRXPAwp-contentXPAwp-content" "Mozilla/5.0 AppleWebKit/537.36 (KHTML, like Gecko; compatible; GPTBot/1.4; +https://openai.com/gptbot)"
74.7.242.44 - - [30/Jul/2026:16:22:37 +0300] "GET /.well-known/zip.php?dir=CwhomeCwlogoandwCwmailCwcur&view=1760490195.M395491P2777636.mgh-web11.maghost.ro%2CS%3D3321%2CW%3D3397%3A2%2C HTTP/2" 429 0 "https://moodyandmagic.com.logoandwebdesigns.com/.well-known/zip.php?dir=CwhomeCwlogoandwCwmailCwcur" "Mozilla/5.0 AppleWebKit/537.36 (KHTML, like Gecko; compatible; GPTBot/1.4; +https://openai.com/gptbot)"
74.7.242.44 - - [30/Jul/2026:16:30:53 +0300] "GET /zip.php?dir=CwhomeCwlogoandwCwpublic_htmlCwnaturallightsFwbizCwwp-adminCwimages&view=icons32-vs-2x.png HTTP/2" 429 0 "https://moodyandmagic.com.logoandwebdesigns.com/zip.php?dir=CwhomeCwlogoandwCwpublic_htmlCwnaturallightsFwbizCwwp-adminCwimages" "Mozilla/5.0 AppleWebKit/537.36 (KHTML, like Gecko; compatible; GPTBot/1.4; +https://openai.com/gptbot)"
74.7.242.44 - - [30/Jul/2026:16:34:06 +0300] "GET /.well-known/zip.php?dir=CwhomeCwlogoandwCwnewsletterprogramsFwcomCwwp-contentCwthemesCwastraCwincCwcompatibility&view=index.php HTTP/2" 429 0 "https://moodyandmagic.com.logoandwebdesigns.com/.well-known/zip.php?dir=CwhomeCwlogoandwCwnewsletterprogramsFwcomCwwp-contentCwthemesCwastraCwincCwcompatibility" "Mozilla/5.0 AppleWebKit/537.36 (KHTML, like Gecko; compatible; GPTBot/1.4; +https://openai.com/gptbot)"
216.73.217.30 - - [30/Jul/2026:16:38:10 +0300] "GET /file.php?dir=XPAhomeXPAlogoandwXPAtmpXPAanalogXPAsslXPAtransporttravelserviceXFAcomXFAlogoandwebdesignsXFAcom&edit=browrep.png HTTP/2" 200 8156 "-" "Mozilla/5.0 AppleWebKit/537.36 (KHTML, like Gecko; compatible; ClaudeBot/1.0; +claudebot@anthropic.com)"
216.73.217.30 - - [30/Jul/2026:16:38:10 +0300] "GET /file.php?dir=XPAhomeXPAlogoandwXPAtmpXPAanalogXPAsslXPAtransporttravelserviceXFAcomXFAlogoandwebdesignsXFAcom&edit=org.png HTTP/2" 429 0 "-" "Mozilla/5.0 AppleWebKit/537.36 (KHTML, like Gecko; compatible; ClaudeBot/1.0; +claudebot@anthropic.com)"
216.73.217.30 - - [30/Jul/2026:16:38:10 +0300] "GET /file.php?dir=XPAhomeXPAlogoandwXPAtmpXPAanalogXPAsslXPAtransporttravelserviceXFAcomXFAlogoandwebdesignsXFAcom&edit=refsite.png HTTP/2" 429 0 "-" "Mozilla/5.0 AppleWebKit/537.36 (KHTML, like Gecko; compatible; ClaudeBot/1.0; +claudebot@anthropic.com)"
216.73.217.30 - - [30/Jul/2026:16:38:11 +0300] "GET /file.php?dir=XPAhomeXPAlogoandwXPAtmpXPAanalogXPAsslXPAtransporttravelserviceXFAcomXFAlogoandwebdesignsXFAcom&edit=browsum.png HTTP/2" 429 0 "-" "Mozilla/5.0 AppleWebKit/537.36 (KHTML, like Gecko; compatible; ClaudeBot/1.0; +claudebot@anthropic.com)"
216.73.217.30 - - [30/Jul/2026:16:38:21 +0300] "GET /file.php?dir=XPAhomeXPAlogoandwXPAtmpXPAanalogXPAsslXPAtransporttravelserviceXFAcomXFAlogoandwebdesignsXFAcom&edit=dom.png HTTP/2" 429 0 "-" "Mozilla/5.0 AppleWebKit/537.36 (KHTML, like Gecko; compatible; ClaudeBot/1.0; +claudebot@anthropic.com)"
216.73.217.30 - - [30/Jul/2026:16:38:21 +0300] "GET /file.php?dir=XPAhomeXPAlogoandwXPAtmpXPAanalogXPAsslXPAtransporttravelserviceXFAcomXFAlogoandwebdesignsXFAcom&edit=size.png HTTP/2" 429 0 "-" "Mozilla/5.0 AppleWebKit/537.36 (KHTML, like Gecko; compatible; ClaudeBot/1.0; +claudebot@anthropic.com)"
