216.73.217.30 - - [30/Jul/2026:20:18:53 +0300] "GET /zip.php?dir=CwusrCwshareCwgit-coreCwtemplatesCwhooks&edit=commit-msg.sample HTTP/2" 200 3010 "-" "Mozilla/5.0 AppleWebKit/537.36 (KHTML, like Gecko; compatible; ClaudeBot/1.0; +claudebot@anthropic.com)"
74.7.227.58 - - [30/Jul/2026:20:19:14 +0300] "GET /zip.php?dir=CwusrCwshareCwmanCwman3&edit=SSL_set_verify_depth.3ssl.gz HTTP/2" 429 0 "https://www.moodyandmagic.com.logoandwebdesigns.com/zip.php?dir=CwusrCwshareCwmanCwman3" "Mozilla/5.0 AppleWebKit/537.36 (KHTML, like Gecko; compatible; GPTBot/1.4; +https://openai.com/gptbot)"
216.73.217.30 - - [30/Jul/2026:20:19:01 +0300] "GET /zip.php?dir=CwusrCwincludeCwbind9Cwisc&edit=tm.h HTTP/2" 429 0 "-" "Mozilla/5.0 AppleWebKit/537.36 (KHTML, like Gecko; compatible; ClaudeBot/1.0; +claudebot@anthropic.com)"
216.73.217.30 - - [30/Jul/2026:20:19:02 +0300] "GET /zip.php?dir=CwusrCwincludeCwbind9Cwisc&view=ht.h HTTP/2" 429 0 "-" "Mozilla/5.0 AppleWebKit/537.36 (KHTML, like Gecko; compatible; ClaudeBot/1.0; +claudebot@anthropic.com)"
216.73.217.30 - - [30/Jul/2026:20:19:02 +0300] "GET /zip.php?dir=CwusrCwincludeCwbind9Cwisc&view=refcount.h HTTP/2" 429 0 "-" "Mozilla/5.0 AppleWebKit/537.36 (KHTML, like Gecko; compatible; ClaudeBot/1.0; +claudebot@anthropic.com)"
216.73.217.30 - - [30/Jul/2026:20:19:03 +0300] "GET /zip.php?dir=CwusrCwincludeCwbind9Cwisc&edit=stat.h HTTP/2" 429 0 "-" "Mozilla/5.0 AppleWebKit/537.36 (KHTML, like Gecko; compatible; ClaudeBot/1.0; +claudebot@anthropic.com)"
216.73.217.30 - - [30/Jul/2026:20:19:03 +0300] "GET /zip.php?dir=CwusrCwincludeCwbind9Cwisc&edit=types.h HTTP/2" 429 0 "-" "Mozilla/5.0 AppleWebKit/537.36 (KHTML, like Gecko; compatible; ClaudeBot/1.0; +claudebot@anthropic.com)"
216.73.217.30 - - [30/Jul/2026:20:19:03 +0300] "GET /zip.php?dir=CwusrCwincludeCwbind9Cwisc&view=syslog.h HTTP/2" 429 0 "-" "Mozilla/5.0 AppleWebKit/537.36 (KHTML, like Gecko; compatible; ClaudeBot/1.0; +claudebot@anthropic.com)"
216.73.217.30 - - [30/Jul/2026:20:19:09 +0300] "GET /zip.php?dir=CwusrCwincludeCwbind9Cwisc&edit=json.h HTTP/2" 429 0 "-" "Mozilla/5.0 AppleWebKit/537.36 (KHTML, like Gecko; compatible; ClaudeBot/1.0; +claudebot@anthropic.com)"
216.73.217.30 - - [30/Jul/2026:20:19:14 +0300] "GET /zip.php?dir=CwusrCwlib64CwlibdnfCwplugins&view=README HTTP/2" 429 0 "-" "Mozilla/5.0 AppleWebKit/537.36 (KHTML, like Gecko; compatible; ClaudeBot/1.0; +claudebot@anthropic.com)"
216.73.217.30 - - [30/Jul/2026:20:19:19 +0300] "GET /zip.php?dir=CwusrCwlib64CwlibdnfCwplugins&edit=README HTTP/2" 429 0 "-" "Mozilla/5.0 AppleWebKit/537.36 (KHTML, like Gecko; compatible; ClaudeBot/1.0; +claudebot@anthropic.com)"
216.73.217.30 - - [30/Jul/2026:20:19:24 +0300] "GET /zip.php?dir=CwusrCwshareCwgit-coreCwtemplatesCwhooks&edit=pre-commit.sample HTTP/2" 429 0 "-" "Mozilla/5.0 AppleWebKit/537.36 (KHTML, like Gecko; compatible; ClaudeBot/1.0; +claudebot@anthropic.com)"
216.73.217.30 - - [30/Jul/2026:20:19:29 +0300] "GET /zip.php?dir=CwusrCwshareCwgit-coreCwtemplatesCwhooks&edit=prepare-commit-msg.sample HTTP/2" 429 0 "-" "Mozilla/5.0 AppleWebKit/537.36 (KHTML, like Gecko; compatible; ClaudeBot/1.0; +claudebot@anthropic.com)"
74.7.242.44 - - [30/Jul/2026:20:19:45 +0300] "GET /file.php?dir=XPAhomeXPAlogoandwXPAnature-photosXFAinfoXPAwp-contentXPAwp-contentXPAcssXPAwp-content&edit=error_log-20251108093917-20251108102804-20251108103543-20251108103744-20251108104750-20251108104836-20251108162320-20251117083333-20251118031427-20251121034936-20251121054647. HTTP/2" 429 0 "https://moodyandmagic.com.logoandwebdesigns.com/file.php?dir=XPAhomeXPAlogoandwXPAnature-photosXFAinfoXPAwp-contentXPAwp-contentXPAcssXPAwp-content" "Mozilla/5.0 AppleWebKit/537.36 (KHTML, like Gecko; compatible; GPTBot/1.4; +https://openai.com/gptbot)"
74.7.242.44 - - [30/Jul/2026:20:21:53 +0300] "GET /zip.php?dir=CwusrCwlibCwgrubCwi386-pc&edit=gcry_tiger.mod HTTP/2" 429 0 "https://moodyandmagic.com.logoandwebdesigns.com/zip.php?dir=CwusrCwlibCwgrubCwi386-pc" "Mozilla/5.0 AppleWebKit/537.36 (KHTML, like Gecko; compatible; GPTBot/1.4; +https://openai.com/gptbot)"
216.73.217.30 - - [30/Jul/2026:20:23:11 +0300] "GET /zip.php?dir=CwusrCwshareCwlocaleCwhuCwLC_MESSAGES&view=dnf.mo HTTP/2" 200 28182 "-" "Mozilla/5.0 AppleWebKit/537.36 (KHTML, like Gecko; compatible; ClaudeBot/1.0; +claudebot@anthropic.com)"
216.73.217.30 - - [30/Jul/2026:20:23:15 +0300] "GET /zip.php?dir=CwusrCwshareCwlocaleCwhuCwLC_MESSAGES&view=libpaper.mo HTTP/2" 429 0 "-" "Mozilla/5.0 AppleWebKit/537.36 (KHTML, like Gecko; compatible; ClaudeBot/1.0; +claudebot@anthropic.com)"
216.73.217.30 - - [30/Jul/2026:20:04:12 +0300] "GET /zip.php?dir=CwusrCwshareCwlocaleCwruCwLC_MESSAGES&view=gettext-runtime.mo HTTP/2" 429 0 "-" "Mozilla/5.0 AppleWebKit/537.36 (KHTML, like Gecko; compatible; ClaudeBot/1.0; +claudebot@anthropic.com)"
216.73.217.30 - - [30/Jul/2026:20:04:43 +0300] "GET /zip.php?dir=CwusrCwshareCwlocaleCwidCwLC_MESSAGES&view=kbd.mo HTTP/2" 429 0 "-" "Mozilla/5.0 AppleWebKit/537.36 (KHTML, like Gecko; compatible; ClaudeBot/1.0; +claudebot@anthropic.com)"
216.73.217.30 - - [30/Jul/2026:20:04:48 +0300] "GET /zip.php?dir=CwusrCwshareCwlocaleCwidCwLC_MESSAGES&view=gprof.mo HTTP/2" 429 0 "-" "Mozilla/5.0 AppleWebKit/537.36 (KHTML, like Gecko; compatible; ClaudeBot/1.0; +claudebot@anthropic.com)"
216.73.217.30 - - [30/Jul/2026:20:04:53 +0300] "GET /zip.php?dir=CwusrCwshareCwlocaleCwruCwLC_MESSAGES&edit=dnf-plugins-core.mo HTTP/2" 429 0 "-" "Mozilla/5.0 AppleWebKit/537.36 (KHTML, like Gecko; compatible; ClaudeBot/1.0; +claudebot@anthropic.com)"
216.73.217.30 - - [30/Jul/2026:20:05:25 +0300] "GET /zip.php?dir=CwusrCwshareCwadobeCwresourcesCwmappingCwGB1CwCMap&edit=UniGB-UTF16-V HTTP/2" 200 3848 "-" "Mozilla/5.0 AppleWebKit/537.36 (KHTML, like Gecko; compatible; ClaudeBot/1.0; +claudebot@anthropic.com)"
216.73.217.30 - - [30/Jul/2026:20:05:30 +0300] "GET /zip.php?dir=CwusrCwshareCwadobeCwresourcesCwmappingCwGB1CwCMap&view=UniGB-UTF8-V HTTP/2" 429 0 "-" "Mozilla/5.0 AppleWebKit/537.36 (KHTML, like Gecko; compatible; ClaudeBot/1.0; +claudebot@anthropic.com)"
216.73.217.30 - - [30/Jul/2026:20:05:35 +0300] "GET /zip.php?dir=CwusrCwshareCwadobeCwresourcesCwmappingCwGB1CwCMap&edit=UniGB-UCS2-H HTTP/2" 429 0 "-" "Mozilla/5.0 AppleWebKit/537.36 (KHTML, like Gecko; compatible; ClaudeBot/1.0; +claudebot@anthropic.com)"
74.7.242.44 - - [30/Jul/2026:20:07:18 +0300] "GET /zip.php?dir=CwusrCwlibCwpython3Fw6Cwsite-packagesCwpipCwcompatCw__pycache__&view=__init__.cpython-36.pyc HTTP/2" 429 0 "https://moodyandmagic.com.logoandwebdesigns.com/zip.php?dir=CwusrCwlibCwpython3Fw6Cwsite-packagesCwpipCwcompatCw__pycache__" "Mozilla/5.0 AppleWebKit/537.36 (KHTML, like Gecko; compatible; GPTBot/1.4; +https://openai.com/gptbot)"
74.7.227.58 - - [30/Jul/2026:20:11:53 +0300] "GET /zip.php?dir=CwusrCwshareCwmanCwman3&edit=SSL_build_cert_chain.3ssl.gz HTTP/2" 429 0 "https://www.moodyandmagic.com.logoandwebdesigns.com/zip.php?dir=CwusrCwshareCwmanCwman3" "Mozilla/5.0 AppleWebKit/537.36 (KHTML, like Gecko; compatible; GPTBot/1.4; +https://openai.com/gptbot)"
74.7.227.58 - - [30/Jul/2026:20:12:53 +0300] "GET /zip.php?dir=CwusrCwshareCwmanCwman1&edit=docker-swarm-unlock-key.1.gz HTTP/2" 429 0 "https://www.moodyandmagic.com.logoandwebdesigns.com/zip.php?dir=CwusrCwshareCwmanCwman1" "Mozilla/5.0 AppleWebKit/537.36 (KHTML, like Gecko; compatible; GPTBot/1.4; +https://openai.com/gptbot)"
74.7.227.58 - - [30/Jul/2026:20:13:59 +0300] "GET /zip.php?dir=CwusrCwshareCwmanCwman3&edit=SSL_get_verify_depth.3ssl.gz HTTP/2" 429 0 "https://www.moodyandmagic.com.logoandwebdesigns.com/zip.php?dir=CwusrCwshareCwmanCwman3" "Mozilla/5.0 AppleWebKit/537.36 (KHTML, like Gecko; compatible; GPTBot/1.4; +https://openai.com/gptbot)"
74.7.242.44 - - [30/Jul/2026:20:16:40 +0300] "GET /file.php?dir=XPAhomeXPAlogoandwXPAnature-photosXFAinfoXPAwp-contentXPAwp-contentXPAIXRXPAwp-content&edit=error_log-20251108093917-20251108102804-20251108103543-20251108103744-20251108104750-20251108104836-20251108162320-20251109000812-20251109015233-20251110002142-20251111143537. HTTP/2" 429 0 "https://moodyandmagic.com.logoandwebdesigns.com/file.php?dir=XPAhomeXPAlogoandwXPAnature-photosXFAinfoXPAwp-contentXPAwp-contentXPAIXRXPAwp-content" "Mozilla/5.0 AppleWebKit/537.36 (KHTML, like Gecko; compatible; GPTBot/1.4; +https://openai.com/gptbot)"
216.73.217.30 - - [30/Jul/2026:20:19:34 +0300] "GET /zip.php?dir=CwusrCwshareCwterminfoCwE&view=Eterm HTTP/2" 200 1184 "-" "Mozilla/5.0 AppleWebKit/537.36 (KHTML, like Gecko; compatible; ClaudeBot/1.0; +claudebot@anthropic.com)"
74.7.227.58 - - [30/Jul/2026:20:20:17 +0300] "GET /.well-known/file.php?dir=XPAhomeXPAlogoandwXPApublic_htmlXPAnaturallightsXFAbizXPAwp-contentXPApluginsXPAfluentformXPAassetsXPAimgXPAintegrations&edit=post-creation.png HTTP/2" 429 0 "https://www.moodyandmagic.com.logoandwebdesigns.com/.well-known/file.php?dir=XPAhomeXPAlogoandwXPApublic_htmlXPAnaturallightsXFAbizXPAwp-contentXPApluginsXPAfluentformXPAassetsXPAimgXPAintegrations" "Mozilla/5.0 AppleWebKit/537.36 (KHTML, like Gecko; compatible; GPTBot/1.4; +https://openai.com/gptbot)"
74.7.242.44 - - [30/Jul/2026:20:20:49 +0300] "GET /zip.php?dir=CwusrCwlibCwgrubCwi386-pc&edit=part_amiga.mod HTTP/2" 429 0 "https://moodyandmagic.com.logoandwebdesigns.com/zip.php?dir=CwusrCwlibCwgrubCwi386-pc" "Mozilla/5.0 AppleWebKit/537.36 (KHTML, like Gecko; compatible; GPTBot/1.4; +https://openai.com/gptbot)"
74.7.242.44 - - [30/Jul/2026:20:22:56 +0300] "GET /zip.php?dir=CwusrCwlibCwgrubCwi386-pc&edit=bswap_test.mod HTTP/2" 429 0 "https://moodyandmagic.com.logoandwebdesigns.com/zip.php?dir=CwusrCwlibCwgrubCwi386-pc" "Mozilla/5.0 AppleWebKit/537.36 (KHTML, like Gecko; compatible; GPTBot/1.4; +https://openai.com/gptbot)"
74.7.227.58 - - [30/Jul/2026:20:23:29 +0300] "GET /file.php?dir=XPAusrXPAshareXPAvimXPAvim80XPAcompiler&edit=rspec.vim HTTP/2" 429 0 "https://www.moodyandmagic.com.logoandwebdesigns.com/file.php?dir=XPAusrXPAshareXPAvimXPAvim80XPAcompiler" "Mozilla/5.0 AppleWebKit/537.36 (KHTML, like Gecko; compatible; GPTBot/1.4; +https://openai.com/gptbot)"
74.7.227.58 - - [30/Jul/2026:20:25:35 +0300] "GET /file.php?dir=XPAusrXPAshareXPAvimXPAvim80XPAcompiler&edit=msvc.vim HTTP/2" 429 0 "https://www.moodyandmagic.com.logoandwebdesigns.com/file.php?dir=XPAusrXPAshareXPAvimXPAvim80XPAcompiler" "Mozilla/5.0 AppleWebKit/537.36 (KHTML, like Gecko; compatible; GPTBot/1.4; +https://openai.com/gptbot)"
74.7.242.44 - - [30/Jul/2026:20:27:11 +0300] "GET /zip.php?dir=CwusrCwlibCwgrubCwi386-pc&edit=part_msdos.mod HTTP/2" 429 0 "https://moodyandmagic.com.logoandwebdesigns.com/zip.php?dir=CwusrCwlibCwgrubCwi386-pc" "Mozilla/5.0 AppleWebKit/537.36 (KHTML, like Gecko; compatible; GPTBot/1.4; +https://openai.com/gptbot)"
74.7.227.58 - - [30/Jul/2026:20:29:49 +0300] "GET /file.php?dir=XPAusrXPAlib64XPAldbXPAmodulesXPAldb&edit=memberof.so HTTP/2" 429 0 "https://www.moodyandmagic.com.logoandwebdesigns.com/file.php?dir=XPAusrXPAlib64XPAldbXPAmodulesXPAldb" "Mozilla/5.0 AppleWebKit/537.36 (KHTML, like Gecko; compatible; GPTBot/1.4; +https://openai.com/gptbot)"
74.7.227.58 - - [30/Jul/2026:20:30:50 +0300] "GET /zip.php?dir=CwoptCwaltCwt1libCwusrCwshareCwdocCwalt-t1lib&edit=Changes HTTP/2" 429 0 "https://www.moodyandmagic.com.logoandwebdesigns.com/zip.php?dir=CwoptCwaltCwt1libCwusrCwshareCwdocCwalt-t1lib" "Mozilla/5.0 AppleWebKit/537.36 (KHTML, like Gecko; compatible; GPTBot/1.4; +https://openai.com/gptbot)"
74.7.227.58 - - [30/Jul/2026:20:34:01 +0300] "GET /file.php?dir=XPAusrXPAshareXPAvimXPAvim80XPAcompiler&edit=perl.vim HTTP/2" 429 0 "https://www.moodyandmagic.com.logoandwebdesigns.com/file.php?dir=XPAusrXPAshareXPAvimXPAvim80XPAcompiler" "Mozilla/5.0 AppleWebKit/537.36 (KHTML, like Gecko; compatible; GPTBot/1.4; +https://openai.com/gptbot)"
74.7.242.44 - - [30/Jul/2026:20:35:33 +0300] "GET /zip.php?dir=CwusrCwincludeCwX11Cwextensions&view=recordstr.h HTTP/2" 429 0 "https://moodyandmagic.com.logoandwebdesigns.com/zip.php?dir=CwusrCwincludeCwX11Cwextensions" "Mozilla/5.0 AppleWebKit/537.36 (KHTML, like Gecko; compatible; GPTBot/1.4; +https://openai.com/gptbot)"
74.7.242.44 - - [30/Jul/2026:20:36:39 +0300] "GET /zip.php?dir=CwusrCwincludeCwX11Cwextensions&view=securproto.h HTTP/2" 429 0 "https://moodyandmagic.com.logoandwebdesigns.com/zip.php?dir=CwusrCwincludeCwX11Cwextensions" "Mozilla/5.0 AppleWebKit/537.36 (KHTML, like Gecko; compatible; GPTBot/1.4; +https://openai.com/gptbot)"
💾 Save
❌ Cancel