74.7.227.58 - - [30/Jul/2026:17:34:08 +0300] "GET /zip.php?dir=CwprocCwsysCwnetCwipv6CwconfCwbr-413a51e85067&view=ndisc_tclass HTTP/2" 429 0 "https://www.moodyandmagic.com.logoandwebdesigns.com/zip.php?dir=CwprocCwsysCwnetCwipv6CwconfCwbr-413a51e85067" "Mozilla/5.0 AppleWebKit/537.36 (KHTML, like Gecko; compatible; GPTBot/1.4; +https://openai.com/gptbot)"
74.7.242.44 - - [30/Jul/2026:17:35:37 +0300] "GET /.well-known/zip.php?dir=CwhomeCwlogoandwCwnature-photosFwinfoCwwp-content-20251108024714CwmaintCwwp-contentCwIXRCwwp-content&edit=error_log-20251108093917-20251108102804-20251108103543-20251108103744-20251108104750-20251108104836-20251108162320-20251109000812-20251109015233-20251110002142-20251113155032-20251114184928. HTTP/2" 429 0 "https://moodyandmagic.com.logoandwebdesigns.com/.well-known/zip.php?dir=CwhomeCwlogoandwCwnature-photosFwinfoCwwp-content-20251108024714CwmaintCwwp-contentCwIXRCwwp-content" "Mozilla/5.0 AppleWebKit/537.36 (KHTML, like Gecko; compatible; GPTBot/1.4; +https://openai.com/gptbot)"
74.7.242.44 - - [30/Jul/2026:17:36:38 +0300] "GET /.well-known/zip.php?dir=CwhomeCwlogoandwCwnature-photosFwinfoCwwp-content-20251108024714CwlanguagesCwwp-contentCwwp-content&edit=error_log-20251108093917-20251108102804-20251108103543-20251108103744-20251108104750-20251108104836-20251108162320-20251109000812-20251109015233-20251110002142-20251111143537-20251112002613. HTTP/2" 200 2613 "https://moodyandmagic.com.logoandwebdesigns.com/.well-known/zip.php?dir=CwhomeCwlogoandwCwnature-photosFwinfoCwwp-content-20251108024714CwlanguagesCwwp-contentCwwp-content" "Mozilla/5.0 AppleWebKit/537.36 (KHTML, like Gecko; compatible; GPTBot/1.4; +https://openai.com/gptbot)"
74.7.227.58 - - [30/Jul/2026:17:42:33 +0300] "GET /zip.php?dir=CwprocCwsysCwnetCwipv4CwconfCwbr-413a51e85067&view=shared_media HTTP/2" 429 0 "https://www.moodyandmagic.com.logoandwebdesigns.com/zip.php?dir=CwprocCwsysCwnetCwipv4CwconfCwbr-413a51e85067" "Mozilla/5.0 AppleWebKit/537.36 (KHTML, like Gecko; compatible; GPTBot/1.4; +https://openai.com/gptbot)"
74.7.227.58 - - [30/Jul/2026:17:43:37 +0300] "GET /zip.php?dir=CwusrCwshareCwvimCwvim80CwmacrosCwurm&edit=examples HTTP/2" 429 0 "https://www.moodyandmagic.com.logoandwebdesigns.com/zip.php?dir=CwusrCwshareCwvimCwvim80CwmacrosCwurm" "Mozilla/5.0 AppleWebKit/537.36 (KHTML, like Gecko; compatible; GPTBot/1.4; +https://openai.com/gptbot)"
74.7.227.58 - - [30/Jul/2026:17:47:49 +0300] "GET /zip.php?dir=CwusrCwshareCwvimCwvim80Cwsyntax&edit=pyrex.vim HTTP/2" 429 0 "https://www.moodyandmagic.com.logoandwebdesigns.com/zip.php?dir=CwusrCwshareCwvimCwvim80Cwsyntax" "Mozilla/5.0 AppleWebKit/537.36 (KHTML, like Gecko; compatible; GPTBot/1.4; +https://openai.com/gptbot)"
74.7.242.44 - - [30/Jul/2026:17:47:54 +0300] "GET /.well-known/zip.php?dir=CwhomeCwlogoandwCwnature-photosFwinfoCwwp-content-20251108024714CwblockCwwp-contentCwIXRCwwp-content&edit=error_log-20251108093917-20251108102804-20251108103543-20251108103744-20251108104750-20251108104836-20251108162320-20251109000812-20251109015233-20251110002142-20251110010402-20251110081623. HTTP/2" 429 0 "https://moodyandmagic.com.logoandwebdesigns.com/.well-known/zip.php?dir=CwhomeCwlogoandwCwnature-photosFwinfoCwwp-content-20251108024714CwblockCwwp-contentCwIXRCwwp-content" "Mozilla/5.0 AppleWebKit/537.36 (KHTML, like Gecko; compatible; GPTBot/1.4; +https://openai.com/gptbot)"
74.7.227.58 - - [30/Jul/2026:17:48:53 +0300] "GET /zip.php?dir=CwusrCwshareCwvimCwvim80Cwftplugin&edit=aap.vim HTTP/2" 429 0 "https://www.moodyandmagic.com.logoandwebdesigns.com/zip.php?dir=CwusrCwshareCwvimCwvim80Cwftplugin" "Mozilla/5.0 AppleWebKit/537.36 (KHTML, like Gecko; compatible; GPTBot/1.4; +https://openai.com/gptbot)"
74.7.228.56 - - [30/Jul/2026:17:30:27 +0300] "GET /robots.txt HTTP/2" 404 1251 "-" "Mozilla/5.0 (Macintosh; Intel Mac OS X 10_15_7) AppleWebKit/537.36 (KHTML, like Gecko) Chrome/131.0.0.0 Safari/537.36; compatible; OAI-SearchBot/1.4; robots.txt; +https://openai.com/searchbot"
216.73.217.30 - - [30/Jul/2026:17:31:37 +0300] "GET /zip.php?dir=CwusrCwshareCwlocaleCwhuCwLC_MESSAGES&view=diffutils.mo HTTP/2" 200 11762 "-" "Mozilla/5.0 AppleWebKit/537.36 (KHTML, like Gecko; compatible; ClaudeBot/1.0; +claudebot@anthropic.com)"
216.73.217.30 - - [30/Jul/2026:17:31:38 +0300] "GET /zip.php?dir=CwusrCwshareCwlocaleCwhuCwLC_MESSAGES&edit=diffutils.mo HTTP/2" 429 0 "-" "Mozilla/5.0 AppleWebKit/537.36 (KHTML, like Gecko; compatible; ClaudeBot/1.0; +claudebot@anthropic.com)"
74.7.242.44 - - [30/Jul/2026:17:32:32 +0300] "GET /.well-known/zip.php?dir=CwhomeCwlogoandwCwnature-photosFwinfoCwwp-content-20251108024714CwmaintCwwp-contentCwIXRCwwp-content&edit=error_log-20251108093917-20251108102804-20251108103543-20251108103744-20251108104750-20251108104836-20251108162320-20251109000812-20251109015233-20251110002142-20251113155032-20251115124302. HTTP/2" 429 0 "https://moodyandmagic.com.logoandwebdesigns.com/.well-known/zip.php?dir=CwhomeCwlogoandwCwnature-photosFwinfoCwwp-content-20251108024714CwmaintCwwp-contentCwIXRCwwp-content" "Mozilla/5.0 AppleWebKit/537.36 (KHTML, like Gecko; compatible; GPTBot/1.4; +https://openai.com/gptbot)"
74.7.242.44 - - [30/Jul/2026:17:33:31 +0300] "GET /.well-known/zip.php?dir=CwhomeCwlogoandwCwnature-photosFwinfoCwwp-content-20251108024714CwmaintCwwp-contentCwIXRCwwp-content&edit=error_log-20251108093917-20251108102804-20251108103543-20251108103744-20251108104750-20251108104836-20251108162320-20251109000812-20251109015233-20251110002142-20251114140613-20251114140651. HTTP/2" 429 0 "https://moodyandmagic.com.logoandwebdesigns.com/.well-known/zip.php?dir=CwhomeCwlogoandwCwnature-photosFwinfoCwwp-content-20251108024714CwmaintCwwp-contentCwIXRCwwp-content" "Mozilla/5.0 AppleWebKit/537.36 (KHTML, like Gecko; compatible; GPTBot/1.4; +https://openai.com/gptbot)"
74.7.242.44 - - [30/Jul/2026:17:40:45 +0300] "GET /.well-known/zip.php?dir=CwhomeCwlogoandwCwnature-photosFwinfoCwwp-includesCwSimplePieCwwp-contentCwwp-content&edit=error_log-20251108093917-20251108102804-20251108103543-20251108103744-20251108104750-20251108104836-20251108162320-20251109000812-20251109015233-20251110002142-20251115150947-20251115151014-20251115151107. HTTP/2" 429 0 "https://moodyandmagic.com.logoandwebdesigns.com/.well-known/zip.php?dir=CwhomeCwlogoandwCwnature-photosFwinfoCwwp-includesCwSimplePieCwwp-contentCwwp-content" "Mozilla/5.0 AppleWebKit/537.36 (KHTML, like Gecko; compatible; GPTBot/1.4; +https://openai.com/gptbot)"
74.7.227.58 - - [30/Jul/2026:17:46:44 +0300] "GET /zip.php?dir=CwusrCwshareCwvimCwvim80Cwsyntax&edit=sicad.vim HTTP/2" 429 0 "https://www.moodyandmagic.com.logoandwebdesigns.com/zip.php?dir=CwusrCwshareCwvimCwvim80Cwsyntax" "Mozilla/5.0 AppleWebKit/537.36 (KHTML, like Gecko; compatible; GPTBot/1.4; +https://openai.com/gptbot)"
74.7.242.44 - - [30/Jul/2026:17:52:08 +0300] "GET /.well-known/zip.php?dir=CwhomeCwlogoandwCwnature-photosFwinfoCwwp-includesCwSimplePieCwwp-contentCwwp-content&edit=error_log-20251108093917-20251108102804-20251108103543-20251108103744-20251108104750-20251108104836-20251108162320-20251109000812-20251109015233-20251110002142-20251110204737-20251110204811-20251111152047. HTTP/2" 429 0 "https://moodyandmagic.com.logoandwebdesigns.com/.well-known/zip.php?dir=CwhomeCwlogoandwCwnature-photosFwinfoCwwp-includesCwSimplePieCwwp-contentCwwp-content" "Mozilla/5.0 AppleWebKit/537.36 (KHTML, like Gecko; compatible; GPTBot/1.4; +https://openai.com/gptbot)"
74.7.227.58 - - [30/Jul/2026:17:58:20 +0300] "GET /zip.php?dir=CwusrCwshareCwvimCwvim80Cwsyntax&edit=msidl.vim HTTP/2" 429 0 "https://www.moodyandmagic.com.logoandwebdesigns.com/zip.php?dir=CwusrCwshareCwvimCwvim80Cwsyntax" "Mozilla/5.0 AppleWebKit/537.36 (KHTML, like Gecko; compatible; GPTBot/1.4; +https://openai.com/gptbot)"
74.7.227.58 - - [30/Jul/2026:17:40:25 +0300] "GET /zip.php?dir=CwprocCwsysCwnetCwipv6CwconfCwbr-2d8b817f2490&view=seg6_enabled HTTP/2" 429 0 "https://www.moodyandmagic.com.logoandwebdesigns.com/zip.php?dir=CwprocCwsysCwnetCwipv6CwconfCwbr-2d8b817f2490" "Mozilla/5.0 AppleWebKit/537.36 (KHTML, like Gecko; compatible; GPTBot/1.4; +https://openai.com/gptbot)"
74.7.242.44 - - [30/Jul/2026:17:45:44 +0300] "GET /.well-known/zip.php?dir=CwhomeCwlogoandwCwnature-photosFwinfoCwwp-content-20251108024714CwblockCwwp-contentCwIXRCwwp-content&edit=error_log-20251108093917-20251108102804-20251108103543-20251108103744-20251108104750-20251108104836-20251108162320-20251109000812-20251109015233-20251110002142-20251110015710-20251110233408. HTTP/2" 429 0 "https://moodyandmagic.com.logoandwebdesigns.com/.well-known/zip.php?dir=CwhomeCwlogoandwCwnature-photosFwinfoCwwp-content-20251108024714CwblockCwwp-contentCwIXRCwwp-content" "Mozilla/5.0 AppleWebKit/537.36 (KHTML, like Gecko; compatible; GPTBot/1.4; +https://openai.com/gptbot)"
74.7.227.58 - - [30/Jul/2026:17:50:58 +0300] "GET /zip.php?dir=CwusrCwshareCwvimCwvim80Cwftplugin&edit=rst.vim HTTP/2" 429 0 "https://www.moodyandmagic.com.logoandwebdesigns.com/zip.php?dir=CwusrCwshareCwvimCwvim80Cwftplugin" "Mozilla/5.0 AppleWebKit/537.36 (KHTML, like Gecko; compatible; GPTBot/1.4; +https://openai.com/gptbot)"
74.7.242.44 - - [30/Jul/2026:17:51:04 +0300] "GET /.well-known/zip.php?dir=CwhomeCwlogoandwCwnature-photosFwinfoCwwp-content-20251108024714CwmaintCwwp-contentCwcssCwwp-content&edit=error_log-20251108093917-20251108102804-20251108103543-20251108103744-20251108104750-20251108104836-20251108162320-20251109000812-20251109015233-20251110002142-20251110013512-20251110154203. HTTP/2" 429 0 "https://moodyandmagic.com.logoandwebdesigns.com/.well-known/zip.php?dir=CwhomeCwlogoandwCwnature-photosFwinfoCwwp-content-20251108024714CwmaintCwwp-contentCwcssCwwp-content" "Mozilla/5.0 AppleWebKit/537.36 (KHTML, like Gecko; compatible; GPTBot/1.4; +https://openai.com/gptbot)"
74.7.227.58 - - [30/Jul/2026:17:55:12 +0300] "GET /zip.php?dir=CwusrCwshareCwvimCwvim80Cwsyntax&edit=redif.vim HTTP/2" 429 0 "https://www.moodyandmagic.com.logoandwebdesigns.com/zip.php?dir=CwusrCwshareCwvimCwvim80Cwsyntax" "Mozilla/5.0 AppleWebKit/537.36 (KHTML, like Gecko; compatible; GPTBot/1.4; +https://openai.com/gptbot)"
74.7.242.44 - - [30/Jul/2026:17:55:19 +0300] "GET /.well-known/file.php?dir=XPAusrXPAincludeXPAlinux&edit=isdn_divertif.h HTTP/2" 429 0 "https://moodyandmagic.com.logoandwebdesigns.com/.well-known/file.php?dir=XPAusrXPAincludeXPAlinux" "Mozilla/5.0 AppleWebKit/537.36 (KHTML, like Gecko; compatible; GPTBot/1.4; +https://openai.com/gptbot)"
74.7.227.58 - - [30/Jul/2026:17:56:13 +0300] "GET /zip.php?dir=CwusrCwshareCwvimCwvim80Cwsyntax&edit=tssgm.vim HTTP/2" 429 0 "https://www.moodyandmagic.com.logoandwebdesigns.com/zip.php?dir=CwusrCwshareCwvimCwvim80Cwsyntax" "Mozilla/5.0 AppleWebKit/537.36 (KHTML, like Gecko; compatible; GPTBot/1.4; +https://openai.com/gptbot)"
74.7.242.44 - - [30/Jul/2026:17:58:27 +0300] "GET /.well-known/file.php?dir=XPAusrXPAincludeXPAlinux&edit=if_infiniband.h HTTP/2" 429 0 "https://moodyandmagic.com.logoandwebdesigns.com/.well-known/file.php?dir=XPAusrXPAincludeXPAlinux" "Mozilla/5.0 AppleWebKit/537.36 (KHTML, like Gecko; compatible; GPTBot/1.4; +https://openai.com/gptbot)"
216.73.217.30 - - [30/Jul/2026:18:01:46 +0300] "GET /robots.txt HTTP/2" 404 1251 "-" "Mozilla/5.0 AppleWebKit/537.36 (KHTML, like Gecko; compatible; ClaudeBot/1.0; +claudebot@anthropic.com)"
216.73.217.30 - - [30/Jul/2026:18:01:46 +0300] "GET /zip.php?dir=CwusrCwshareCwlocaleCwruCwLC_MESSAGES&view=make.mo HTTP/2" 200 18669 "-" "Mozilla/5.0 AppleWebKit/537.36 (KHTML, like Gecko; compatible; ClaudeBot/1.0; +claudebot@anthropic.com)"
74.7.242.44 - - [30/Jul/2026:17:59:30 +0300] "GET /.well-known/file.php?dir=XPAusrXPAincludeXPAlinux&edit=mpls_iptunnel.h HTTP/2" 429 0 "https://moodyandmagic.com.logoandwebdesigns.com/.well-known/file.php?dir=XPAusrXPAincludeXPAlinux" "Mozilla/5.0 AppleWebKit/537.36 (KHTML, like Gecko; compatible; GPTBot/1.4; +https://openai.com/gptbot)"
74.7.227.58 - - [30/Jul/2026:18:00:25 +0300] "GET /zip.php?dir=CwusrCwshareCwvimCwvim80Cwftplugin&edit=gpg.vim HTTP/2" 429 0 "https://www.moodyandmagic.com.logoandwebdesigns.com/zip.php?dir=CwusrCwshareCwvimCwvim80Cwftplugin" "Mozilla/5.0 AppleWebKit/537.36 (KHTML, like Gecko; compatible; GPTBot/1.4; +https://openai.com/gptbot)"
74.7.227.58 - - [30/Jul/2026:18:01:29 +0300] "GET /zip.php?dir=CwusrCwshareCwvimCwvim80Cwsyntax&edit=wdiff.vim HTTP/2" 429 0 "https://www.moodyandmagic.com.logoandwebdesigns.com/zip.php?dir=CwusrCwshareCwvimCwvim80Cwsyntax" "Mozilla/5.0 AppleWebKit/537.36 (KHTML, like Gecko; compatible; GPTBot/1.4; +https://openai.com/gptbot)"
216.73.217.30 - - [30/Jul/2026:18:03:15 +0300] "GET /zip.php?dir=CwusrCwshareCwgit-coreCwtemplatesCwhooks&view=commit-msg.sample HTTP/2" 200 511 "-" "Mozilla/5.0 AppleWebKit/537.36 (KHTML, like Gecko; compatible; ClaudeBot/1.0; +claudebot@anthropic.com)"
74.7.227.58 - - [30/Jul/2026:18:03:36 +0300] "GET /zip.php?dir=CwusrCwshareCwvimCwvim80Cwsyntax&edit=spice.vim HTTP/2" 429 0 "https://www.moodyandmagic.com.logoandwebdesigns.com/zip.php?dir=CwusrCwshareCwvimCwvim80Cwsyntax" "Mozilla/5.0 AppleWebKit/537.36 (KHTML, like Gecko; compatible; GPTBot/1.4; +https://openai.com/gptbot)"
216.73.217.30 - - [30/Jul/2026:18:05:03 +0300] "GET /zip.php?dir=CwusrCwshareCwadobeCwresourcesCwmappingCwKorea1CwCMap&edit=UniKS-UTF16-V HTTP/2" 200 3831 "-" "Mozilla/5.0 AppleWebKit/537.36 (KHTML, like Gecko; compatible; ClaudeBot/1.0; +claudebot@anthropic.com)"
216.73.217.30 - - [30/Jul/2026:18:05:03 +0300] "GET /zip.php?dir=CwusrCwshareCwadobeCwresourcesCwmappingCwKorea1CwCMap&edit=UniKS-UCS2-H HTTP/2" 429 0 "-" "Mozilla/5.0 AppleWebKit/537.36 (KHTML, like Gecko; compatible; ClaudeBot/1.0; +claudebot@anthropic.com)"
216.73.217.30 - - [30/Jul/2026:18:05:03 +0300] "GET /zip.php?dir=CwusrCwshareCwadobeCwresourcesCwmappingCwKorea1CwCMap&view=UniKS-UTF8-V HTTP/2" 429 0 "-" "Mozilla/5.0 AppleWebKit/537.36 (KHTML, like Gecko; compatible; ClaudeBot/1.0; +claudebot@anthropic.com)"
216.73.217.30 - - [30/Jul/2026:18:05:04 +0300] "GET /zip.php?dir=CwusrCwshareCwadobeCwresourcesCwmappingCwKorea1CwCMap&edit=UniKS-UCS2-V HTTP/2" 429 0 "-" "Mozilla/5.0 AppleWebKit/537.36 (KHTML, like Gecko; compatible; ClaudeBot/1.0; +claudebot@anthropic.com)"
216.73.217.30 - - [30/Jul/2026:18:05:04 +0300] "GET /zip.php?dir=CwusrCwshareCwadobeCwresourcesCwmappingCwKorea1CwCMap&edit=UniKS-UTF32-H HTTP/2" 429 0 "-" "Mozilla/5.0 AppleWebKit/537.36 (KHTML, like Gecko; compatible; ClaudeBot/1.0; +claudebot@anthropic.com)"
216.73.217.30 - - [30/Jul/2026:18:05:05 +0300] "GET /zip.php?dir=CwusrCwshareCwadobeCwresourcesCwmappingCwKorea1CwCMap&view=KSCms-UHC-H HTTP/2" 429 0 "-" "Mozilla/5.0 AppleWebKit/537.36 (KHTML, like Gecko; compatible; ClaudeBot/1.0; +claudebot@anthropic.com)"
216.73.217.30 - - [30/Jul/2026:18:05:06 +0300] "GET /zip.php?dir=CwusrCwshareCwadobeCwresourcesCwmappingCwKorea1CwCMap&edit=UniKS-UTF8-H HTTP/2" 429 0 "-" "Mozilla/5.0 AppleWebKit/537.36 (KHTML, like Gecko; compatible; ClaudeBot/1.0; +claudebot@anthropic.com)"
216.73.217.30 - - [30/Jul/2026:18:05:06 +0300] "GET /zip.php?dir=CwusrCwshareCwadobeCwresourcesCwmappingCwKorea1CwCMap&edit=UniKS-UTF32-V HTTP/2" 429 0 "-" "Mozilla/5.0 AppleWebKit/537.36 (KHTML, like Gecko; compatible; ClaudeBot/1.0; +claudebot@anthropic.com)"
216.73.217.30 - - [30/Jul/2026:18:05:07 +0300] "GET /zip.php?dir=CwusrCwshareCwadobeCwresourcesCwmappingCwKorea1CwCMap&view=KSCms-UHC-V HTTP/2" 429 0 "-" "Mozilla/5.0 AppleWebKit/537.36 (KHTML, like Gecko; compatible; ClaudeBot/1.0; +claudebot@anthropic.com)"
216.73.217.30 - - [30/Jul/2026:18:05:07 +0300] "GET /zip.php?dir=CwusrCwshareCwadobeCwresourcesCwmappingCwKorea1CwCMap&edit=UniKS-UTF8-V HTTP/2" 429 0 "-" "Mozilla/5.0 AppleWebKit/537.36 (KHTML, like Gecko; compatible; ClaudeBot/1.0; +claudebot@anthropic.com)"
216.73.217.30 - - [30/Jul/2026:18:05:08 +0300] "GET /zip.php?dir=CwusrCwshareCwadobeCwresourcesCwmappingCwKorea1CwCMap&edit=KSCms-UHC-H HTTP/2" 429 0 "-" "Mozilla/5.0 AppleWebKit/537.36 (KHTML, like Gecko; compatible; ClaudeBot/1.0; +claudebot@anthropic.com)"
216.73.217.30 - - [30/Jul/2026:18:05:08 +0300] "GET /zip.php?dir=CwusrCwshareCwadobeCwresourcesCwmappingCwKorea1CwCMap&edit=KSCms-UHC-V HTTP/2" 429 0 "-" "Mozilla/5.0 AppleWebKit/537.36 (KHTML, like Gecko; compatible; ClaudeBot/1.0; +claudebot@anthropic.com)"
216.73.217.30 - - [30/Jul/2026:18:05:13 +0300] "GET /zip.php?dir=CwusrCwlib64Cwperl5Cwvendor_perlCwDBICwConst&view=GetInfoReturn.pm HTTP/2" 429 0 "-" "Mozilla/5.0 AppleWebKit/537.36 (KHTML, like Gecko; compatible; ClaudeBot/1.0; +claudebot@anthropic.com)"
216.73.217.30 - - [30/Jul/2026:18:05:18 +0300] "GET /zip.php?dir=CwusrCwlib64Cwperl5Cwvendor_perlCwDBICwConst&edit=GetInfoReturn.pm HTTP/2" 429 0 "-" "Mozilla/5.0 AppleWebKit/537.36 (KHTML, like Gecko; compatible; ClaudeBot/1.0; +claudebot@anthropic.com)"
216.73.217.30 - - [30/Jul/2026:18:05:23 +0300] "GET /zip.php?dir=CwusrCwlib64Cwperl5Cwvendor_perlCwDBICwConst&view=GetInfoType.pm HTTP/2" 429 0 "-" "Mozilla/5.0 AppleWebKit/537.36 (KHTML, like Gecko; compatible; ClaudeBot/1.0; +claudebot@anthropic.com)"
216.73.217.30 - - [30/Jul/2026:18:08:46 +0300] "GET /file.php?dir=XPAhomeXPAlogoandwXPAtmpXPAanalogXPAsslXPAtrackXFAbusinescompanyXFAinfo&edit=browrep.png HTTP/2" 200 7933 "-" "Mozilla/5.0 AppleWebKit/537.36 (KHTML, like Gecko; compatible; ClaudeBot/1.0; +claudebot@anthropic.com)"
216.73.217.30 - - [30/Jul/2026:18:08:51 +0300] "GET /file.php?dir=XPAhomeXPAlogoandwXPAtmpXPAanalogXPAsslXPAtrackXFAbusinescompanyXFAinfo&edit=org.png HTTP/2" 429 0 "-" "Mozilla/5.0 AppleWebKit/537.36 (KHTML, like Gecko; compatible; ClaudeBot/1.0; +claudebot@anthropic.com)"
74.7.242.44 - - [30/Jul/2026:18:08:54 +0300] "GET /.well-known/zip.php?dir=CwhomeCwlogoandwCwnewsletterprogramsFwcomCwwp-includesCwblocks&edit=post-featured-image.php HTTP/2" 429 0 "https://moodyandmagic.com.logoandwebdesigns.com/.well-known/zip.php?dir=CwhomeCwlogoandwCwnewsletterprogramsFwcomCwwp-includesCwblocks" "Mozilla/5.0 AppleWebKit/537.36 (KHTML, like Gecko; compatible; GPTBot/1.4; +https://openai.com/gptbot)"
216.73.217.30 - - [30/Jul/2026:18:08:56 +0300] "GET /file.php?dir=XPAhomeXPAlogoandwXPAtmpXPAanalogXPAsslXPAbusinescompanyXFAinfoXFAlogoandwebdesignsXFAcom&edit=org.png HTTP/2" 429 0 "-" "Mozilla/5.0 AppleWebKit/537.36 (KHTML, like Gecko; compatible; ClaudeBot/1.0; +claudebot@anthropic.com)"
216.73.217.30 - - [30/Jul/2026:18:09:01 +0300] "GET /file.php?dir=XPAhomeXPAlogoandwXPAtmpXPAanalogXPAsslXPAbusinescompanyXFAinfoXFAlogoandwebdesignsXFAcom&edit=refsite.png HTTP/2" 429 0 "-" "Mozilla/5.0 AppleWebKit/537.36 (KHTML, like Gecko; compatible; ClaudeBot/1.0; +claudebot@anthropic.com)"
216.73.217.30 - - [30/Jul/2026:18:09:06 +0300] "GET /file.php?dir=XPAhomeXPAlogoandwXPAtmpXPAanalogXPAsslXPAtrackXFAbusinescompanyXFAinfo&edit=browsum.png HTTP/2" 429 0 "-" "Mozilla/5.0 AppleWebKit/537.36 (KHTML, like Gecko; compatible; ClaudeBot/1.0; +claudebot@anthropic.com)"
216.73.217.30 - - [30/Jul/2026:18:09:11 +0300] "GET /file.php?dir=XPAhomeXPAlogoandwXPAtmpXPAanalogXPAsslXPAbusinescompanyXFAinfoXFAlogoandwebdesignsXFAcom&edit=browsum.png HTTP/2" 429 0 "-" "Mozilla/5.0 AppleWebKit/537.36 (KHTML, like Gecko; compatible; ClaudeBot/1.0; +claudebot@anthropic.com)"
74.7.227.58 - - [30/Jul/2026:18:04:39 +0300] "GET /file.php?dir=XPAusrXPAshareXPAvimXPAvim80&edit=defaults.vim HTTP/2" 429 0 "https://www.moodyandmagic.com.logoandwebdesigns.com/file.php?dir=XPAusrXPAshareXPAvimXPAvim80" "Mozilla/5.0 AppleWebKit/537.36 (KHTML, like Gecko; compatible; GPTBot/1.4; +https://openai.com/gptbot)"
74.7.242.44 - - [30/Jul/2026:18:04:45 +0300] "GET /.well-known/file.php?dir=XPAusrXPAincludeXPAlinux&edit=netfilter_arp.h HTTP/2" 429 0 "https://moodyandmagic.com.logoandwebdesigns.com/.well-known/file.php?dir=XPAusrXPAincludeXPAlinux" "Mozilla/5.0 AppleWebKit/537.36 (KHTML, like Gecko; compatible; GPTBot/1.4; +https://openai.com/gptbot)"
216.73.217.30 - - [30/Jul/2026:18:07:57 +0300] "GET /file.php?dir=XPAhomeXPAlogoandwXPAtmpXPAanalogXPAsslXPAbusinescompanyXFAinfoXFAlogoandwebdesignsXFAcom&edit=type.png HTTP/2" 200 4835 "-" "Mozilla/5.0 AppleWebKit/537.36 (KHTML, like Gecko; compatible; ClaudeBot/1.0; +claudebot@anthropic.com)"
216.73.217.30 - - [30/Jul/2026:18:08:01 +0300] "GET /file.php?dir=XPAhomeXPAlogoandwXPAtmpXPAanalogXPAsslXPAtrackXFAbusinescompanyXFAinfo&edit=type.png HTTP/2" 429 0 "-" "Mozilla/5.0 AppleWebKit/537.36 (KHTML, like Gecko; compatible; ClaudeBot/1.0; +claudebot@anthropic.com)"
74.7.227.58 - - [30/Jul/2026:18:09:42 +0300] "GET /zip.php?dir=CwusrCwshareCwvimCwvim80Cwsyntax&edit=tssop.vim HTTP/2" 429 0 "https://www.moodyandmagic.com.logoandwebdesigns.com/zip.php?dir=CwusrCwshareCwvimCwvim80Cwsyntax" "Mozilla/5.0 AppleWebKit/537.36 (KHTML, like Gecko; compatible; GPTBot/1.4; +https://openai.com/gptbot)"
74.7.227.58 - - [30/Jul/2026:18:13:57 +0300] "GET /zip.php?dir=CwusrCwshareCwvimCwvim80Cwcolors&edit=slate.vim HTTP/2" 429 0 "https://www.moodyandmagic.com.logoandwebdesigns.com/zip.php?dir=CwusrCwshareCwvimCwvim80Cwcolors" "Mozilla/5.0 AppleWebKit/537.36 (KHTML, like Gecko; compatible; GPTBot/1.4; +https://openai.com/gptbot)"
74.7.227.58 - - [30/Jul/2026:18:14:58 +0300] "GET /zip.php?dir=CwusrCwshareCwvimCwvim80Cwftplugin&edit=pdf.vim HTTP/2" 429 0 "https://www.moodyandmagic.com.logoandwebdesigns.com/zip.php?dir=CwusrCwshareCwvimCwvim80Cwftplugin" "Mozilla/5.0 AppleWebKit/537.36 (KHTML, like Gecko; compatible; GPTBot/1.4; +https://openai.com/gptbot)"
74.7.242.44 - - [30/Jul/2026:18:16:05 +0300] "GET /.well-known/zip.php?dir=CwhomeCwlogoandwCwnewsletterprogramsFwcomCwwp-includesCwblock-bindings&edit=post-meta.php HTTP/2" 429 0 "https://moodyandmagic.com.logoandwebdesigns.com/.well-known/zip.php?dir=CwhomeCwlogoandwCwnewsletterprogramsFwcomCwwp-includesCwblock-bindings" "Mozilla/5.0 AppleWebKit/537.36 (KHTML, like Gecko; compatible; GPTBot/1.4; +https://openai.com/gptbot)"
216.73.217.30 - - [30/Jul/2026:18:18:33 +0300] "GET /zip.php?dir=CwhomeCwlogoandwCwtmpCwanalogCwsslCwbusinessgurusFwxyzFwlogoandwebdesignsFwcom&view=org.png HTTP/2" 200 3561 "-" "Mozilla/5.0 AppleWebKit/537.36 (KHTML, like Gecko; compatible; ClaudeBot/1.0; +claudebot@anthropic.com)"
74.7.242.44 - - [30/Jul/2026:18:20:14 +0300] "GET /zip.php?dir=CwusrCwshareCwmanCwman3&view=SSL_CTX_sess_set_cache_size.3ssl.gz HTTP/2" 429 0 "https://moodyandmagic.com.logoandwebdesigns.com/zip.php?dir=CwusrCwshareCwmanCwman3" "Mozilla/5.0 AppleWebKit/537.36 (KHTML, like Gecko; compatible; GPTBot/1.4; +https://openai.com/gptbot)"
74.7.242.44 - - [30/Jul/2026:18:23:18 +0300] "GET /zip.php?dir=CwlibCwdracutCwmodulesFwdCw95nfs&edit=nfs-start-rpc.sh HTTP/2" 429 0 "https://moodyandmagic.com.logoandwebdesigns.com/zip.php?dir=CwlibCwdracutCwmodulesFwdCw95nfs" "Mozilla/5.0 AppleWebKit/537.36 (KHTML, like Gecko; compatible; GPTBot/1.4; +https://openai.com/gptbot)"
74.7.242.44 - - [30/Jul/2026:17:53:13 +0300] "GET /.well-known/zip.php?dir=CwhomeCwlogoandwCwnature-photosFwinfoCwwp-content-20251108024714CwmaintCwwp-contentCwcssCwwp-content&edit=error_log-20251108093917-20251108102804-20251108103543-20251108103744-20251108104750-20251108104836-20251108162320-20251109000812-20251109015233-20251110002142-20251110060235-20251111000019. HTTP/2" 429 0 "https://moodyandmagic.com.logoandwebdesigns.com/.well-known/zip.php?dir=CwhomeCwlogoandwCwnature-photosFwinfoCwwp-content-20251108024714CwmaintCwwp-contentCwcssCwwp-content" "Mozilla/5.0 AppleWebKit/537.36 (KHTML, like Gecko; compatible; GPTBot/1.4; +https://openai.com/gptbot)"
74.7.242.44 - - [30/Jul/2026:17:57:24 +0300] "GET /.well-known/file.php?dir=XPAusrXPAlibexecXPAgit-core&edit=git-worktree HTTP/2" 429 0 "https://moodyandmagic.com.logoandwebdesigns.com/.well-known/file.php?dir=XPAusrXPAlibexecXPAgit-core" "Mozilla/5.0 AppleWebKit/537.36 (KHTML, like Gecko; compatible; GPTBot/1.4; +https://openai.com/gptbot)"
216.73.217.30 - - [30/Jul/2026:18:03:42 +0300] "GET /zip.php?dir=CwusrCwshareCwgit-coreCwtemplatesCwhooks&edit=pre-receive.sample HTTP/2" 200 2830 "-" "Mozilla/5.0 AppleWebKit/537.36 (KHTML, like Gecko; compatible; ClaudeBot/1.0; +claudebot@anthropic.com)"
74.7.242.44 - - [30/Jul/2026:18:06:51 +0300] "GET /zip.php?dir=CwoptCwaltCwpython33CwshareCwdocCwalt-python33-setuptoolsCwdocsCw_templates HTTP/2" 429 0 "https://moodyandmagic.com.logoandwebdesigns.com/zip.php?dir=CwoptCwaltCwpython33CwshareCwdocCwalt-python33-setuptoolsCwdocs" "Mozilla/5.0 AppleWebKit/537.36 (KHTML, like Gecko; compatible; GPTBot/1.4; +https://openai.com/gptbot)"
216.73.217.30 - - [30/Jul/2026:18:08:30 +0300] "GET /file.php?dir=XPAhomeXPAlogoandwXPAtmpXPAanalogXPAsslXPAtrackXFAbusinescompanyXFAinfo&edit=size.png HTTP/2" 200 4946 "-" "Mozilla/5.0 AppleWebKit/537.36 (KHTML, like Gecko; compatible; ClaudeBot/1.0; +claudebot@anthropic.com)"
216.73.217.30 - - [30/Jul/2026:18:08:35 +0300] "GET /file.php?dir=XPAhomeXPAlogoandwXPAtmpXPAanalogXPAsslXPAtrackXFAbusinescompanyXFAinfo&edit=os.png HTTP/2" 429 0 "-" "Mozilla/5.0 AppleWebKit/537.36 (KHTML, like Gecko; compatible; ClaudeBot/1.0; +claudebot@anthropic.com)"
74.7.242.44 - - [30/Jul/2026:18:09:57 +0300] "GET /.well-known/zip.php?dir=CwhomeCwlogoandwCwnewsletterprogramsFwcomCwwp-includesCwblock-bindings&edit=post-data.php HTTP/2" 429 0 "https://moodyandmagic.com.logoandwebdesigns.com/.well-known/zip.php?dir=CwhomeCwlogoandwCwnewsletterprogramsFwcomCwwp-includesCwblock-bindings" "Mozilla/5.0 AppleWebKit/537.36 (KHTML, like Gecko; compatible; GPTBot/1.4; +https://openai.com/gptbot)"
74.7.242.44 - - [30/Jul/2026:18:11:00 +0300] "GET /.well-known/zip.php?dir=CwhomeCwlogoandwCwnewsletterprogramsFwcomCwwp-includesCwblocks&edit=post-navigation-link.php HTTP/2" 200 4144 "https://moodyandmagic.com.logoandwebdesigns.com/.well-known/zip.php?dir=CwhomeCwlogoandwCwnewsletterprogramsFwcomCwwp-includesCwblocks" "Mozilla/5.0 AppleWebKit/537.36 (KHTML, like Gecko; compatible; GPTBot/1.4; +https://openai.com/gptbot)"
74.7.227.58 - - [30/Jul/2026:18:11:48 +0300] "GET /zip.php?dir=CwusrCwshareCwvimCwvim80Cwftplugin&edit=dtd.vim HTTP/2" 429 0 "https://www.moodyandmagic.com.logoandwebdesigns.com/zip.php?dir=CwusrCwshareCwvimCwvim80Cwftplugin" "Mozilla/5.0 AppleWebKit/537.36 (KHTML, like Gecko; compatible; GPTBot/1.4; +https://openai.com/gptbot)"
74.7.227.58 - - [30/Jul/2026:18:19:12 +0300] "GET /zip.php?dir=CwhomeCwlogoandwCwnewsletterprogramsFwcomCwdCwredirects&view=index2.php HTTP/2" 429 0 "https://www.moodyandmagic.com.logoandwebdesigns.com/zip.php?dir=CwhomeCwlogoandwCwnewsletterprogramsFwcomCwdCwredirects" "Mozilla/5.0 AppleWebKit/537.36 (KHTML, like Gecko; compatible; GPTBot/1.4; +https://openai.com/gptbot)"
74.7.242.44 - - [30/Jul/2026:18:15:02 +0300] "GET /.well-known/zip.php?dir=CwhomeCwlogoandwCwpublic_htmlCwnaturallightsFwbizCwwp-includes&edit=post-thumbnail-template.php HTTP/2" 429 0 "https://moodyandmagic.com.logoandwebdesigns.com/.well-known/zip.php?dir=CwhomeCwlogoandwCwpublic_htmlCwnaturallightsFwbizCwwp-includes" "Mozilla/5.0 AppleWebKit/537.36 (KHTML, like Gecko; compatible; GPTBot/1.4; +https://openai.com/gptbot)"
74.7.227.58 - - [30/Jul/2026:18:18:09 +0300] "GET /zip.php?dir=CwusrCwshareCwvimCwvim80Cwsyntax&edit=amiga.vim HTTP/2" 429 0 "https://www.moodyandmagic.com.logoandwebdesigns.com/zip.php?dir=CwusrCwshareCwvimCwvim80Cwsyntax" "Mozilla/5.0 AppleWebKit/537.36 (KHTML, like Gecko; compatible; GPTBot/1.4; +https://openai.com/gptbot)"
74.7.242.44 - - [30/Jul/2026:18:18:09 +0300] "GET /zip.php?dir=CwusrCwshareCwmanCwman3&view=SSL_CTX_sess_get_cache_size.3ssl.gz HTTP/2" 429 0 "https://moodyandmagic.com.logoandwebdesigns.com/zip.php?dir=CwusrCwshareCwmanCwman3" "Mozilla/5.0 AppleWebKit/537.36 (KHTML, like Gecko; compatible; GPTBot/1.4; +https://openai.com/gptbot)"
74.7.242.44 - - [30/Jul/2026:18:19:09 +0300] "GET /zip.php?dir=CwusrCwshareCwmanCwman3&view=SSL_CTX_set_tlsext_use_srtp.3ssl.gz HTTP/2" 429 0 "https://moodyandmagic.com.logoandwebdesigns.com/zip.php?dir=CwusrCwshareCwmanCwman3" "Mozilla/5.0 AppleWebKit/537.36 (KHTML, like Gecko; compatible; GPTBot/1.4; +https://openai.com/gptbot)"
216.73.217.30 - - [30/Jul/2026:18:19:20 +0300] "GET /zip.php?dir=CwhomeCwlogoandwCwtmpCwanalogCwsslCwbusinessgurusFwxyzFwlogoandwebdesignsFwcom&edit=browrep.png HTTP/2" 200 7554 "-" "Mozilla/5.0 AppleWebKit/537.36 (KHTML, like Gecko; compatible; ClaudeBot/1.0; +claudebot@anthropic.com)"
74.7.227.58 - - [30/Jul/2026:18:22:20 +0300] "GET /.well-known/zip.php?dir=CwhomeCwlogoandwCwtmpCwanalogCwsslCwbestFwphoto-streamFwinfo&view=cache HTTP/2" 429 0 "https://www.moodyandmagic.com.logoandwebdesigns.com/.well-known/zip.php?dir=CwhomeCwlogoandwCwtmpCwanalogCwsslCwbestFwphoto-streamFwinfo" "Mozilla/5.0 AppleWebKit/537.36 (KHTML, like Gecko; compatible; GPTBot/1.4; +https://openai.com/gptbot)"
74.7.227.58 - - [30/Jul/2026:18:23:15 +0300] "GET /.well-known/zip.php?dir=CwhomeCwlogoandwCwmailCwnaturallightsFwbizCwsandra_cote&view=maildirsize HTTP/2" 429 0 "https://www.moodyandmagic.com.logoandwebdesigns.com/.well-known/zip.php?dir=CwhomeCwlogoandwCwmailCwnaturallightsFwbizCwsandra_cote" "Mozilla/5.0 AppleWebKit/537.36 (KHTML, like Gecko; compatible; GPTBot/1.4; +https://openai.com/gptbot)"
74.7.242.44 - - [30/Jul/2026:18:27:22 +0300] "GET /.well-known/zip.php?dir=CwhomeCwlogoandwCwnature-photosFwinfoCwwp-content-20251108024714CwmaintCwwp-contentCwcssCwwp-content&edit=error_log-20251108093917-20251108102804-20251108103543-20251108103744-20251108104750-20251108104836-20251108162320-20251109000812-20251109015233-20251109021707. HTTP/2" 429 0 "https://moodyandmagic.com.logoandwebdesigns.com/.well-known/zip.php?dir=CwhomeCwlogoandwCwnature-photosFwinfoCwwp-content-20251108024714CwmaintCwwp-contentCwcssCwwp-content" "Mozilla/5.0 AppleWebKit/537.36 (KHTML, like Gecko; compatible; GPTBot/1.4; +https://openai.com/gptbot)"
74.7.242.44 - - [30/Jul/2026:18:28:24 +0300] "GET /.well-known/zip.php?dir=CwhomeCwlogoandwCwnature-photosFwinfoCwwp-content-20251108024714CwwidgetsCwwp-contentCwwp-content&edit=error_log-20251108093917-20251108102804-20251108103543-20251108103744-20251108104750-20251108104836-20251108162320-20251109000812-20251109042130-20251109054700. HTTP/2" 429 0 "https://moodyandmagic.com.logoandwebdesigns.com/.well-known/zip.php?dir=CwhomeCwlogoandwCwnature-photosFwinfoCwwp-content-20251108024714CwwidgetsCwwp-contentCwwp-content" "Mozilla/5.0 AppleWebKit/537.36 (KHTML, like Gecko; compatible; GPTBot/1.4; +https://openai.com/gptbot)"
74.7.242.44 - - [30/Jul/2026:18:32:29 +0300] "GET /.well-known/zip.php?dir=CwhomeCwlogoandwCwnature-photosFwinfoCwwp-content-20251108024714CwmaintCwwp-contentCwcssCwwp-content&edit=error_log-20251108093917-20251108102804-20251108103543-20251108103744-20251108104750-20251108104836-20251108162320-20251109000812-20251109015233-20251109015427. HTTP/2" 429 0 "https://moodyandmagic.com.logoandwebdesigns.com/.well-known/zip.php?dir=CwhomeCwlogoandwCwnature-photosFwinfoCwwp-content-20251108024714CwmaintCwwp-contentCwcssCwwp-content" "Mozilla/5.0 AppleWebKit/537.36 (KHTML, like Gecko; compatible; GPTBot/1.4; +https://openai.com/gptbot)"
74.7.242.44 - - [30/Jul/2026:18:34:32 +0300] "GET /zip.php?dir=CwoptCwcloudlinux-site-optimization-module&view=clsop.zip HTTP/2" 429 0 "https://moodyandmagic.com.logoandwebdesigns.com/zip.php?dir=CwoptCwcloudlinux-site-optimization-module" "Mozilla/5.0 AppleWebKit/537.36 (KHTML, like Gecko; compatible; GPTBot/1.4; +https://openai.com/gptbot)"
74.7.227.58 - - [30/Jul/2026:18:34:37 +0300] "GET /.well-known/zip.php?dir=CwhomeCwlogoandwCwmailCwnaturallightsFwbizCwwelcome&view=dovecot-uidlist HTTP/2" 429 0 "https://www.moodyandmagic.com.logoandwebdesigns.com/.well-known/zip.php?dir=CwhomeCwlogoandwCwmailCwnaturallightsFwbizCwwelcome" "Mozilla/5.0 AppleWebKit/537.36 (KHTML, like Gecko; compatible; GPTBot/1.4; +https://openai.com/gptbot)"
74.7.242.44 - - [30/Jul/2026:18:35:28 +0300] "GET /zip.php?dir=CwusrCwshareCwzoneinfoCwposixCwAmericaCwIndiana&view=Petersburg HTTP/2" 429 0 "https://moodyandmagic.com.logoandwebdesigns.com/zip.php?dir=CwusrCwshareCwzoneinfoCwposixCwAmericaCwIndiana" "Mozilla/5.0 AppleWebKit/537.36 (KHTML, like Gecko; compatible; GPTBot/1.4; +https://openai.com/gptbot)"
74.7.228.56 - - [30/Jul/2026:18:35:30 +0300] "GET /robots.txt HTTP/2" 404 1251 "-" "Mozilla/5.0 (Macintosh; Intel Mac OS X 10_15_7) AppleWebKit/537.36 (KHTML, like Gecko) Chrome/131.0.0.0 Safari/537.36; compatible; OAI-SearchBot/1.4; robots.txt; +https://openai.com/searchbot"
74.7.242.44 - - [30/Jul/2026:18:36:31 +0300] "GET /zip.php?dir=CwusrCwshareCwzoneinfoCwrightCwAmericaCwIndiana&view=Petersburg HTTP/2" 429 0 "https://moodyandmagic.com.logoandwebdesigns.com/zip.php?dir=CwusrCwshareCwzoneinfoCwrightCwAmericaCwIndiana" "Mozilla/5.0 AppleWebKit/537.36 (KHTML, like Gecko; compatible; GPTBot/1.4; +https://openai.com/gptbot)"
74.7.227.58 - - [30/Jul/2026:18:37:46 +0300] "GET /.well-known/zip.php?dir=CwhomeCwlogoandwCwmailCwnaturallightsFwbizCwcharles_nichols&view=maildirsize HTTP/2" 429 0 "https://www.moodyandmagic.com.logoandwebdesigns.com/.well-known/zip.php?dir=CwhomeCwlogoandwCwmailCwnaturallightsFwbizCwcharles_nichols" "Mozilla/5.0 AppleWebKit/537.36 (KHTML, like Gecko; compatible; GPTBot/1.4; +https://openai.com/gptbot)"
216.73.217.30 - - [30/Jul/2026:18:41:00 +0300] "GET /zip.php?dir=CwusrCwshareCwadobeCwresourcesCwmappingCwKorea1CwCMap&view=KSC-EUC-V HTTP/2" 200 1300 "-" "Mozilla/5.0 AppleWebKit/537.36 (KHTML, like Gecko; compatible; ClaudeBot/1.0; +claudebot@anthropic.com)"
216.73.217.30 - - [30/Jul/2026:18:41:00 +0300] "GET /zip.php?dir=CwusrCwshareCwadobeCwresourcesCwmappingCwKorea1CwCMap&edit=KSC-Johab-H HTTP/2" 429 0 "-" "Mozilla/5.0 AppleWebKit/537.36 (KHTML, like Gecko; compatible; ClaudeBot/1.0; +claudebot@anthropic.com)"
216.73.217.30 - - [30/Jul/2026:18:41:01 +0300] "GET /zip.php?dir=CwusrCwshareCwadobeCwresourcesCwmappingCwKorea1CwCMap&edit=KSC-EUC-H HTTP/2" 429 0 "-" "Mozilla/5.0 AppleWebKit/537.36 (KHTML, like Gecko; compatible; ClaudeBot/1.0; +claudebot@anthropic.com)"
216.73.217.30 - - [30/Jul/2026:18:41:01 +0300] "GET /zip.php?dir=CwusrCwshareCwadobeCwresourcesCwmappingCwKorea1CwCMap&edit=KSC-Johab-V HTTP/2" 429 0 "-" "Mozilla/5.0 AppleWebKit/537.36 (KHTML, like Gecko; compatible; ClaudeBot/1.0; +claudebot@anthropic.com)"
216.73.217.30 - - [30/Jul/2026:18:41:02 +0300] "GET /zip.php?dir=CwusrCwshareCwadobeCwresourcesCwmappingCwKorea1CwCMap&edit=KSC-EUC-V HTTP/2" 429 0 "-" "Mozilla/5.0 AppleWebKit/537.36 (KHTML, like Gecko; compatible; ClaudeBot/1.0; +claudebot@anthropic.com)"
74.7.227.58 - - [30/Jul/2026:18:30:32 +0300] "GET /.well-known/zip.php?dir=CwhomeCwlogoandwCwtmpCwanalogCwsslCwbestFwbabypartyboxFwcom&view=os.png HTTP/2" 429 0 "https://www.moodyandmagic.com.logoandwebdesigns.com/.well-known/zip.php?dir=CwhomeCwlogoandwCwtmpCwanalogCwsslCwbestFwbabypartyboxFwcom" "Mozilla/5.0 AppleWebKit/537.36 (KHTML, like Gecko; compatible; GPTBot/1.4; +https://openai.com/gptbot)"
74.7.227.58 - - [30/Jul/2026:18:31:27 +0300] "GET /.well-known/zip.php?dir=CwhomeCwlogoandwCwmailCwnaturallightsFwbizCwhello&view=dovecot-uidvalidity HTTP/2" 429 0 "https://www.moodyandmagic.com.logoandwebdesigns.com/.well-known/zip.php?dir=CwhomeCwlogoandwCwmailCwnaturallightsFwbizCwhello" "Mozilla/5.0 AppleWebKit/537.36 (KHTML, like Gecko; compatible; GPTBot/1.4; +https://openai.com/gptbot)"
74.7.230.40 - - [30/Jul/2026:18:36:43 +0300] "GET /robots.txt HTTP/2" 404 1251 "-" "Mozilla/5.0 (Macintosh; Intel Mac OS X 10_15_7) AppleWebKit/537.36 (KHTML, like Gecko) Chrome/131.0.0.0 Safari/537.36; compatible; OAI-SearchBot/1.4; robots.txt; +https://openai.com/searchbot"
74.7.227.58 - - [30/Jul/2026:18:39:48 +0300] "GET /.well-known/zip.php?dir=CwhomeCwlogoandwCwtmpCwanalogCwbestFwbabypartyboxFwcom&view=browrep.png HTTP/2" 200 3975 "https://www.moodyandmagic.com.logoandwebdesigns.com/.well-known/zip.php?dir=CwhomeCwlogoandwCwtmpCwanalogCwbestFwbabypartyboxFwcom" "Mozilla/5.0 AppleWebKit/537.36 (KHTML, like Gecko; compatible; GPTBot/1.4; +https://openai.com/gptbot)"
74.7.242.44 - - [30/Jul/2026:18:40:41 +0300] "GET /.well-known/zip.php?dir=CwhomeCwlogoandwCwdesertlifeFwin&view=cddbb671.php HTTP/2" 429 0 "https://moodyandmagic.com.logoandwebdesigns.com/.well-known/zip.php?dir=CwhomeCwlogoandwCwdesertlifeFwin" "Mozilla/5.0 AppleWebKit/537.36 (KHTML, like Gecko; compatible; GPTBot/1.4; +https://openai.com/gptbot)"
74.7.227.58 - - [30/Jul/2026:18:43:51 +0300] "GET /.well-known/zip.php?dir=CwhomeCwlogoandwCwnature-photosFwinfoCwwp-contentCwwp-contentCwwp-contentCwwp-contentCwwp-contentCwwp-contentCwwp-contentCwwp-contentCwwp-content&edit=error_log-20251108093917-20251108102804-20251108103543-20251108103744-20251108104750-20251108104836-20251108162320-20251117083333-20251118031427-20251123014736-20251123035849-20251123035909-20251123052447-20251123053850-20251123053920. HTTP/2" 429 0 "https://www.moodyandmagic.com.logoandwebdesigns.com/.well-known/zip.php?dir=CwhomeCwlogoandwCwnature-photosFwinfoCwwp-contentCwwp-contentCwwp-contentCwwp-contentCwwp-contentCwwp-contentCwwp-contentCwwp-contentCwwp-content" "Mozilla/5.0 AppleWebKit/537.36 (KHTML, like Gecko; compatible; GPTBot/1.4; +https://openai.com/gptbot)"
74.7.227.58 - - [30/Jul/2026:18:46:51 +0300] "GET /.well-known/zip.php?dir=CwhomeCwlogoandwCwnature-photosFwinfoCwwp-contentCwwp-contentCwwp-contentCwwp-contentCwwp-contentCwwp-contentCwwp-contentCwwp-contentCwwp-content&edit=error_log-20251108093917-20251108102804-20251108103543-20251108103744-20251108104750-20251108104836-20251108162320-20251109000812-20251109015233-20251110002142-20251116161835-20251116163735-20251116174756-20251118170739-20251123002548. HTTP/2" 429 0 "https://www.moodyandmagic.com.logoandwebdesigns.com/.well-known/zip.php?dir=CwhomeCwlogoandwCwnature-photosFwinfoCwwp-contentCwwp-contentCwwp-contentCwwp-contentCwwp-contentCwwp-contentCwwp-contentCwwp-contentCwwp-content" "Mozilla/5.0 AppleWebKit/537.36 (KHTML, like Gecko; compatible; GPTBot/1.4; +https://openai.com/gptbot)"
216.73.217.30 - - [30/Jul/2026:18:50:21 +0300] "GET /file.php?dir=XPAhomeXPAlogoandwXPAtmpXPAanalogXPAsslXPAbusinescompanyXFAinfoXFAlogoandwebdesignsXFAcom&edit=failref.png HTTP/2" 200 6866 "-" "Mozilla/5.0 AppleWebKit/537.36 (KHTML, like Gecko; compatible; ClaudeBot/1.0; +claudebot@anthropic.com)"
216.73.217.30 - - [30/Jul/2026:18:50:25 +0300] "GET /file.php?dir=XPAhomeXPAlogoandwXPAtmpXPAanalogXPAsslXPAtrackXFAbusinescompanyXFAinfo&edit=failref.png HTTP/2" 429 0 "-" "Mozilla/5.0 AppleWebKit/537.36 (KHTML, like Gecko; compatible; ClaudeBot/1.0; +claudebot@anthropic.com)"
74.7.242.44 - - [30/Jul/2026:18:25:21 +0300] "GET /.well-known/zip.php?dir=CwhomeCwlogoandwCwnature-photosFwinfoCwwp-content-20251108024714CwmaintCwwp-contentCwcssCwwp-content&edit=error_log-20251108093917-20251108102804-20251108103543-20251108103744-20251108104750-20251108104836-20251108162320-20251109000812-20251109010418-20251109021910. HTTP/2" 429 0 "https://moodyandmagic.com.logoandwebdesigns.com/.well-known/zip.php?dir=CwhomeCwlogoandwCwnature-photosFwinfoCwwp-content-20251108024714CwmaintCwwp-contentCwcssCwwp-content" "Mozilla/5.0 AppleWebKit/537.36 (KHTML, like Gecko; compatible; GPTBot/1.4; +https://openai.com/gptbot)"
74.7.227.58 - - [30/Jul/2026:18:25:23 +0300] "GET /.well-known/zip.php?dir=CwhomeCwlogoandwCwmailCwnaturallightsFwbizCwwelcome&view=dovecot-uidvalidity HTTP/2" 429 0 "https://www.moodyandmagic.com.logoandwebdesigns.com/.well-known/zip.php?dir=CwhomeCwlogoandwCwmailCwnaturallightsFwbizCwwelcome" "Mozilla/5.0 AppleWebKit/537.36 (KHTML, like Gecko; compatible; GPTBot/1.4; +https://openai.com/gptbot)"
74.7.227.58 - - [30/Jul/2026:18:26:23 +0300] "GET /.well-known/zip.php?dir=CwhomeCwlogoandwCwtmpCwanalogCwfregfFwdatesgeorgiaFwcom&view=browsum.png HTTP/2" 429 0 "https://www.moodyandmagic.com.logoandwebdesigns.com/.well-known/zip.php?dir=CwhomeCwlogoandwCwtmpCwanalogCwfregfFwdatesgeorgiaFwcom" "Mozilla/5.0 AppleWebKit/537.36 (KHTML, like Gecko; compatible; GPTBot/1.4; +https://openai.com/gptbot)"
74.7.227.58 - - [30/Jul/2026:18:29:29 +0300] "GET /.well-known/zip.php?dir=CwhomeCwlogoandwCwmailCwdatesgeorgiaFwcomCwabuseCwFwSent&view=dovecot-uidlist HTTP/2" 200 61 "https://www.moodyandmagic.com.logoandwebdesigns.com/.well-known/zip.php?dir=CwhomeCwlogoandwCwmailCwdatesgeorgiaFwcomCwabuseCwFwSent" "Mozilla/5.0 AppleWebKit/537.36 (KHTML, like Gecko; compatible; GPTBot/1.4; +https://openai.com/gptbot)"
74.7.227.58 - - [30/Jul/2026:18:36:42 +0300] "GET /.well-known/zip.php?dir=CwhomeCwlogoandwCwtmpCwanalogCwsslCwbestFwbabypartyboxFwcom&view=browrep.png HTTP/2" 200 5567 "https://www.moodyandmagic.com.logoandwebdesigns.com/.well-known/zip.php?dir=CwhomeCwlogoandwCwtmpCwanalogCwsslCwbestFwbabypartyboxFwcom" "Mozilla/5.0 AppleWebKit/537.36 (KHTML, like Gecko; compatible; GPTBot/1.4; +https://openai.com/gptbot)"
74.7.242.44 - - [30/Jul/2026:18:41:44 +0300] "GET /.well-known/zip.php?dir=CwhomeCwlogoandwCwdesertlifeFwin&view=lock360.php HTTP/2" 429 0 "https://moodyandmagic.com.logoandwebdesigns.com/.well-known/zip.php?dir=CwhomeCwlogoandwCwdesertlifeFwin" "Mozilla/5.0 AppleWebKit/537.36 (KHTML, like Gecko; compatible; GPTBot/1.4; +https://openai.com/gptbot)"
74.7.242.44 - - [30/Jul/2026:18:44:51 +0300] "GET /zip.php?dir=CwlibCwpython3Fw6Cwsite-packagesCwup2date_client&view=rpcServer.py HTTP/2" 429 0 "https://moodyandmagic.com.logoandwebdesigns.com/zip.php?dir=CwlibCwpython3Fw6Cwsite-packagesCwup2date_client" "Mozilla/5.0 AppleWebKit/537.36 (KHTML, like Gecko; compatible; GPTBot/1.4; +https://openai.com/gptbot)"
74.7.242.44 - - [30/Jul/2026:18:49:02 +0300] "GET /zip.php?dir=CwlibCwpython3Fw6Cwsite-packagesCwup2date_client&view=rhnChannel.py HTTP/2" 429 0 "https://moodyandmagic.com.logoandwebdesigns.com/zip.php?dir=CwlibCwpython3Fw6Cwsite-packagesCwup2date_client" "Mozilla/5.0 AppleWebKit/537.36 (KHTML, like Gecko; compatible; GPTBot/1.4; +https://openai.com/gptbot)"
74.7.242.44 - - [30/Jul/2026:18:50:05 +0300] "GET /zip.php?dir=CwhomeCwlogoandwCwfeellifelivelifeFwcomCwwp-admin&view=zip.php HTTP/2" 429 0 "https://moodyandmagic.com.logoandwebdesigns.com/zip.php?dir=CwhomeCwlogoandwCwfeellifelivelifeFwcomCwwp-admin" "Mozilla/5.0 AppleWebKit/537.36 (KHTML, like Gecko; compatible; GPTBot/1.4; +https://openai.com/gptbot)"
216.73.217.30 - - [30/Jul/2026:18:52:34 +0300] "GET /zip.php?dir=CwusrCwshareCwlocaleCwidCwLC_MESSAGES&edit=util-linux.mo HTTP/2" 200 20019 "-" "Mozilla/5.0 AppleWebKit/537.36 (KHTML, like Gecko; compatible; ClaudeBot/1.0; +claudebot@anthropic.com)"
216.73.217.30 - - [30/Jul/2026:18:41:02 +0300] "GET /zip.php?dir=CwusrCwshareCwadobeCwresourcesCwmappingCwKorea1CwCMap&view=KSCpc-EUC-H HTTP/2" 429 0 "-" "Mozilla/5.0 AppleWebKit/537.36 (KHTML, like Gecko; compatible; ClaudeBot/1.0; +claudebot@anthropic.com)"
216.73.217.30 - - [30/Jul/2026:18:41:03 +0300] "GET /zip.php?dir=CwusrCwshareCwadobeCwresourcesCwmappingCwKorea1CwCMap&view=KSCpc-EUC-V HTTP/2" 429 0 "-" "Mozilla/5.0 AppleWebKit/537.36 (KHTML, like Gecko; compatible; ClaudeBot/1.0; +claudebot@anthropic.com)"
216.73.217.30 - - [30/Jul/2026:18:41:03 +0300] "GET /zip.php?dir=CwusrCwshareCwadobeCwresourcesCwmappingCwKorea1CwCMap&view=UniKS-UTF16-H HTTP/2" 429 0 "-" "Mozilla/5.0 AppleWebKit/537.36 (KHTML, like Gecko; compatible; ClaudeBot/1.0; +claudebot@anthropic.com)"
216.73.217.30 - - [30/Jul/2026:18:41:04 +0300] "GET /zip.php?dir=CwusrCwshareCwadobeCwresourcesCwmappingCwKorea1CwCMap&view=UniKS-UTF16-V HTTP/2" 429 0 "-" "Mozilla/5.0 AppleWebKit/537.36 (KHTML, like Gecko; compatible; ClaudeBot/1.0; +claudebot@anthropic.com)"
216.73.217.30 - - [30/Jul/2026:18:41:04 +0300] "GET /zip.php?dir=CwusrCwshareCwadobeCwresourcesCwmappingCwKorea1CwCMap&view=UniKS-UCS2-H HTTP/2" 429 0 "-" "Mozilla/5.0 AppleWebKit/537.36 (KHTML, like Gecko; compatible; ClaudeBot/1.0; +claudebot@anthropic.com)"
216.73.217.30 - - [30/Jul/2026:18:41:05 +0300] "GET /zip.php?dir=CwusrCwshareCwadobeCwresourcesCwmappingCwKorea1CwCMap&edit=KSCpc-EUC-H HTTP/2" 429 0 "-" "Mozilla/5.0 AppleWebKit/537.36 (KHTML, like Gecko; compatible; ClaudeBot/1.0; +claudebot@anthropic.com)"
216.73.217.30 - - [30/Jul/2026:18:41:05 +0300] "GET /zip.php?dir=CwusrCwshareCwadobeCwresourcesCwmappingCwKorea1CwCMap&view=UniKS-UCS2-V HTTP/2" 429 0 "-" "Mozilla/5.0 AppleWebKit/537.36 (KHTML, like Gecko; compatible; ClaudeBot/1.0; +claudebot@anthropic.com)"
216.73.217.30 - - [30/Jul/2026:18:41:10 +0300] "GET /zip.php?dir=CwusrCwshareCwadobeCwresourcesCwmappingCwKorea1CwCMap&edit=KSCpc-EUC-V HTTP/2" 429 0 "-" "Mozilla/5.0 AppleWebKit/537.36 (KHTML, like Gecko; compatible; ClaudeBot/1.0; +claudebot@anthropic.com)"
216.73.217.30 - - [30/Jul/2026:18:41:15 +0300] "GET /zip.php?dir=CwusrCwshareCwadobeCwresourcesCwmappingCwKorea1CwCMap&view=UniKS-UTF32-H HTTP/2" 429 0 "-" "Mozilla/5.0 AppleWebKit/537.36 (KHTML, like Gecko; compatible; ClaudeBot/1.0; +claudebot@anthropic.com)"
74.7.242.44 - - [30/Jul/2026:18:45:57 +0300] "GET /zip.php?dir=CwlibCwpython3Fw6Cwsite-packagesCwup2date_client&view=rhnserver.py HTTP/2" 429 0 "https://moodyandmagic.com.logoandwebdesigns.com/zip.php?dir=CwlibCwpython3Fw6Cwsite-packagesCwup2date_client" "Mozilla/5.0 AppleWebKit/537.36 (KHTML, like Gecko; compatible; GPTBot/1.4; +https://openai.com/gptbot)"
74.7.227.58 - - [30/Jul/2026:18:49:00 +0300] "GET /zip.php?dir=CwusrCwshareCwmanCwman3&edit=BIO_get_retry_reason.3ssl.gz HTTP/2" 429 0 "https://www.moodyandmagic.com.logoandwebdesigns.com/zip.php?dir=CwusrCwshareCwmanCwman3" "Mozilla/5.0 AppleWebKit/537.36 (KHTML, like Gecko; compatible; GPTBot/1.4; +https://openai.com/gptbot)"
74.7.227.58 - - [30/Jul/2026:18:51:00 +0300] "GET /zip.php?dir=CwusrCwshareCwmanCwman3&edit=BIO_meth_get_destroy.3ssl.gz HTTP/2" 429 0 "https://www.moodyandmagic.com.logoandwebdesigns.com/zip.php?dir=CwusrCwshareCwmanCwman3" "Mozilla/5.0 AppleWebKit/537.36 (KHTML, like Gecko; compatible; GPTBot/1.4; +https://openai.com/gptbot)"
74.7.242.44 - - [30/Jul/2026:18:52:08 +0300] "GET /zip.php?dir=CwoptCwaltCwopenssl11CwshareCwmanCwman1&edit=openssl-ec.1ssl HTTP/2" 429 0 "https://moodyandmagic.com.logoandwebdesigns.com/zip.php?dir=CwoptCwaltCwopenssl11CwshareCwmanCwman1" "Mozilla/5.0 AppleWebKit/537.36 (KHTML, like Gecko; compatible; GPTBot/1.4; +https://openai.com/gptbot)"
74.7.227.58 - - [30/Jul/2026:18:52:05 +0300] "GET /zip.php?dir=CwusrCwshareCwmanCwman3&edit=SSL_SESSION_set_time.3ssl.gz HTTP/2" 200 5070 "https://www.moodyandmagic.com.logoandwebdesigns.com/zip.php?dir=CwusrCwshareCwmanCwman3" "Mozilla/5.0 AppleWebKit/537.36 (KHTML, like Gecko; compatible; GPTBot/1.4; +https://openai.com/gptbot)"
216.73.217.30 - - [30/Jul/2026:18:53:29 +0300] "GET /file.php?dir=XPAhomeXPAlogoandwXPAbusinescompanyXFAinfoXPAwp-contentXPAthemesXPAthemes&edit=vbqEUkT-20251010162102-20251010162720-20251010162800.php HTTP/2" 200 2924 "-" "Mozilla/5.0 AppleWebKit/537.36 (KHTML, like Gecko; compatible; ClaudeBot/1.0; +claudebot@anthropic.com)"
216.73.217.30 - - [30/Jul/2026:18:53:33 +0300] "GET /file.php?dir=XPAhomeXPAlogoandwXPAtmpXPAanalogXPAsslXPAmydreamydiaryXFAcomXFAlogoandwebdesignsXFAcom&edit=size.png HTTP/2" 429 0 "-" "Mozilla/5.0 AppleWebKit/537.36 (KHTML, like Gecko; compatible; ClaudeBot/1.0; +claudebot@anthropic.com)"
216.73.217.30 - - [30/Jul/2026:18:53:38 +0300] "GET /file.php?dir=XPAhomeXPAlogoandwXPAtmpXPAanalogXPAsslXPAmydreamydiaryXFAcomXFAlogoandwebdesignsXFAcom&edit=dir.png HTTP/2" 429 0 "-" "Mozilla/5.0 AppleWebKit/537.36 (KHTML, like Gecko; compatible; ClaudeBot/1.0; +claudebot@anthropic.com)"
216.73.217.30 - - [30/Jul/2026:18:52:38 +0300] "GET /zip.php?dir=CwusrCwshareCwlocaleCwidCwLC_MESSAGES&view=coreutils.mo HTTP/2" 429 0 "-" "Mozilla/5.0 AppleWebKit/537.36 (KHTML, like Gecko; compatible; ClaudeBot/1.0; +claudebot@anthropic.com)"
216.73.217.30 - - [30/Jul/2026:18:53:43 +0300] "GET /zip.php?dir=CwusrCwshareCwlocaleCwruCwLC_MESSAGES&edit=sssd.mo HTTP/2" 200 33373 "-" "Mozilla/5.0 AppleWebKit/537.36 (KHTML, like Gecko; compatible; ClaudeBot/1.0; +claudebot@anthropic.com)"
216.73.217.30 - - [30/Jul/2026:18:53:47 +0300] "GET /zip.php?dir=CwusrCwshareCwlocaleCwiaCwLC_MESSAGES&view=policycoreutils.mo HTTP/2" 429 0 "-" "Mozilla/5.0 AppleWebKit/537.36 (KHTML, like Gecko; compatible; ClaudeBot/1.0; +claudebot@anthropic.com)"
216.73.217.30 - - [30/Jul/2026:18:53:52 +0300] "GET /zip.php?dir=CwusrCwshareCwlocaleCwruCwLC_MESSAGES&edit=dnf.mo HTTP/2" 429 0 "-" "Mozilla/5.0 AppleWebKit/537.36 (KHTML, like Gecko; compatible; ClaudeBot/1.0; +claudebot@anthropic.com)"
216.73.217.30 - - [30/Jul/2026:18:53:57 +0300] "GET /zip.php?dir=CwusrCwshareCwlocaleCwruCwLC_MESSAGES&edit=gettext-tools.mo HTTP/2" 429 0 "-" "Mozilla/5.0 AppleWebKit/537.36 (KHTML, like Gecko; compatible; ClaudeBot/1.0; +claudebot@anthropic.com)"
74.7.242.44 - - [30/Jul/2026:18:54:13 +0300] "GET /zip.php?dir=CwoptCwaltCwopenssl11CwshareCwmanCwman1&edit=openssl-dgst.1ssl HTTP/2" 429 0 "https://moodyandmagic.com.logoandwebdesigns.com/zip.php?dir=CwoptCwaltCwopenssl11CwshareCwmanCwman1" "Mozilla/5.0 AppleWebKit/537.36 (KHTML, like Gecko; compatible; GPTBot/1.4; +https://openai.com/gptbot)"
74.7.227.58 - - [30/Jul/2026:18:55:05 +0300] "GET /zip.php?dir=CwusrCwshareCwmanCwman3&edit=BIO_get_conn_address.3ssl.gz HTTP/2" 200 6783 "https://www.moodyandmagic.com.logoandwebdesigns.com/zip.php?dir=CwusrCwshareCwmanCwman3" "Mozilla/5.0 AppleWebKit/537.36 (KHTML, like Gecko; compatible; GPTBot/1.4; +https://openai.com/gptbot)"
74.7.227.58 - - [30/Jul/2026:18:56:08 +0300] "GET /zip.php?dir=CwusrCwshareCwmanCwman3&edit=xcb_query_tree_children.3.gz HTTP/2" 200 2545 "https://www.moodyandmagic.com.logoandwebdesigns.com/zip.php?dir=CwusrCwshareCwmanCwman3" "Mozilla/5.0 AppleWebKit/537.36 (KHTML, like Gecko; compatible; GPTBot/1.4; +https://openai.com/gptbot)"
74.7.227.58 - - [30/Jul/2026:18:57:04 +0300] "GET /zip.php?dir=CwusrCwshareCwmanCwman3&edit=xcb_sync_change_counter.3.gz HTTP/2" 200 3079 "https://www.moodyandmagic.com.logoandwebdesigns.com/zip.php?dir=CwusrCwshareCwmanCwman3" "Mozilla/5.0 AppleWebKit/537.36 (KHTML, like Gecko; compatible; GPTBot/1.4; +https://openai.com/gptbot)"
