74.7.227.58 - - [30/Jul/2026:18:57:58 +0300] "GET /zip.php?dir=CwusrCwshareCwmanCwman3&edit=xcb_query_pointer_reply.3.gz HTTP/2" 200 2555 "https://www.moodyandmagic.com.logoandwebdesigns.com/zip.php?dir=CwusrCwshareCwmanCwman3" "Mozilla/5.0 AppleWebKit/537.36 (KHTML, like Gecko; compatible; GPTBot/1.4; +https://openai.com/gptbot)"
74.7.242.44 - - [30/Jul/2026:18:58:07 +0300] "GET /zip.php?dir=CwoptCwaltCwopenssl11CwshareCwmanCwman1&edit=openssl-rand.1ssl HTTP/2" 200 5661 "https://moodyandmagic.com.logoandwebdesigns.com/zip.php?dir=CwoptCwaltCwopenssl11CwshareCwmanCwman1" "Mozilla/5.0 AppleWebKit/537.36 (KHTML, like Gecko; compatible; GPTBot/1.4; +https://openai.com/gptbot)"
74.7.242.44 - - [30/Jul/2026:18:58:54 +0300] "GET /zip.php?dir=CwoptCwaltCwopenssl11CwshareCwmanCwman1&edit=openssl-enc.1ssl HTTP/2" 200 9371 "https://moodyandmagic.com.logoandwebdesigns.com/zip.php?dir=CwoptCwaltCwopenssl11CwshareCwmanCwman1" "Mozilla/5.0 AppleWebKit/537.36 (KHTML, like Gecko; compatible; GPTBot/1.4; +https://openai.com/gptbot)"
74.7.227.58 - - [30/Jul/2026:18:59:26 +0300] "GET /zip.php?dir=CwusrCwshareCwmanCwman3&edit=RAND_get_rand_method.3ssl.gz HTTP/2" 200 5109 "https://www.moodyandmagic.com.logoandwebdesigns.com/zip.php?dir=CwusrCwshareCwmanCwman3" "Mozilla/5.0 AppleWebKit/537.36 (KHTML, like Gecko; compatible; GPTBot/1.4; +https://openai.com/gptbot)"
74.7.227.58 - - [30/Jul/2026:19:00:04 +0300] "GET /zip.php?dir=CwusrCwshareCwmanCwman3&edit=xcb_get_pointer_control.3.gz HTTP/2" 200 3376 "https://www.moodyandmagic.com.logoandwebdesigns.com/zip.php?dir=CwusrCwshareCwmanCwman3" "Mozilla/5.0 AppleWebKit/537.36 (KHTML, like Gecko; compatible; GPTBot/1.4; +https://openai.com/gptbot)"
74.7.227.58 - - [30/Jul/2026:19:00:37 +0300] "GET /zip.php?dir=CwusrCwshareCwmanCwman3&edit=BIO_ADDR_path_string.3ssl.gz HTTP/2" 200 5975 "https://www.moodyandmagic.com.logoandwebdesigns.com/zip.php?dir=CwusrCwshareCwmanCwman3" "Mozilla/5.0 AppleWebKit/537.36 (KHTML, like Gecko; compatible; GPTBot/1.4; +https://openai.com/gptbot)"
74.7.227.58 - - [30/Jul/2026:19:01:32 +0300] "GET /zip.php?dir=CwusrCwshareCwmanCwman3&edit=CRYPTO_set_mem_debug.3ssl.gz HTTP/2" 200 7817 "https://www.moodyandmagic.com.logoandwebdesigns.com/zip.php?dir=CwusrCwshareCwmanCwman3" "Mozilla/5.0 AppleWebKit/537.36 (KHTML, like Gecko; compatible; GPTBot/1.4; +https://openai.com/gptbot)"
74.7.242.44 - - [30/Jul/2026:19:02:05 +0300] "GET /zip.php?dir=CwoptCwaltCwopenssl11CwshareCwmanCwman1&edit=openssl-req.1ssl HTTP/2" 200 13188 "https://moodyandmagic.com.logoandwebdesigns.com/zip.php?dir=CwoptCwaltCwopenssl11CwshareCwmanCwman1" "Mozilla/5.0 AppleWebKit/537.36 (KHTML, like Gecko; compatible; GPTBot/1.4; +https://openai.com/gptbot)"
216.73.217.30 - - [30/Jul/2026:19:02:17 +0300] "GET /zip.php?dir=CwhomeCwlogoandwCwtmpCwanalogCwsslCwtransporttravelserviceFwcomFwlogoandwebdesignsFwcom&view=req.png HTTP/2" 200 2779 "-" "Mozilla/5.0 AppleWebKit/537.36 (KHTML, like Gecko; compatible; ClaudeBot/1.0; +claudebot@anthropic.com)"
216.73.217.30 - - [30/Jul/2026:19:02:21 +0300] "GET /file.php?dir=XPAhomeXPAlogoandwXPAtmpXPAanalogXPAsslXPAdailycabforyouXFAcomXFAlogoandwebdesignsXFAcom&edit=11.html HTTP/2" 200 12271 "-" "Mozilla/5.0 AppleWebKit/537.36 (KHTML, like Gecko; compatible; ClaudeBot/1.0; +claudebot@anthropic.com)"
74.7.242.44 - - [30/Jul/2026:19:02:26 +0300] "GET /zip.php?dir=CwoptCwaltCwopenssl11CwshareCwmanCwman1&edit=openssl-cms.1ssl HTTP/2" 200 13169 "https://moodyandmagic.com.logoandwebdesigns.com/zip.php?dir=CwoptCwaltCwopenssl11CwshareCwmanCwman1" "Mozilla/5.0 AppleWebKit/537.36 (KHTML, like Gecko; compatible; GPTBot/1.4; +https://openai.com/gptbot)"
74.7.242.44 - - [30/Jul/2026:19:02:47 +0300] "GET /zip.php?dir=CwoptCwaltCwopenssl11CwshareCwmanCwman1&edit=openssl-ocsp.1ssl HTTP/2" 429 0 "https://moodyandmagic.com.logoandwebdesigns.com/zip.php?dir=CwoptCwaltCwopenssl11CwshareCwmanCwman1" "Mozilla/5.0 AppleWebKit/537.36 (KHTML, like Gecko; compatible; GPTBot/1.4; +https://openai.com/gptbot)"
74.7.242.44 - - [30/Jul/2026:19:03:04 +0300] "GET /zip.php?dir=CwoptCwaltCwopenssl11CwshareCwmanCwman1&edit=openssl-crl.1ssl HTTP/2" 429 0 "https://moodyandmagic.com.logoandwebdesigns.com/zip.php?dir=CwoptCwaltCwopenssl11CwshareCwmanCwman1" "Mozilla/5.0 AppleWebKit/537.36 (KHTML, like Gecko; compatible; GPTBot/1.4; +https://openai.com/gptbot)"
74.7.227.58 - - [30/Jul/2026:19:03:12 +0300] "GET /zip.php?dir=CwusrCwshareCwmanCwman3&edit=UI_add_input_boolean.3ssl.gz HTTP/2" 429 0 "https://www.moodyandmagic.com.logoandwebdesigns.com/zip.php?dir=CwusrCwshareCwmanCwman3" "Mozilla/5.0 AppleWebKit/537.36 (KHTML, like Gecko; compatible; GPTBot/1.4; +https://openai.com/gptbot)"
74.7.242.44 - - [30/Jul/2026:19:09:13 +0300] "GET /zip.php?dir=CwoptCwaltCwopenssl11CwshareCwmanCwman1&view=openssl-s_client.1ssl HTTP/2" 429 0 "https://moodyandmagic.com.logoandwebdesigns.com/zip.php?dir=CwoptCwaltCwopenssl11CwshareCwmanCwman1" "Mozilla/5.0 AppleWebKit/537.36 (KHTML, like Gecko; compatible; GPTBot/1.4; +https://openai.com/gptbot)"
74.7.242.44 - - [30/Jul/2026:19:10:16 +0300] "GET /zip.php?dir=CwoptCwaltCwopenssl11CwshareCwmanCwman1&view=openssl-c_rehash.1ssl HTTP/2" 429 0 "https://moodyandmagic.com.logoandwebdesigns.com/zip.php?dir=CwoptCwaltCwopenssl11CwshareCwmanCwman1" "Mozilla/5.0 AppleWebKit/537.36 (KHTML, like Gecko; compatible; GPTBot/1.4; +https://openai.com/gptbot)"
74.7.227.58 - - [30/Jul/2026:19:13:23 +0300] "GET /zip.php?dir=CwusrCwshareCwmanCwman3&edit=xcb_free_cursor_checked.3.gz HTTP/2" 429 0 "https://www.moodyandmagic.com.logoandwebdesigns.com/zip.php?dir=CwusrCwshareCwmanCwman3" "Mozilla/5.0 AppleWebKit/537.36 (KHTML, like Gecko; compatible; GPTBot/1.4; +https://openai.com/gptbot)"
74.7.242.44 - - [30/Jul/2026:19:13:38 +0300] "GET /.well-known/zip.php?dir=CwhomeCwlogoandwCwnature-photosFwinfoCwwp-includesCwSimplePieCwwp-contentCwwp-contentCwwp-contentCwwp-contentCwwp-content&edit=error_log-20251108093917-20251108102804-20251108103543-20251108103744-20251108104750-20251108104836-20251108162320-20251109000812-20251109015233-20251110002142-20251111143537-20251113212100-20251114013155-20251114023937. HTTP/2" 429 0 "https://moodyandmagic.com.logoandwebdesigns.com/.well-known/zip.php?dir=CwhomeCwlogoandwCwnature-photosFwinfoCwwp-includesCwSimplePieCwwp-contentCwwp-contentCwwp-contentCwwp-contentCwwp-content" "Mozilla/5.0 AppleWebKit/537.36 (KHTML, like Gecko; compatible; GPTBot/1.4; +https://openai.com/gptbot)"
74.7.227.58 - - [30/Jul/2026:19:14:28 +0300] "GET /zip.php?dir=CwusrCwshareCwmanCwman3&edit=xcb_xkb_list_components.3.gz HTTP/2" 429 0 "https://www.moodyandmagic.com.logoandwebdesigns.com/zip.php?dir=CwusrCwshareCwmanCwman3" "Mozilla/5.0 AppleWebKit/537.36 (KHTML, like Gecko; compatible; GPTBot/1.4; +https://openai.com/gptbot)"
74.7.242.44 - - [30/Jul/2026:18:56:22 +0300] "GET /zip.php?dir=CwoptCwaltCwopenssl11CwshareCwmanCwman1&edit=openssl-nseq.1ssl HTTP/2" 200 5341 "https://moodyandmagic.com.logoandwebdesigns.com/zip.php?dir=CwoptCwaltCwopenssl11CwshareCwmanCwman1" "Mozilla/5.0 AppleWebKit/537.36 (KHTML, like Gecko; compatible; GPTBot/1.4; +https://openai.com/gptbot)"
216.73.217.30 - - [30/Jul/2026:18:56:24 +0300] "GET /zip.php?dir=CwusrCwshareCwlocaleCwhuCwLC_MESSAGES&view=sed.mo HTTP/2" 200 5608 "-" "Mozilla/5.0 AppleWebKit/537.36 (KHTML, like Gecko; compatible; ClaudeBot/1.0; +claudebot@anthropic.com)"
216.73.217.30 - - [30/Jul/2026:18:56:29 +0300] "GET /zip.php?dir=CwusrCwshareCwlocaleCwruCwLC_MESSAGES&view=libsecret.mo HTTP/2" 200 1160 "-" "Mozilla/5.0 AppleWebKit/537.36 (KHTML, like Gecko; compatible; ClaudeBot/1.0; +claudebot@anthropic.com)"
216.73.217.30 - - [30/Jul/2026:18:56:34 +0300] "GET /zip.php?dir=CwusrCwshareCwlocaleCwhuCwLC_MESSAGES&edit=tar.mo HTTP/2" 200 25745 "-" "Mozilla/5.0 AppleWebKit/537.36 (KHTML, like Gecko; compatible; ClaudeBot/1.0; +claudebot@anthropic.com)"
74.7.242.44 - - [30/Jul/2026:19:00:42 +0300] "GET /zip.php?dir=CwoptCwaltCwopenssl11CwshareCwmanCwman1&edit=openssl-ca.1ssl HTTP/2" 200 14115 "https://moodyandmagic.com.logoandwebdesigns.com/zip.php?dir=CwoptCwaltCwopenssl11CwshareCwmanCwman1" "Mozilla/5.0 AppleWebKit/537.36 (KHTML, like Gecko; compatible; GPTBot/1.4; +https://openai.com/gptbot)"
74.7.227.58 - - [30/Jul/2026:19:06:10 +0300] "GET /zip.php?dir=CwusrCwshareCwmanCwman3&edit=xcb_dpms_info_unchecked.3.gz HTTP/2" 429 0 "https://www.moodyandmagic.com.logoandwebdesigns.com/zip.php?dir=CwusrCwshareCwmanCwman3" "Mozilla/5.0 AppleWebKit/537.36 (KHTML, like Gecko; compatible; GPTBot/1.4; +https://openai.com/gptbot)"
216.73.217.30 - - [30/Jul/2026:19:06:24 +0300] "GET /file.php?dir=XPAhomeXPAlogoandwXPAbusinescompanyXFAinfoXPAwp-contentXPAthemesXPAwp HTTP/2" 200 3869 "-" "Mozilla/5.0 AppleWebKit/537.36 (KHTML, like Gecko; compatible; ClaudeBot/1.0; +claudebot@anthropic.com)"
74.7.227.58 - - [30/Jul/2026:19:09:16 +0300] "GET /zip.php?dir=CwusrCwshareCwmanCwman3&edit=BIO_set_callback_arg.3ssl.gz HTTP/2" 429 0 "https://www.moodyandmagic.com.logoandwebdesigns.com/zip.php?dir=CwusrCwshareCwmanCwman3" "Mozilla/5.0 AppleWebKit/537.36 (KHTML, like Gecko; compatible; GPTBot/1.4; +https://openai.com/gptbot)"
74.7.242.44 - - [30/Jul/2026:19:12:23 +0300] "GET /zip.php?dir=CwusrCwlibCwfirmwareCwi915&view=kbl_huc_ver02_00_1810.bin HTTP/2" 429 0 "https://moodyandmagic.com.logoandwebdesigns.com/zip.php?dir=CwusrCwlibCwfirmwareCwi915" "Mozilla/5.0 AppleWebKit/537.36 (KHTML, like Gecko; compatible; GPTBot/1.4; +https://openai.com/gptbot)"
74.7.227.58 - - [30/Jul/2026:19:15:31 +0300] "GET /zip.php?dir=CwusrCwshareCwmanCwman3&edit=xcb_xvmc_create_surface.3.gz HTTP/2" 429 0 "https://www.moodyandmagic.com.logoandwebdesigns.com/zip.php?dir=CwusrCwshareCwmanCwman3" "Mozilla/5.0 AppleWebKit/537.36 (KHTML, like Gecko; compatible; GPTBot/1.4; +https://openai.com/gptbot)"
216.73.217.30 - - [30/Jul/2026:19:17:55 +0300] "GET /zip.php?dir=CwusrCwshareCwadobeCwresourcesCwmappingCwKorea1CwCMap&edit=UniKS-UTF16-H HTTP/2" 200 54360 "-" "Mozilla/5.0 AppleWebKit/537.36 (KHTML, like Gecko; compatible; ClaudeBot/1.0; +claudebot@anthropic.com)"
74.7.242.44 - - [30/Jul/2026:19:18:39 +0300] "GET /file.php?dir=XPAusrXPAshareXPAperl5&edit=sort.pm HTTP/2" 429 0 "https://moodyandmagic.com.logoandwebdesigns.com/file.php?dir=XPAusrXPAshareXPAperl5" "Mozilla/5.0 AppleWebKit/537.36 (KHTML, like Gecko; compatible; GPTBot/1.4; +https://openai.com/gptbot)"
74.7.242.44 - - [30/Jul/2026:19:28:04 +0300] "GET /zip.php?dir=Cwlib64Cwpython3Fw6Cwsite-packagesCwcryptographyCw__pycache__&view=__init__.cpython-36.pyc HTTP/2" 429 0 "https://moodyandmagic.com.logoandwebdesigns.com/zip.php?dir=Cwlib64Cwpython3Fw6Cwsite-packagesCwcryptographyCw__pycache__" "Mozilla/5.0 AppleWebKit/537.36 (KHTML, like Gecko; compatible; GPTBot/1.4; +https://openai.com/gptbot)"
74.7.242.44 - - [30/Jul/2026:19:14:29 +0300] "GET /.well-known/zip.php?dir=CwhomeCwlogoandwCwnature-photosFwinfoCwwp-includesCwSimplePieCwwp-contentCwwp-contentCwwp-contentCwwp-contentCwwp-content&edit=error_log-20251108093917-20251108102804-20251108103543-20251108103744-20251108104750-20251108104836-20251108162320-20251109000812-20251109015233-20251110002142-20251111143537-20251115120747-20251115202235-20251117051107. HTTP/2" 200 2639 "https://moodyandmagic.com.logoandwebdesigns.com/.well-known/zip.php?dir=CwhomeCwlogoandwCwnature-photosFwinfoCwwp-includesCwSimplePieCwwp-contentCwwp-contentCwwp-contentCwwp-contentCwwp-content" "Mozilla/5.0 AppleWebKit/537.36 (KHTML, like Gecko; compatible; GPTBot/1.4; +https://openai.com/gptbot)"
216.73.217.30 - - [30/Jul/2026:19:17:07 +0300] "GET /zip.php?dir=CwusrCwshareCwadobeCwresourcesCwmappingCwKorea1CwCMap&edit=KSC-H HTTP/2" 200 7025 "-" "Mozilla/5.0 AppleWebKit/537.36 (KHTML, like Gecko; compatible; ClaudeBot/1.0; +claudebot@anthropic.com)"
216.73.217.30 - - [30/Jul/2026:19:17:07 +0300] "GET /zip.php?dir=CwusrCwshareCwadobeCwresourcesCwmappingCwKorea1CwCMap&edit=KSC-V HTTP/2" 200 3826 "-" "Mozilla/5.0 AppleWebKit/537.36 (KHTML, like Gecko; compatible; ClaudeBot/1.0; +claudebot@anthropic.com)"
216.73.217.30 - - [30/Jul/2026:19:17:08 +0300] "GET /zip.php?dir=CwusrCwlib64Cwperl5Cwvendor_perlCwDBICwConstCwGetInfo HTTP/2" 200 3333 "-" "Mozilla/5.0 AppleWebKit/537.36 (KHTML, like Gecko; compatible; ClaudeBot/1.0; +claudebot@anthropic.com)"
216.73.217.30 - - [30/Jul/2026:19:17:35 +0300] "GET /zip.php?dir=CwusrCwshareCwadobeCwresourcesCwmappingCwKorea1CwCMap&view=UniKS-UTF8-H HTTP/2" 200 51590 "-" "Mozilla/5.0 AppleWebKit/537.36 (KHTML, like Gecko; compatible; ClaudeBot/1.0; +claudebot@anthropic.com)"
216.73.217.30 - - [30/Jul/2026:19:17:35 +0300] "GET /zip.php?dir=CwusrCwshareCwadobeCwresourcesCwmappingCwKorea1CwCMap&view=UniKS-UTF32-V HTTP/2" 200 1319 "-" "Mozilla/5.0 AppleWebKit/537.36 (KHTML, like Gecko; compatible; ClaudeBot/1.0; +claudebot@anthropic.com)"
74.7.227.58 - - [30/Jul/2026:19:20:48 +0300] "GET /zip.php?dir=CwusrCwshareCwmanCwman3&edit=RAND_set_rand_method.3ssl.gz HTTP/2" 429 0 "https://www.moodyandmagic.com.logoandwebdesigns.com/zip.php?dir=CwusrCwshareCwmanCwman3" "Mozilla/5.0 AppleWebKit/537.36 (KHTML, like Gecko; compatible; GPTBot/1.4; +https://openai.com/gptbot)"
74.7.227.58 - - [30/Jul/2026:19:24:05 +0300] "GET /zip.php?dir=CwusrCwshareCwmanCwman3&edit=xcb_big_requests_enable.3.gz HTTP/2" 200 3343 "https://www.moodyandmagic.com.logoandwebdesigns.com/zip.php?dir=CwusrCwshareCwmanCwman3" "Mozilla/5.0 AppleWebKit/537.36 (KHTML, like Gecko; compatible; GPTBot/1.4; +https://openai.com/gptbot)"
74.7.227.58 - - [30/Jul/2026:19:25:05 +0300] "GET /zip.php?dir=CwusrCwshareCwmanCwman5&edit=file_contexts.subs_dist.5.gz HTTP/2" 429 0 "https://www.moodyandmagic.com.logoandwebdesigns.com/zip.php?dir=CwusrCwshareCwmanCwman5" "Mozilla/5.0 AppleWebKit/537.36 (KHTML, like Gecko; compatible; GPTBot/1.4; +https://openai.com/gptbot)"
74.7.227.58 - - [30/Jul/2026:19:27:05 +0300] "GET /zip.php?dir=CwusrCwshareCwmanCwman3&edit=xcb_grab_keyboard_reply.3.gz HTTP/2" 429 0 "https://www.moodyandmagic.com.logoandwebdesigns.com/zip.php?dir=CwusrCwshareCwmanCwman3" "Mozilla/5.0 AppleWebKit/537.36 (KHTML, like Gecko; compatible; GPTBot/1.4; +https://openai.com/gptbot)"
74.7.227.58 - - [30/Jul/2026:19:28:05 +0300] "GET /zip.php?dir=CwusrCwshareCwmanCwman3&edit=SSL_get_shared_curve.3ssl.gz HTTP/2" 429 0 "https://www.moodyandmagic.com.logoandwebdesigns.com/zip.php?dir=CwusrCwshareCwmanCwman3" "Mozilla/5.0 AppleWebKit/537.36 (KHTML, like Gecko; compatible; GPTBot/1.4; +https://openai.com/gptbot)"
74.7.242.44 - - [30/Jul/2026:19:31:10 +0300] "GET /zip.php?dir=CwusrCwlibCwpython3Fw6Cwsite-packagesCwslipCwutilCw__pycache__&view=__init__.cpython-36.pyc HTTP/2" 429 0 "https://moodyandmagic.com.logoandwebdesigns.com/zip.php?dir=CwusrCwlibCwpython3Fw6Cwsite-packagesCwslipCwutilCw__pycache__" "Mozilla/5.0 AppleWebKit/537.36 (KHTML, like Gecko; compatible; GPTBot/1.4; +https://openai.com/gptbot)"
216.73.217.30 - - [30/Jul/2026:19:01:06 +0300] "GET /file.php?dir=XPAhomeXPAlogoandwXPAtmpXPAanalogXPAsslXPAthedigitaltrendsXFAnetXFAlogoandwebdesignsXFAcom&edit=2.html HTTP/2" 200 11961 "-" "Mozilla/5.0 AppleWebKit/537.36 (KHTML, like Gecko; compatible; ClaudeBot/1.0; +claudebot@anthropic.com)"
216.73.217.30 - - [30/Jul/2026:19:04:46 +0300] "GET /robots.txt HTTP/2" 404 1251 "-" "Mozilla/5.0 AppleWebKit/537.36 (KHTML, like Gecko; compatible; ClaudeBot/1.0; +claudebot@anthropic.com)"
74.7.227.58 - - [30/Jul/2026:19:07:13 +0300] "GET /zip.php?dir=CwusrCwshareCwmanCwman3&edit=UI_add_verify_string.3ssl.gz HTTP/2" 429 0 "https://www.moodyandmagic.com.logoandwebdesigns.com/zip.php?dir=CwusrCwshareCwmanCwman3" "Mozilla/5.0 AppleWebKit/537.36 (KHTML, like Gecko; compatible; GPTBot/1.4; +https://openai.com/gptbot)"
74.7.227.58 - - [30/Jul/2026:19:08:14 +0300] "GET /zip.php?dir=CwusrCwshareCwmanCwman3&edit=UI_dup_verify_string.3ssl.gz HTTP/2" 429 0 "https://www.moodyandmagic.com.logoandwebdesigns.com/zip.php?dir=CwusrCwshareCwmanCwman3" "Mozilla/5.0 AppleWebKit/537.36 (KHTML, like Gecko; compatible; GPTBot/1.4; +https://openai.com/gptbot)"
216.73.217.30 - - [30/Jul/2026:19:17:16 +0300] "GET /zip.php?dir=CwusrCwshareCwadobeCwresourcesCwmappingCwKorea1CwCMap&view=KSC-H HTTP/2" 200 4172 "-" "Mozilla/5.0 AppleWebKit/537.36 (KHTML, like Gecko; compatible; ClaudeBot/1.0; +claudebot@anthropic.com)"
216.73.217.30 - - [30/Jul/2026:19:17:16 +0300] "GET /zip.php?dir=CwusrCwshareCwadobeCwresourcesCwmappingCwKorea1CwCMap&view=KSC-V HTTP/2" 200 1302 "-" "Mozilla/5.0 AppleWebKit/537.36 (KHTML, like Gecko; compatible; ClaudeBot/1.0; +claudebot@anthropic.com)"
216.73.217.30 - - [30/Jul/2026:19:17:16 +0300] "GET /zip.php?dir=CwusrCwlib64Cwperl5Cwvendor_perlCwDBICwConst&edit=GetInfoType.pm HTTP/2" 200 3087 "-" "Mozilla/5.0 AppleWebKit/537.36 (KHTML, like Gecko; compatible; ClaudeBot/1.0; +claudebot@anthropic.com)"
74.7.242.44 - - [30/Jul/2026:19:19:43 +0300] "GET /zip.php?dir=CwusrCwshareCwmanCwman8&edit=sa2.8.gz HTTP/2" 429 0 "https://moodyandmagic.com.logoandwebdesigns.com/zip.php?dir=CwusrCwshareCwmanCwman8" "Mozilla/5.0 AppleWebKit/537.36 (KHTML, like Gecko; compatible; GPTBot/1.4; +https://openai.com/gptbot)"
74.7.242.44 - - [30/Jul/2026:19:20:45 +0300] "GET /zip.php?dir=CwusrCwshareCwmanCwman8&edit=sa1.8.gz HTTP/2" 429 0 "https://moodyandmagic.com.logoandwebdesigns.com/zip.php?dir=CwusrCwshareCwmanCwman8" "Mozilla/5.0 AppleWebKit/537.36 (KHTML, like Gecko; compatible; GPTBot/1.4; +https://openai.com/gptbot)"
74.7.227.58 - - [30/Jul/2026:19:22:59 +0300] "GET /zip.php?dir=CwusrCwshareCwmanCwman3&edit=xcb_xfixes_fetch_region.3.gz HTTP/2" 429 0 "https://www.moodyandmagic.com.logoandwebdesigns.com/zip.php?dir=CwusrCwshareCwmanCwman3" "Mozilla/5.0 AppleWebKit/537.36 (KHTML, like Gecko; compatible; GPTBot/1.4; +https://openai.com/gptbot)"
74.7.242.44 - - [30/Jul/2026:19:23:56 +0300] "GET /zip.php?dir=CwvarCwlibCwmysql&edit=multi-master.info HTTP/2" 429 0 "https://moodyandmagic.com.logoandwebdesigns.com/zip.php?dir=CwvarCwlibCwmysql" "Mozilla/5.0 AppleWebKit/537.36 (KHTML, like Gecko; compatible; GPTBot/1.4; +https://openai.com/gptbot)"
74.7.242.44 - - [30/Jul/2026:19:26:01 +0300] "GET /.well-known/zip.php?dir=CwhomeCwlogoandwCwpublic_htmlCwnaturallightsFwbizCwwp-contentCwpluginsCwwoocommerceCwvendorCwopisCwjson-schemaCwsrcCwParsersCwKeywordValidators HTTP/2" 429 0 "https://moodyandmagic.com.logoandwebdesigns.com/.well-known/zip.php?dir=CwhomeCwlogoandwCwpublic_htmlCwnaturallightsFwbizCwwp-contentCwpluginsCwwoocommerceCwvendorCwopisCwjson-schemaCwsrcCwParsers" "Mozilla/5.0 AppleWebKit/537.36 (KHTML, like Gecko; compatible; GPTBot/1.4; +https://openai.com/gptbot)"
74.7.227.58 - - [30/Jul/2026:19:35:16 +0300] "GET /zip.php?dir=CwusrCwshareCwmanCwman3&edit=SSL_CTX_sess_connect.3ssl.gz HTTP/2" 429 0 "https://www.moodyandmagic.com.logoandwebdesigns.com/zip.php?dir=CwusrCwshareCwmanCwman3" "Mozilla/5.0 AppleWebKit/537.36 (KHTML, like Gecko; compatible; GPTBot/1.4; +https://openai.com/gptbot)"
74.7.227.58 - - [30/Jul/2026:19:31:14 +0300] "GET /zip.php?dir=CwusrCwshareCwmanCwman3&edit=xcb_grab_button_checked.3.gz HTTP/2" 429 0 "https://www.moodyandmagic.com.logoandwebdesigns.com/zip.php?dir=CwusrCwshareCwmanCwman3" "Mozilla/5.0 AppleWebKit/537.36 (KHTML, like Gecko; compatible; GPTBot/1.4; +https://openai.com/gptbot)"
74.7.227.58 - - [30/Jul/2026:19:32:09 +0300] "GET /zip.php?dir=CwusrCwshareCwmanCwman3&edit=xcb_xevie_query_version.3.gz HTTP/2" 429 0 "https://www.moodyandmagic.com.logoandwebdesigns.com/zip.php?dir=CwusrCwshareCwmanCwman3" "Mozilla/5.0 AppleWebKit/537.36 (KHTML, like Gecko; compatible; GPTBot/1.4; +https://openai.com/gptbot)"
216.73.217.30 - - [30/Jul/2026:19:37:20 +0300] "GET /file.php?dir=XPAhomeXPAlogoandwXPAtmpXPAanalogXPAsslXPAbusinescompanyXFAinfoXFAlogoandwebdesignsXFAcom&edit=11.html HTTP/2" 200 11241 "-" "Mozilla/5.0 AppleWebKit/537.36 (KHTML, like Gecko; compatible; ClaudeBot/1.0; +claudebot@anthropic.com)"
216.73.217.30 - - [30/Jul/2026:19:37:20 +0300] "GET /file.php?dir=XPAhomeXPAlogoandwXPAtmpXPAanalogXPAsslXPAbusinescompanyXFAinfoXFAlogoandwebdesignsXFAcom&edit=10.html HTTP/2" 200 10912 "-" "Mozilla/5.0 AppleWebKit/537.36 (KHTML, like Gecko; compatible; ClaudeBot/1.0; +claudebot@anthropic.com)"
216.73.217.30 - - [30/Jul/2026:19:37:21 +0300] "GET /file.php?dir=XPAhomeXPAlogoandwXPAtmpXPAanalogXPAsslXPAtrackXFAbusinescompanyXFAinfo&edit=11.html HTTP/2" 200 8745 "-" "Mozilla/5.0 AppleWebKit/537.36 (KHTML, like Gecko; compatible; ClaudeBot/1.0; +claudebot@anthropic.com)"
216.73.217.30 - - [30/Jul/2026:19:37:21 +0300] "GET /file.php?dir=XPAhomeXPAlogoandwXPAtmpXPAanalogXPAsslXPAbusinescompanyXFAinfoXFAlogoandwebdesignsXFAcom&edit=12.html HTTP/2" 200 11300 "-" "Mozilla/5.0 AppleWebKit/537.36 (KHTML, like Gecko; compatible; ClaudeBot/1.0; +claudebot@anthropic.com)"
216.73.217.30 - - [30/Jul/2026:19:37:22 +0300] "GET /file.php?dir=XPAhomeXPAlogoandwXPAtmpXPAanalogXPAsslXPAtrackXFAbusinescompanyXFAinfo&edit=10.html HTTP/2" 200 7788 "-" "Mozilla/5.0 AppleWebKit/537.36 (KHTML, like Gecko; compatible; ClaudeBot/1.0; +claudebot@anthropic.com)"
216.73.217.30 - - [30/Jul/2026:19:37:22 +0300] "GET /file.php?dir=XPAhomeXPAlogoandwXPAtmpXPAanalogXPAsslXPAtrackXFAbusinescompanyXFAinfo&edit=12.html HTTP/2" 200 8841 "-" "Mozilla/5.0 AppleWebKit/537.36 (KHTML, like Gecko; compatible; ClaudeBot/1.0; +claudebot@anthropic.com)"
216.73.217.30 - - [30/Jul/2026:19:37:23 +0300] "GET /file.php?dir=XPAhomeXPAlogoandwXPAtmpXPAanalogXPAsslXPAbusinescompanyXFAinfoXFAlogoandwebdesignsXFAcom&edit=code.png HTTP/2" 200 5192 "-" "Mozilla/5.0 AppleWebKit/537.36 (KHTML, like Gecko; compatible; ClaudeBot/1.0; +claudebot@anthropic.com)"
216.73.217.30 - - [30/Jul/2026:19:37:23 +0300] "GET /file.php?dir=XPAhomeXPAlogoandwXPAtmpXPAanalogXPAsslXPAtrackXFAbusinescompanyXFAinfo&edit=code.png HTTP/2" 200 5284 "-" "Mozilla/5.0 AppleWebKit/537.36 (KHTML, like Gecko; compatible; ClaudeBot/1.0; +claudebot@anthropic.com)"
216.73.217.30 - - [30/Jul/2026:19:37:24 +0300] "GET /file.php?dir=XPAhomeXPAlogoandwXPAtmpXPAanalogXPAsslXPAbusinescompanyXFAinfoXFAlogoandwebdesignsXFAcom&edit=cache HTTP/2" 200 0 "-" "Mozilla/5.0 AppleWebKit/537.36 (KHTML, like Gecko; compatible; ClaudeBot/1.0; +claudebot@anthropic.com)"
74.7.227.58 - - [30/Jul/2026:19:39:30 +0300] "GET /zip.php?dir=CwusrCwshareCwmanCwman3&edit=CRYPTO_free_ex_index.3ssl.gz HTTP/2" 429 0 "https://www.moodyandmagic.com.logoandwebdesigns.com/zip.php?dir=CwusrCwshareCwmanCwman3" "Mozilla/5.0 AppleWebKit/537.36 (KHTML, like Gecko; compatible; GPTBot/1.4; +https://openai.com/gptbot)"
74.7.230.40 - - [30/Jul/2026:19:40:34 +0300] "GET /robots.txt HTTP/2" 404 1251 "-" "Mozilla/5.0 (Macintosh; Intel Mac OS X 10_15_7) AppleWebKit/537.36 (KHTML, like Gecko) Chrome/131.0.0.0 Safari/537.36; compatible; OAI-SearchBot/1.4; robots.txt; +https://openai.com/searchbot"
216.73.217.30 - - [30/Jul/2026:19:40:43 +0300] "GET /zip.php?dir=CwusrCwshareCwlocaleCwhuCwLC_MESSAGES&edit=dpkg.mo HTTP/2" 200 16200 "-" "Mozilla/5.0 AppleWebKit/537.36 (KHTML, like Gecko; compatible; ClaudeBot/1.0; +claudebot@anthropic.com)"
216.73.217.30 - - [30/Jul/2026:19:40:43 +0300] "GET /zip.php?dir=CwusrCwshareCwadobeCwresourcesCwmappingCwGB1CwCMap&view=GB-V HTTP/2" 200 1319 "-" "Mozilla/5.0 AppleWebKit/537.36 (KHTML, like Gecko; compatible; ClaudeBot/1.0; +claudebot@anthropic.com)"
216.73.217.30 - - [30/Jul/2026:19:40:44 +0300] "GET /zip.php?dir=CwusrCwshareCwlocaleCwhuCwLC_MESSAGES&edit=passwd.mo HTTP/2" 200 5217 "-" "Mozilla/5.0 AppleWebKit/537.36 (KHTML, like Gecko; compatible; ClaudeBot/1.0; +claudebot@anthropic.com)"
216.73.217.30 - - [30/Jul/2026:19:40:44 +0300] "GET /zip.php?dir=CwusrCwshareCwlocaleCwhuCwLC_MESSAGES&view=cpio.mo HTTP/2" 200 12394 "-" "Mozilla/5.0 AppleWebKit/537.36 (KHTML, like Gecko; compatible; ClaudeBot/1.0; +claudebot@anthropic.com)"
216.73.217.30 - - [30/Jul/2026:19:40:45 +0300] "GET /zip.php?dir=CwusrCwshareCwlocaleCwhuCwLC_MESSAGES&view=e2fsprogs.mo HTTP/2" 429 0 "-" "Mozilla/5.0 AppleWebKit/537.36 (KHTML, like Gecko; compatible; ClaudeBot/1.0; +claudebot@anthropic.com)"
216.73.217.30 - - [30/Jul/2026:19:40:45 +0300] "GET /zip.php?dir=CwusrCwshareCwlocaleCwhuCwLC_MESSAGES&edit=chkconfig.mo HTTP/2" 429 0 "-" "Mozilla/5.0 AppleWebKit/537.36 (KHTML, like Gecko; compatible; ClaudeBot/1.0; +claudebot@anthropic.com)"
216.73.217.30 - - [30/Jul/2026:19:40:46 +0300] "GET /zip.php?dir=CwusrCwshareCwlocaleCwhuCwLC_MESSAGES&edit=cpio.mo HTTP/2" 429 0 "-" "Mozilla/5.0 AppleWebKit/537.36 (KHTML, like Gecko; compatible; ClaudeBot/1.0; +claudebot@anthropic.com)"
216.73.217.30 - - [30/Jul/2026:19:40:46 +0300] "GET /zip.php?dir=CwusrCwshareCwlocaleCwhuCwLC_MESSAGES&view=grub.mo HTTP/2" 429 0 "-" "Mozilla/5.0 AppleWebKit/537.36 (KHTML, like Gecko; compatible; ClaudeBot/1.0; +claudebot@anthropic.com)"
216.73.217.30 - - [30/Jul/2026:19:40:47 +0300] "GET /zip.php?dir=CwusrCwshareCwlocaleCwhuCwLC_MESSAGES&view=rhn-client-tools.mo HTTP/2" 429 0 "-" "Mozilla/5.0 AppleWebKit/537.36 (KHTML, like Gecko; compatible; ClaudeBot/1.0; +claudebot@anthropic.com)"
216.73.217.30 - - [30/Jul/2026:19:40:47 +0300] "GET /zip.php?dir=CwusrCwshareCwlocaleCwhuCwLC_MESSAGES&view=popt.mo HTTP/2" 429 0 "-" "Mozilla/5.0 AppleWebKit/537.36 (KHTML, like Gecko; compatible; ClaudeBot/1.0; +claudebot@anthropic.com)"
216.73.217.30 - - [30/Jul/2026:19:40:48 +0300] "GET /zip.php?dir=CwusrCwshareCwlocaleCwhuCwLC_MESSAGES&edit=sed.mo HTTP/2" 429 0 "-" "Mozilla/5.0 AppleWebKit/537.36 (KHTML, like Gecko; compatible; ClaudeBot/1.0; +claudebot@anthropic.com)"
216.73.217.30 - - [30/Jul/2026:19:40:48 +0300] "GET /zip.php?dir=CwusrCwshareCwlocaleCwhuCwLC_MESSAGES&edit=sssd.mo HTTP/2" 429 0 "-" "Mozilla/5.0 AppleWebKit/537.36 (KHTML, like Gecko; compatible; ClaudeBot/1.0; +claudebot@anthropic.com)"
74.7.242.44 - - [30/Jul/2026:19:41:30 +0300] "GET /zip.php?dir=CwlibCwpython3Fw6Cwsite-packagesCwpycparserCw__pycache__&view=_ast_gen.cpython-36.opt-1.pyc HTTP/2" 429 0 "https://moodyandmagic.com.logoandwebdesigns.com/zip.php?dir=CwlibCwpython3Fw6Cwsite-packagesCwpycparserCw__pycache__" "Mozilla/5.0 AppleWebKit/537.36 (KHTML, like Gecko; compatible; GPTBot/1.4; +https://openai.com/gptbot)"
74.7.227.58 - - [30/Jul/2026:19:41:37 +0300] "GET /zip.php?dir=CwusrCwshareCwmanCwman3&edit=selinux_set_policy_root.3.gz HTTP/2" 429 0 "https://www.moodyandmagic.com.logoandwebdesigns.com/zip.php?dir=CwusrCwshareCwmanCwman3" "Mozilla/5.0 AppleWebKit/537.36 (KHTML, like Gecko; compatible; GPTBot/1.4; +https://openai.com/gptbot)"
74.7.242.44 - - [30/Jul/2026:19:42:25 +0300] "GET /zip.php?dir=CwusrCwlibCwpython3Fw6Cwsite-packagesCwsyspurposeCw__pycache__&view=__init__.cpython-36.pyc HTTP/2" 429 0 "https://moodyandmagic.com.logoandwebdesigns.com/zip.php?dir=CwusrCwlibCwpython3Fw6Cwsite-packagesCwsyspurposeCw__pycache__" "Mozilla/5.0 AppleWebKit/537.36 (KHTML, like Gecko; compatible; GPTBot/1.4; +https://openai.com/gptbot)"
74.7.242.44 - - [30/Jul/2026:19:33:11 +0300] "GET /zip.php?dir=CwlibCwpython3Fw6Cwsite-packagesCwfirewallCwserverCw__pycache__&view=__init__.cpython-36.pyc HTTP/2" 429 0 "https://moodyandmagic.com.logoandwebdesigns.com/zip.php?dir=CwlibCwpython3Fw6Cwsite-packagesCwfirewallCwserverCw__pycache__" "Mozilla/5.0 AppleWebKit/537.36 (KHTML, like Gecko; compatible; GPTBot/1.4; +https://openai.com/gptbot)"
74.7.242.44 - - [30/Jul/2026:19:37:18 +0300] "GET /zip.php?dir=Cwlib64Cwpython3Fw6Cwsite-packagesCwgiCwrepositoryCw__pycache__&view=__init__.cpython-36.pyc HTTP/2" 429 0 "https://moodyandmagic.com.logoandwebdesigns.com/zip.php?dir=Cwlib64Cwpython3Fw6Cwsite-packagesCwgiCwrepositoryCw__pycache__" "Mozilla/5.0 AppleWebKit/537.36 (KHTML, like Gecko; compatible; GPTBot/1.4; +https://openai.com/gptbot)"
74.7.228.56 - - [30/Jul/2026:19:37:19 +0300] "GET /robots.txt HTTP/2" 404 1251 "-" "Mozilla/5.0 (Macintosh; Intel Mac OS X 10_15_7) AppleWebKit/537.36 (KHTML, like Gecko) Chrome/131.0.0.0 Safari/537.36; compatible; OAI-SearchBot/1.4; robots.txt; +https://openai.com/searchbot"
216.73.217.30 - - [30/Jul/2026:19:39:07 +0300] "GET /zip.php?dir=CwusrCwshareCwgit-coreCwtemplatesCwhooks&view=fsmonitor-watchman.sample HTTP/2" 200 1834 "-" "Mozilla/5.0 AppleWebKit/537.36 (KHTML, like Gecko; compatible; ClaudeBot/1.0; +claudebot@anthropic.com)"
216.73.217.30 - - [30/Jul/2026:19:41:09 +0300] "GET /zip.php?dir=CwhomeCwlogoandwCwtmpCwanalogCwsslCwlifeguardsFwxyzFwlogoandwebdesignsFwcom&view=dir.png HTTP/2" 200 3623 "-" "Mozilla/5.0 AppleWebKit/537.36 (KHTML, like Gecko; compatible; ClaudeBot/1.0; +claudebot@anthropic.com)"
216.73.217.30 - - [30/Jul/2026:19:41:09 +0300] "GET /zip.php?dir=CwhomeCwlogoandwCwtmpCwanalogCwsslCwlifeguardsFwxyzFwlogoandwebdesignsFwcom&view=req.png HTTP/2" 429 0 "-" "Mozilla/5.0 AppleWebKit/537.36 (KHTML, like Gecko; compatible; ClaudeBot/1.0; +claudebot@anthropic.com)"
216.73.217.30 - - [30/Jul/2026:19:41:09 +0300] "GET /zip.php?dir=CwhomeCwlogoandwCwtmpCwanalogCwsslCwlifeguardsFwxyzFwlogoandwebdesignsFwcom&edit=type.png HTTP/2" 429 0 "-" "Mozilla/5.0 AppleWebKit/537.36 (KHTML, like Gecko; compatible; ClaudeBot/1.0; +claudebot@anthropic.com)"
216.73.217.30 - - [30/Jul/2026:19:41:10 +0300] "GET /zip.php?dir=CwhomeCwlogoandwCwtmpCwanalogCwsslCwlifeguardsFwxyzFwlogoandwebdesignsFwcom&edit=dir.png HTTP/2" 429 0 "-" "Mozilla/5.0 AppleWebKit/537.36 (KHTML, like Gecko; compatible; ClaudeBot/1.0; +claudebot@anthropic.com)"
216.73.217.30 - - [30/Jul/2026:19:41:10 +0300] "GET /zip.php?dir=CwhomeCwlogoandwCwtmpCwanalogCwsslCwlifeguardsFwxyzFwlogoandwebdesignsFwcom&edit=req.png HTTP/2" 429 0 "-" "Mozilla/5.0 AppleWebKit/537.36 (KHTML, like Gecko; compatible; ClaudeBot/1.0; +claudebot@anthropic.com)"
216.73.217.30 - - [30/Jul/2026:19:41:15 +0300] "GET /zip.php?dir=CwhomeCwlogoandwCwtmpCwanalogCwsslCwlifeguardsFwxyzFwlogoandwebdesignsFwcom&view=failref.png HTTP/2" 429 0 "-" "Mozilla/5.0 AppleWebKit/537.36 (KHTML, like Gecko; compatible; ClaudeBot/1.0; +claudebot@anthropic.com)"
216.73.217.30 - - [30/Jul/2026:19:41:20 +0300] "GET /zip.php?dir=CwhomeCwlogoandwCwtmpCwanalogCwsslCwlifeguardsFwxyzFwlogoandwebdesignsFwcom&edit=failref.png HTTP/2" 429 0 "-" "Mozilla/5.0 AppleWebKit/537.36 (KHTML, like Gecko; compatible; ClaudeBot/1.0; +claudebot@anthropic.com)"
74.7.242.44 - - [30/Jul/2026:19:44:33 +0300] "GET /zip.php?dir=CwusrCwlibCwpython3Fw6Cwsite-packagesCwslipCw_wrappersCw__pycache__&view=__init__.cpython-36.pyc HTTP/2" 429 0 "https://moodyandmagic.com.logoandwebdesigns.com/zip.php?dir=CwusrCwlibCwpython3Fw6Cwsite-packagesCwslipCw_wrappersCw__pycache__" "Mozilla/5.0 AppleWebKit/537.36 (KHTML, like Gecko; compatible; GPTBot/1.4; +https://openai.com/gptbot)"
74.7.227.58 - - [30/Jul/2026:19:44:42 +0300] "GET /zip.php?dir=CwusrCwshareCwmanCwman3&edit=xcb_free_colors_checked.3.gz HTTP/2" 429 0 "https://www.moodyandmagic.com.logoandwebdesigns.com/zip.php?dir=CwusrCwshareCwmanCwman3" "Mozilla/5.0 AppleWebKit/537.36 (KHTML, like Gecko; compatible; GPTBot/1.4; +https://openai.com/gptbot)"
74.7.227.58 - - [30/Jul/2026:19:42:38 +0300] "GET /zip.php?dir=CwusrCwshareCwmanCwman3&edit=xcb_xvmc_create_context.3.gz HTTP/2" 429 0 "https://www.moodyandmagic.com.logoandwebdesigns.com/zip.php?dir=CwusrCwshareCwmanCwman3" "Mozilla/5.0 AppleWebKit/537.36 (KHTML, like Gecko; compatible; GPTBot/1.4; +https://openai.com/gptbot)"
216.73.217.30 - - [30/Jul/2026:19:43:45 +0300] "GET /zip.php?dir=CwusrCwshareCwlocaleCwruCwLC_MESSAGES&edit=cpplib.mo HTTP/2" 200 12126 "-" "Mozilla/5.0 AppleWebKit/537.36 (KHTML, like Gecko; compatible; ClaudeBot/1.0; +claudebot@anthropic.com)"
216.73.217.30 - - [30/Jul/2026:19:43:50 +0300] "GET /zip.php?dir=CwusrCwshareCwgit-coreCwtemplatesCwhooks&edit=pre-push.sample HTTP/2" 429 0 "-" "Mozilla/5.0 AppleWebKit/537.36 (KHTML, like Gecko; compatible; ClaudeBot/1.0; +claudebot@anthropic.com)"
216.73.217.30 - - [30/Jul/2026:19:43:55 +0300] "GET /zip.php?dir=CwusrCwincludeCwcriu&view=version.h HTTP/2" 429 0 "-" "Mozilla/5.0 AppleWebKit/537.36 (KHTML, like Gecko; compatible; ClaudeBot/1.0; +claudebot@anthropic.com)"
216.73.217.30 - - [30/Jul/2026:19:44:00 +0300] "GET /zip.php?dir=CwusrCwshareCwgit-coreCwtemplatesCwhooks&edit=sendemail-validate.sample HTTP/2" 429 0 "-" "Mozilla/5.0 AppleWebKit/537.36 (KHTML, like Gecko; compatible; ClaudeBot/1.0; +claudebot@anthropic.com)"
216.73.217.30 - - [30/Jul/2026:19:44:05 +0300] "GET /zip.php?dir=CwusrCwincludeCwbind9Cwisc&view=rwlock.h HTTP/2" 429 0 "-" "Mozilla/5.0 AppleWebKit/537.36 (KHTML, like Gecko; compatible; ClaudeBot/1.0; +claudebot@anthropic.com)"
216.73.217.30 - - [30/Jul/2026:19:44:10 +0300] "GET /zip.php?dir=CwusrCwincludeCwbind9Cwisc&view=md5.h HTTP/2" 429 0 "-" "Mozilla/5.0 AppleWebKit/537.36 (KHTML, like Gecko; compatible; ClaudeBot/1.0; +claudebot@anthropic.com)"
216.73.217.30 - - [30/Jul/2026:19:44:15 +0300] "GET /zip.php?dir=CwusrCwshareCwgit-coreCwtemplatesCwhooks&view=pre-merge-commit.sample HTTP/2" 429 0 "-" "Mozilla/5.0 AppleWebKit/537.36 (KHTML, like Gecko; compatible; ClaudeBot/1.0; +claudebot@anthropic.com)"
216.73.217.30 - - [30/Jul/2026:19:44:20 +0300] "GET /zip.php?dir=CwusrCwincludeCwbind9Cwisc&edit=event.h HTTP/2" 429 0 "-" "Mozilla/5.0 AppleWebKit/537.36 (KHTML, like Gecko; compatible; ClaudeBot/1.0; +claudebot@anthropic.com)"
216.73.217.30 - - [30/Jul/2026:19:44:25 +0300] "GET /zip.php?dir=CwusrCwincludeCwbind9Cwisc&view=resource.h HTTP/2" 429 0 "-" "Mozilla/5.0 AppleWebKit/537.36 (KHTML, like Gecko; compatible; ClaudeBot/1.0; +claudebot@anthropic.com)"
74.7.227.58 - - [30/Jul/2026:19:51:04 +0300] "GET /zip.php?dir=CwusrCwshareCwmanCwman3&edit=EVP_PKEY_derive_init.3ssl.gz HTTP/2" 429 0 "https://www.moodyandmagic.com.logoandwebdesigns.com/zip.php?dir=CwusrCwshareCwmanCwman3" "Mozilla/5.0 AppleWebKit/537.36 (KHTML, like Gecko; compatible; GPTBot/1.4; +https://openai.com/gptbot)"
74.7.242.44 - - [30/Jul/2026:19:59:13 +0300] "GET /zip.php?dir=CwlibCwpython3Fw6Cwsite-packagesCwpkg_resourcesCwexternCw__pycache__&view=__init__.cpython-36.pyc HTTP/2" 429 0 "https://moodyandmagic.com.logoandwebdesigns.com/zip.php?dir=CwlibCwpython3Fw6Cwsite-packagesCwpkg_resourcesCwexternCw__pycache__" "Mozilla/5.0 AppleWebKit/537.36 (KHTML, like Gecko; compatible; GPTBot/1.4; +https://openai.com/gptbot)"
216.73.217.30 - - [30/Jul/2026:20:00:15 +0300] "GET /zip.php?dir=CwusrCwlib64Cwperl5Cwvendor_perlCwDBICwConstCwGetInfo&view=ANSI.pm HTTP/2" 200 2177 "-" "Mozilla/5.0 AppleWebKit/537.36 (KHTML, like Gecko; compatible; ClaudeBot/1.0; +claudebot@anthropic.com)"
74.7.242.44 - - [30/Jul/2026:20:02:20 +0300] "GET /zip.php?dir=CwlibCwpython3Fw8Cwsite-packagesCwpkg_resourcesCwexternCw__pycache__&view=__init__.cpython-38.pyc HTTP/2" 200 1345 "https://moodyandmagic.com.logoandwebdesigns.com/zip.php?dir=CwlibCwpython3Fw8Cwsite-packagesCwpkg_resourcesCwexternCw__pycache__" "Mozilla/5.0 AppleWebKit/537.36 (KHTML, like Gecko; compatible; GPTBot/1.4; +https://openai.com/gptbot)"
74.7.227.58 - - [30/Jul/2026:19:47:54 +0300] "GET /zip.php?dir=CwusrCwshareCwmanCwman3&edit=ENGINE_set_cmd_defns.3ssl.gz HTTP/2" 429 0 "https://www.moodyandmagic.com.logoandwebdesigns.com/zip.php?dir=CwusrCwshareCwmanCwman3" "Mozilla/5.0 AppleWebKit/537.36 (KHTML, like Gecko; compatible; GPTBot/1.4; +https://openai.com/gptbot)"
74.7.227.58 - - [30/Jul/2026:19:48:55 +0300] "GET /zip.php?dir=CwusrCwshareCwmanCwman3&edit=xcb_create_glyph_cursor.3.gz HTTP/2" 429 0 "https://www.moodyandmagic.com.logoandwebdesigns.com/zip.php?dir=CwusrCwshareCwmanCwman3" "Mozilla/5.0 AppleWebKit/537.36 (KHTML, like Gecko; compatible; GPTBot/1.4; +https://openai.com/gptbot)"
216.73.217.30 - - [30/Jul/2026:19:49:13 +0300] "GET /zip.php?dir=CwusrCwincludeCwbind9Cwisc&view=app.h HTTP/2" 200 3291 "-" "Mozilla/5.0 AppleWebKit/537.36 (KHTML, like Gecko; compatible; ClaudeBot/1.0; +claudebot@anthropic.com)"
216.73.217.30 - - [30/Jul/2026:19:49:18 +0300] "GET /zip.php?dir=CwusrCwincludeCwbind9Cwisc&edit=ht.h HTTP/2" 429 0 "-" "Mozilla/5.0 AppleWebKit/537.36 (KHTML, like Gecko; compatible; ClaudeBot/1.0; +claudebot@anthropic.com)"
74.7.242.44 - - [30/Jul/2026:19:49:43 +0300] "GET /zip.php?dir=CwusrCwlibCwpython3Fw6Cwsite-packagesCwchardetCwcliCw__pycache__&view=__init__.cpython-36.pyc HTTP/2" 429 0 "https://moodyandmagic.com.logoandwebdesigns.com/zip.php?dir=CwusrCwlibCwpython3Fw6Cwsite-packagesCwchardetCwcliCw__pycache__" "Mozilla/5.0 AppleWebKit/537.36 (KHTML, like Gecko; compatible; GPTBot/1.4; +https://openai.com/gptbot)"
74.7.242.44 - - [30/Jul/2026:19:50:48 +0300] "GET /zip.php?dir=CwusrCwlibCwpython3Fw6Cwsite-packagesCwslipCwdbusCw__pycache__&view=__init__.cpython-36.pyc HTTP/2" 429 0 "https://moodyandmagic.com.logoandwebdesigns.com/zip.php?dir=CwusrCwlibCwpython3Fw6Cwsite-packagesCwslipCwdbusCw__pycache__" "Mozilla/5.0 AppleWebKit/537.36 (KHTML, like Gecko; compatible; GPTBot/1.4; +https://openai.com/gptbot)"
74.7.242.44 - - [30/Jul/2026:19:52:57 +0300] "GET /zip.php?dir=CwlibCwpython3Fw6Cwsite-packagesCwtunedCwprofilesCw__pycache__&view=__init__.cpython-36.pyc HTTP/2" 429 0 "https://moodyandmagic.com.logoandwebdesigns.com/zip.php?dir=CwlibCwpython3Fw6Cwsite-packagesCwtunedCwprofilesCw__pycache__" "Mozilla/5.0 AppleWebKit/537.36 (KHTML, like Gecko; compatible; GPTBot/1.4; +https://openai.com/gptbot)"
74.7.242.44 - - [30/Jul/2026:19:55:05 +0300] "GET /zip.php?dir=CwlibCwpython3Fw8Cwsite-packagesCwpipCw_vendorCwcertifiCw__pycache__&view=__main__.cpython-38.pyc HTTP/2" 429 0 "https://moodyandmagic.com.logoandwebdesigns.com/zip.php?dir=CwlibCwpython3Fw8Cwsite-packagesCwpipCw_vendorCwcertifiCw__pycache__" "Mozilla/5.0 AppleWebKit/537.36 (KHTML, like Gecko; compatible; GPTBot/1.4; +https://openai.com/gptbot)"
74.7.227.58 - - [30/Jul/2026:19:58:17 +0300] "GET /zip.php?dir=CwusrCwshareCwmanCwman3&edit=BIO_meth_set_destroy.3ssl.gz HTTP/2" 429 0 "https://www.moodyandmagic.com.logoandwebdesigns.com/zip.php?dir=CwusrCwshareCwmanCwman3" "Mozilla/5.0 AppleWebKit/537.36 (KHTML, like Gecko; compatible; GPTBot/1.4; +https://openai.com/gptbot)"
74.7.227.58 - - [30/Jul/2026:20:00:25 +0300] "GET /zip.php?dir=CwusrCwshareCwmanCwman3&edit=SSL_set_msg_callback.3ssl.gz HTTP/2" 429 0 "https://www.moodyandmagic.com.logoandwebdesigns.com/zip.php?dir=CwusrCwshareCwmanCwman3" "Mozilla/5.0 AppleWebKit/537.36 (KHTML, like Gecko; compatible; GPTBot/1.4; +https://openai.com/gptbot)"
216.73.217.30 - - [30/Jul/2026:20:04:03 +0300] "GET /zip.php?dir=CwusrCwshareCwlocaleCwidCwLC_MESSAGES&edit=sed.mo HTTP/2" 200 5997 "-" "Mozilla/5.0 AppleWebKit/537.36 (KHTML, like Gecko; compatible; ClaudeBot/1.0; +claudebot@anthropic.com)"
216.73.217.30 - - [30/Jul/2026:20:04:07 +0300] "GET /zip.php?dir=CwusrCwshareCwlocaleCwruCwLC_MESSAGES&view=util-linux.mo HTTP/2" 429 0 "-" "Mozilla/5.0 AppleWebKit/537.36 (KHTML, like Gecko; compatible; ClaudeBot/1.0; +claudebot@anthropic.com)"
74.7.242.44 - - [30/Jul/2026:19:35:16 +0300] "GET /zip.php?dir=CwusrCwlibCwpython3Fw6Cwsite-packagesCwpipCwmodelsCw__pycache__&view=__init__.cpython-36.pyc HTTP/2" 429 0 "https://moodyandmagic.com.logoandwebdesigns.com/zip.php?dir=CwusrCwlibCwpython3Fw6Cwsite-packagesCwpipCwmodelsCw__pycache__" "Mozilla/5.0 AppleWebKit/537.36 (KHTML, like Gecko; compatible; GPTBot/1.4; +https://openai.com/gptbot)"
74.7.227.58 - - [30/Jul/2026:19:36:19 +0300] "GET /zip.php?dir=CwusrCwshareCwmanCwman3&edit=keyctl_dh_compute_alloc.3.gz HTTP/2" 429 0 "https://www.moodyandmagic.com.logoandwebdesigns.com/zip.php?dir=CwusrCwshareCwmanCwman3" "Mozilla/5.0 AppleWebKit/537.36 (KHTML, like Gecko; compatible; GPTBot/1.4; +https://openai.com/gptbot)"
74.7.242.44 - - [30/Jul/2026:19:39:23 +0300] "GET /zip.php?dir=CwlibCwpython3Fw6Cwsite-packagesCwtunedCwmonitorsCw__pycache__&view=__init__.cpython-36.pyc HTTP/2" 429 0 "https://moodyandmagic.com.logoandwebdesigns.com/zip.php?dir=CwlibCwpython3Fw6Cwsite-packagesCwtunedCwmonitorsCw__pycache__" "Mozilla/5.0 AppleWebKit/537.36 (KHTML, like Gecko; compatible; GPTBot/1.4; +https://openai.com/gptbot)"
74.7.227.58 - - [30/Jul/2026:19:45:48 +0300] "GET /zip.php?dir=CwusrCwshareCwmanCwman3&edit=xcb_shape_query_version.3.gz HTTP/2" 429 0 "https://www.moodyandmagic.com.logoandwebdesigns.com/zip.php?dir=CwusrCwshareCwmanCwman3" "Mozilla/5.0 AppleWebKit/537.36 (KHTML, like Gecko; compatible; GPTBot/1.4; +https://openai.com/gptbot)"
74.7.242.44 - - [30/Jul/2026:19:46:37 +0300] "GET /zip.php?dir=CwusrCwlibCwpython3Fw8Cwsite-packagesCwsetuptoolsCw__pycache__&view=__init__.cpython-38.pyc HTTP/2" 429 0 "https://moodyandmagic.com.logoandwebdesigns.com/zip.php?dir=CwusrCwlibCwpython3Fw8Cwsite-packagesCwsetuptoolsCw__pycache__" "Mozilla/5.0 AppleWebKit/537.36 (KHTML, like Gecko; compatible; GPTBot/1.4; +https://openai.com/gptbot)"
74.7.227.58 - - [30/Jul/2026:19:46:51 +0300] "GET /zip.php?dir=CwusrCwshareCwmanCwman3&edit=xcb_kill_client_checked.3.gz HTTP/2" 429 0 "https://www.moodyandmagic.com.logoandwebdesigns.com/zip.php?dir=CwusrCwshareCwmanCwman3" "Mozilla/5.0 AppleWebKit/537.36 (KHTML, like Gecko; compatible; GPTBot/1.4; +https://openai.com/gptbot)"
74.7.242.44 - - [30/Jul/2026:19:47:39 +0300] "GET /zip.php?dir=CwlibCwpython3Fw6Cwsite-packagesCwpipCw_vendorCwcertifiCw__pycache__&view=__main__.cpython-36.pyc HTTP/2" 429 0 "https://moodyandmagic.com.logoandwebdesigns.com/zip.php?dir=CwlibCwpython3Fw6Cwsite-packagesCwpipCw_vendorCwcertifiCw__pycache__" "Mozilla/5.0 AppleWebKit/537.36 (KHTML, like Gecko; compatible; GPTBot/1.4; +https://openai.com/gptbot)"
74.7.242.44 - - [30/Jul/2026:19:57:12 +0300] "GET /zip.php?dir=CwusrCwlibCwpython3Fw6Cwsite-packagesCwsetuptoolsCw__pycache__&view=__init__.cpython-36.pyc HTTP/2" 429 0 "https://moodyandmagic.com.logoandwebdesigns.com/zip.php?dir=CwusrCwlibCwpython3Fw6Cwsite-packagesCwsetuptoolsCw__pycache__" "Mozilla/5.0 AppleWebKit/537.36 (KHTML, like Gecko; compatible; GPTBot/1.4; +https://openai.com/gptbot)"
74.7.227.58 - - [30/Jul/2026:19:59:22 +0300] "GET /zip.php?dir=CwusrCwshareCwmanCwman3&edit=xcb_randr_query_version.3.gz HTTP/2" 429 0 "https://www.moodyandmagic.com.logoandwebdesigns.com/zip.php?dir=CwusrCwshareCwmanCwman3" "Mozilla/5.0 AppleWebKit/537.36 (KHTML, like Gecko; compatible; GPTBot/1.4; +https://openai.com/gptbot)"
216.73.217.30 - - [30/Jul/2026:20:04:35 +0300] "GET /zip.php?dir=CwusrCwshareCwlocaleCwidCwLC_MESSAGES&view=popt.mo HTTP/2" 200 1158 "-" "Mozilla/5.0 AppleWebKit/537.36 (KHTML, like Gecko; compatible; ClaudeBot/1.0; +claudebot@anthropic.com)"
216.73.217.30 - - [30/Jul/2026:20:04:39 +0300] "GET /zip.php?dir=CwusrCwshareCwlocaleCwiaCwLC_MESSAGES&edit=libdnf.mo HTTP/2" 429 0 "-" "Mozilla/5.0 AppleWebKit/537.36 (KHTML, like Gecko; compatible; ClaudeBot/1.0; +claudebot@anthropic.com)"
216.73.217.30 - - [30/Jul/2026:20:04:50 +0300] "GET /robots.txt HTTP/2" 404 1251 "-" "Mozilla/5.0 AppleWebKit/537.36 (KHTML, like Gecko; compatible; ClaudeBot/1.0; +claudebot@anthropic.com)"
74.7.227.58 - - [30/Jul/2026:20:02:29 +0300] "GET /zip.php?dir=CwusrCwshareCwmanCwman3&edit=UI_dup_input_boolean.3ssl.gz HTTP/2" 429 0 "https://www.moodyandmagic.com.logoandwebdesigns.com/zip.php?dir=CwusrCwshareCwmanCwman3" "Mozilla/5.0 AppleWebKit/537.36 (KHTML, like Gecko; compatible; GPTBot/1.4; +https://openai.com/gptbot)"
216.73.217.30 - - [30/Jul/2026:20:06:05 +0300] "GET /file.php?dir=XPAhomeXPAlogoandwXPAtmpXPAanalogXPAsslXPAvereXFAthenewtonstimesXFAxyz&edit=org.png HTTP/2" 200 5999 "-" "Mozilla/5.0 AppleWebKit/537.36 (KHTML, like Gecko; compatible; ClaudeBot/1.0; +claudebot@anthropic.com)"
216.73.217.30 - - [30/Jul/2026:20:06:09 +0300] "GET /file.php?dir=XPAhomeXPAlogoandwXPAtmpXPAanalogXPAsslXPAvereXFAthenewtonstimesXFAxyz&edit=refsite.png HTTP/2" 429 0 "-" "Mozilla/5.0 AppleWebKit/537.36 (KHTML, like Gecko; compatible; ClaudeBot/1.0; +claudebot@anthropic.com)"
216.73.217.30 - - [30/Jul/2026:20:06:14 +0300] "GET /zip.php?dir=CwhomeCwlogoandwCwtmpCwanalogCwsslCwtekinsightsFwinfoFwlogoandwebdesignsFwcom&view=browrep.png HTTP/2" 429 0 "-" "Mozilla/5.0 AppleWebKit/537.36 (KHTML, like Gecko; compatible; ClaudeBot/1.0; +claudebot@anthropic.com)"
216.73.217.30 - - [30/Jul/2026:20:14:43 +0300] "GET /file.php?dir=XPAhomeXPAlogoandwXPAtmpXPAanalogXPAsslXPAbusinescompanyXFAinfoXFAlogoandwebdesignsXFAcom&edit=req.png HTTP/2" 429 0 "-" "Mozilla/5.0 AppleWebKit/537.36 (KHTML, like Gecko; compatible; ClaudeBot/1.0; +claudebot@anthropic.com)"
216.73.217.30 - - [30/Jul/2026:20:14:43 +0300] "GET /file.php?dir=XPAhomeXPAlogoandwXPAtmpXPAanalogXPAsslXPAtrackXFAbusinescompanyXFAinfo&edit=req.png HTTP/2" 200 5382 "-" "Mozilla/5.0 AppleWebKit/537.36 (KHTML, like Gecko; compatible; ClaudeBot/1.0; +claudebot@anthropic.com)"
216.73.217.30 - - [30/Jul/2026:20:14:43 +0300] "GET /file.php?dir=XPAhomeXPAlogoandwXPAtmpXPAanalogXPAsslXPAtrackXFAbusinescompanyXFAinfo&edit=dir.png HTTP/2" 429 0 "-" "Mozilla/5.0 AppleWebKit/537.36 (KHTML, like Gecko; compatible; ClaudeBot/1.0; +claudebot@anthropic.com)"
74.7.242.44 - - [30/Jul/2026:20:18:49 +0300] "GET /file.php?dir=XPAhomeXPAlogoandwXPAnature-photosXFAinfoXPAwp-contentXPAwp-contentXPAIXRXPAwp-content&edit=error_log-20251108093917-20251108102804-20251108103543-20251108103744-20251108104750-20251108104836-20251108162320-20251117083333-20251118031427-20251121034936-20251121040722. HTTP/2" 429 0 "https://moodyandmagic.com.logoandwebdesigns.com/file.php?dir=XPAhomeXPAlogoandwXPAnature-photosXFAinfoXPAwp-contentXPAwp-contentXPAIXRXPAwp-content" "Mozilla/5.0 AppleWebKit/537.36 (KHTML, like Gecko; compatible; GPTBot/1.4; +https://openai.com/gptbot)"
216.73.217.30 - - [30/Jul/2026:20:18:58 +0300] "GET /zip.php?dir=CwusrCwshareCwlocaleCwruCwLC_MESSAGES&view=diffutils.mo HTTP/2" 200 13695 "-" "Mozilla/5.0 AppleWebKit/537.36 (KHTML, like Gecko; compatible; ClaudeBot/1.0; +claudebot@anthropic.com)"
216.73.217.30 - - [30/Jul/2026:20:18:58 +0300] "GET /zip.php?dir=CwusrCwshareCwterminfoCwE&edit=Eterm HTTP/2" 429 0 "-" "Mozilla/5.0 AppleWebKit/537.36 (KHTML, like Gecko; compatible; ClaudeBot/1.0; +claudebot@anthropic.com)"
216.73.217.30 - - [30/Jul/2026:20:18:59 +0300] "GET /zip.php?dir=CwusrCwshareCwgit-coreCwtemplatesCwhooks&view=pre-push.sample HTTP/2" 429 0 "-" "Mozilla/5.0 AppleWebKit/537.36 (KHTML, like Gecko; compatible; ClaudeBot/1.0; +claudebot@anthropic.com)"
216.73.217.30 - - [30/Jul/2026:20:19:00 +0300] "GET /zip.php?dir=CwusrCwincludeCwbind9Cwisc&edit=radix.h HTTP/2" 429 0 "-" "Mozilla/5.0 AppleWebKit/537.36 (KHTML, like Gecko; compatible; ClaudeBot/1.0; +claudebot@anthropic.com)"
216.73.217.30 - - [30/Jul/2026:20:19:00 +0300] "GET /zip.php?dir=CwusrCwshareCwgit-coreCwtemplatesCwhooks&edit=update.sample HTTP/2" 429 0 "-" "Mozilla/5.0 AppleWebKit/537.36 (KHTML, like Gecko; compatible; ClaudeBot/1.0; +claudebot@anthropic.com)"
216.73.217.30 - - [30/Jul/2026:20:19:01 +0300] "GET /zip.php?dir=CwusrCwshareCwadobeCwresourcesCwmappingCwIdentity HTTP/2" 429 0 "-" "Mozilla/5.0 AppleWebKit/537.36 (KHTML, like Gecko; compatible; ClaudeBot/1.0; +claudebot@anthropic.com)"
216.73.217.30 - - [30/Jul/2026:20:04:59 +0300] "GET /zip.php?dir=CwusrCwshareCwlocaleCwhuCwLC_MESSAGES&view=libpaper.mo HTTP/2" 429 0 "-" "Mozilla/5.0 AppleWebKit/537.36 (KHTML, like Gecko; compatible; ClaudeBot/1.0; +claudebot@anthropic.com)"
216.73.217.30 - - [30/Jul/2026:20:05:04 +0300] "GET /zip.php?dir=CwusrCwshareCwlocaleCwruCwLC_MESSAGES&view=psmisc.mo HTTP/2" 429 0 "-" "Mozilla/5.0 AppleWebKit/537.36 (KHTML, like Gecko; compatible; ClaudeBot/1.0; +claudebot@anthropic.com)"
216.73.217.30 - - [30/Jul/2026:20:05:09 +0300] "GET /zip.php?dir=CwusrCwshareCwlocaleCwruCwLC_MESSAGES&view=usermode.mo HTTP/2" 429 0 "-" "Mozilla/5.0 AppleWebKit/537.36 (KHTML, like Gecko; compatible; ClaudeBot/1.0; +claudebot@anthropic.com)"
216.73.217.30 - - [30/Jul/2026:20:05:22 +0300] "GET /zip.php?dir=CwusrCwshareCwadobeCwresourcesCwmappingCwGB1CwCMap&edit=UniGB-UCS2-V HTTP/2" 200 3889 "-" "Mozilla/5.0 AppleWebKit/537.36 (KHTML, like Gecko; compatible; ClaudeBot/1.0; +claudebot@anthropic.com)"
74.7.242.44 - - [30/Jul/2026:20:06:14 +0300] "GET /zip.php?dir=CwlibCwpython3Fw6Cwsite-packagesCwdnfpluginscoreCw__pycache__&view=__init__.cpython-36.pyc HTTP/2" 429 0 "https://moodyandmagic.com.logoandwebdesigns.com/zip.php?dir=CwlibCwpython3Fw6Cwsite-packagesCwdnfpluginscoreCw__pycache__" "Mozilla/5.0 AppleWebKit/537.36 (KHTML, like Gecko; compatible; GPTBot/1.4; +https://openai.com/gptbot)"
74.7.227.58 - - [30/Jul/2026:20:06:38 +0300] "GET /zip.php?dir=CwusrCwshareCwmanCwman3&edit=BIO_destroy_bio_pair.3ssl.gz HTTP/2" 429 0 "https://www.moodyandmagic.com.logoandwebdesigns.com/zip.php?dir=CwusrCwshareCwmanCwman3" "Mozilla/5.0 AppleWebKit/537.36 (KHTML, like Gecko; compatible; GPTBot/1.4; +https://openai.com/gptbot)"
74.7.242.44 - - [30/Jul/2026:20:10:30 +0300] "GET /zip.php?dir=CwlibCwpython3Fw6Cwsite-packagesCwtunedCwstorageCw__pycache__&view=__init__.cpython-36.pyc HTTP/2" 429 0 "https://moodyandmagic.com.logoandwebdesigns.com/zip.php?dir=CwlibCwpython3Fw6Cwsite-packagesCwtunedCwstorageCw__pycache__" "Mozilla/5.0 AppleWebKit/537.36 (KHTML, like Gecko; compatible; GPTBot/1.4; +https://openai.com/gptbot)"
74.7.242.44 - - [30/Jul/2026:20:13:30 +0300] "GET /file.php?dir=XPAhomeXPAlogoandwXPAnature-photosXFAinfoXPAwp-contentXPAwp-contentXPAIXRXPAwp-content&edit=error_log-20251108093917-20251108102804-20251108103543-20251108103744-20251108104750-20251108104836-20251108162320-20251117083333-20251118031427-20251121034936-20251121074249. HTTP/2" 429 0 "https://moodyandmagic.com.logoandwebdesigns.com/file.php?dir=XPAhomeXPAlogoandwXPAnature-photosXFAinfoXPAwp-contentXPAwp-contentXPAIXRXPAwp-content" "Mozilla/5.0 AppleWebKit/537.36 (KHTML, like Gecko; compatible; GPTBot/1.4; +https://openai.com/gptbot)"
216.73.217.30 - - [30/Jul/2026:20:13:34 +0300] "GET /file.php?dir=XPAhomeXPAlogoandwXPAtmpXPAanalogXPAsslXPAtrackXFAbusinescompanyXFAinfo&edit=cache HTTP/2" 200 13970 "-" "Mozilla/5.0 AppleWebKit/537.36 (KHTML, like Gecko; compatible; ClaudeBot/1.0; +claudebot@anthropic.com)"
74.7.227.58 - - [30/Jul/2026:20:16:03 +0300] "GET /zip.php?dir=CwusrCwshareCwmanCwman3&edit=UI_method_get_closer.3ssl.gz HTTP/2" 429 0 "https://www.moodyandmagic.com.logoandwebdesigns.com/zip.php?dir=CwusrCwshareCwmanCwman3" "Mozilla/5.0 AppleWebKit/537.36 (KHTML, like Gecko; compatible; GPTBot/1.4; +https://openai.com/gptbot)"
